{"id":22,"date":"2014-09-18T12:19:57","date_gmt":"2014-09-18T11:19:57","guid":{"rendered":"http:\/\/agora.xtec.cat\/escolaandersen\/?page_id=22"},"modified":"2023-08-01T14:02:33","modified_gmt":"2023-08-01T12:02:33","slug":"lescola","status":"publish","type":"page","link":"https:\/\/agora.xtec.cat\/escolaandersen\/lescola\/","title":{"rendered":"L&#8217;escola"},"content":{"rendered":"<p>La nostra escola \u00e9s un centre p\u00fablic d\u2019Educaci\u00f3 Infantil i Prim\u00e0ria que es manifesta com a catalana, laica, inclusiva i plural.<br \/>\nL\u2019Andersen vol ser una escola p\u00fablica de qualitat, innovadora, compensadora de desigualtats, amb un grau d\u2019autonomia que fomenti la participaci\u00f3 i la responsabilitat compartida.<br \/>\nEl nostre centre vol potenciar valors democr\u00e0tics importants com la solidaritat, la cooperaci\u00f3, l\u2019acceptaci\u00f3 dels altres, el di\u00e0leg, la capacitat de comunicaci\u00f3, l\u2019esperit cr\u00edtic i creatiu, l\u2019autoestima i la confian\u00e7a en les mateixes capacitats, l\u2019esfor\u00e7 personal, la defensa dels drets humans, i el fet de saber ser feli\u00e7 i gaudir de la vida.<\/p>\n","protected":false},"excerpt":{"rendered":"<p>La nostra escola \u00e9s un centre p\u00fablic d\u2019Educaci\u00f3 Infantil i Prim\u00e0ria que es manifesta com a catalana, laica, inclusiva i plural.<br \/>\nL\u2019Andersen vol ser una escola p\u00fablica de qualitat, innovadora, compensadora de desigualtats, amb un grau d\u2019autonomia que fomenti la participaci\u00f3 i la responsabilitat compartida.<br \/>\nEl nostre&hellip;  <a href=\"https:\/\/agora.xtec.cat\/escolaandersen\/lescola\/\" title=\"Read L&#8217;escola\">Llegeix m\u00e9s\u00bb<\/a><\/p>\n","protected":false},"author":1,"featured_media":0,"parent":0,"menu_order":0,"comment_status":"closed","ping_status":"closed","template":"page-templates\/side-menu.php","meta":{"_bbp_topic_count":0,"_bbp_reply_count":0,"_bbp_total_topic_count":0,"_bbp_total_reply_count":0,"_bbp_voice_count":0,"_bbp_anonymous_reply_count":0,"_bbp_topic_count_hidden":0,"_bbp_reply_count_hidden":0,"_bbp_forum_subforum_count":0,"footnotes":""},"class_list":["post-22","page","type-page","status-publish","hentry"],"post_mailing_queue_ids":[],"_links":{"self":[{"href":"https:\/\/agora.xtec.cat\/escolaandersen\/wp-json\/wp\/v2\/pages\/22","targetHints":{"allow":["GET"]}}],"collection":[{"href":"https:\/\/agora.xtec.cat\/escolaandersen\/wp-json\/wp\/v2\/pages"}],"about":[{"href":"https:\/\/agora.xtec.cat\/escolaandersen\/wp-json\/wp\/v2\/types\/page"}],"author":[{"embeddable":true,"href":"https:\/\/agora.xtec.cat\/escolaandersen\/wp-json\/wp\/v2\/users\/1"}],"replies":[{"embeddable":true,"href":"https:\/\/agora.xtec.cat\/escolaandersen\/wp-json\/wp\/v2\/comments?post=22"}],"version-history":[{"count":2,"href":"https:\/\/agora.xtec.cat\/escolaandersen\/wp-json\/wp\/v2\/pages\/22\/revisions"}],"predecessor-version":[{"id":626,"href":"https:\/\/agora.xtec.cat\/escolaandersen\/wp-json\/wp\/v2\/pages\/22\/revisions\/626"}],"wp:attachment":[{"href":"https:\/\/agora.xtec.cat\/escolaandersen\/wp-json\/wp\/v2\/media?parent=22"}],"curies":[{"name":"wp","href":"https:\/\/api.w.org\/{rel}","templated":true}]}}

<p>La nostra escola és un centre públic d’Educació Infantil i Primària que es manifesta com a catalana, laica, inclusiva i plural.<br />
L’Andersen vol ser una escola pública de qualitat, innovadora, compensadora de desigualtats, amb un grau d’autonomia que fomenti la participació i la responsabilitat compartida.<br />
El nostre centre vol potenciar valors democràtics importants com la solidaritat, la cooperació, l’acceptació dels altres, el diàleg, la capacitat de comunicació, l’esperit crític i creatiu, l’autoestima i la confiança en les mateixes capacitats, l’esforç personal, la defensa dels drets humans, i el fet de saber ser feliç i gaudir de la vida.</p>

<p>La nostra escola és un centre públic d’Educació Infantil i Primària que es manifesta com a catalana, laica, inclusiva i plural.<br />
L’Andersen vol ser una escola pública de qualitat, innovadora, compensadora de desigualtats, amb un grau d’autonomia que fomenti la participació i la responsabilitat compartida.<br />
El nostre&hellip;  <a href="https://agora.xtec.cat/escolaandersen/lescola/" title="Read L&#8217;escola">Llegeix més»</a></p>
