{"id":1598,"date":"2024-05-23T12:32:42","date_gmt":"2024-05-23T10:32:42","guid":{"rendered":"https:\/\/agora.xtec.cat\/escolaandersen\/?page_id=1598"},"modified":"2024-10-07T15:38:36","modified_gmt":"2024-10-07T13:38:36","slug":"pla-de-comunicacio","status":"publish","type":"page","link":"https:\/\/agora.xtec.cat\/escolaandersen\/documents-de-centre\/pla-de-comunicacio\/","title":{"rendered":"Pla de comunicaci\u00f3"},"content":{"rendered":"<p>L\u2019objectiu Pla de Comunicaci\u00f3 e\u0301s organitzar les comunicacions entre els membres de la nostra comunitat escolar, marcant els canals i accions a desenvolupar per generar una comunicaci\u00f3 eficient, aix\u00ed com tamb\u00e9, el de crear un clima escolar positiu que fomenti l\u2019aprenentatge i la comunicaci\u00f3 entre les diferents parts implicades en el proce\u0301s<br \/>\nd\u2019ensenyament-aprenentatge, generant una adient comunicaci\u00f3 que ens permeti difondre de manera exitosa la tasca de la nostra escola.<\/p>\n<p>Aquest document pret\u00e9n garantir que tothom que formi part o que estigui implicat en l\u2019escola Andersen, conegui quines s\u00f3n les l\u00ednies mestres a seguir i els objectius en l\u2019\u00e0mbit de la comunicaci\u00f3, aix\u00ed com les estrat\u00e8gies, recursos, canals i accions que s\u2019aniran realitzant.<\/p>\n<p>Cal esmentar que \u00e9s un document viu, ja que aquest reflecteix la realitat en qu\u00e8 vivim.<\/p>\n<p><iframe loading=\"lazy\" title=\"YouTube video player\" src=\"https:\/\/drive.google.com\/file\/d\/1ZwIK18Rl9R-REggEW63k1KBllL3Swoyf\/preview?usp=sharing\" width=\"760\" height=\"515\" frameborder=\"0\" allowfullscreen=\"allowfullscreen\"><span data-mce-type=\"bookmark\" style=\"display: inline-block; width: 0px; overflow: hidden; line-height: 0;\" class=\"mce_SELRES_start\">\ufeff<\/span><span data-mce-type=\"bookmark\" style=\"display: inline-block; width: 0px; overflow: hidden; line-height: 0;\" class=\"mce_SELRES_start\">\ufeff<\/span><span data-mce-type=\"bookmark\" style=\"display: inline-block; width: 0px; overflow: hidden; line-height: 0;\" class=\"mce_SELRES_start\">\ufeff<\/span><span data-mce-type=\"bookmark\" style=\"display: inline-block; width: 0px; overflow: hidden; line-height: 0;\" class=\"mce_SELRES_start\">\ufeff<\/span><span data-mce-type=\"bookmark\" style=\"display: inline-block; width: 0px; overflow: hidden; line-height: 0;\" class=\"mce_SELRES_start\">\ufeff<\/span><span data-mce-type=\"bookmark\" style=\"display: inline-block; width: 0px; overflow: hidden; line-height: 0;\" class=\"mce_SELRES_start\">\ufeff<\/span><\/iframe><\/p>\n","protected":false},"excerpt":{"rendered":"<p>L\u2019objectiu Pla de Comunicaci\u00f3 e\u0301s organitzar les comunicacions entre els membres de la nostra comunitat escolar, marcant els canals i accions a desenvolupar per generar una comunicaci\u00f3 eficient, aix\u00ed com tamb\u00e9, el de crear un clima escolar positiu que fomenti l\u2019aprenentatge i la comunicaci\u00f3 entre&hellip;  <a href=\"https:\/\/agora.xtec.cat\/escolaandersen\/documents-de-centre\/pla-de-comunicacio\/\" title=\"Read Pla de comunicaci\u00f3\">Llegeix m\u00e9s\u00bb<\/a><\/p>\n","protected":false},"author":4,"featured_media":0,"parent":544,"menu_order":0,"comment_status":"closed","ping_status":"closed","template":"","meta":{"_bbp_topic_count":0,"_bbp_reply_count":0,"_bbp_total_topic_count":0,"_bbp_total_reply_count":0,"_bbp_voice_count":0,"_bbp_anonymous_reply_count":0,"_bbp_topic_count_hidden":0,"_bbp_reply_count_hidden":0,"_bbp_forum_subforum_count":0,"footnotes":""},"class_list":["post-1598","page","type-page","status-publish","hentry"],"post_mailing_queue_ids":[],"_links":{"self":[{"href":"https:\/\/agora.xtec.cat\/escolaandersen\/wp-json\/wp\/v2\/pages\/1598","targetHints":{"allow":["GET"]}}],"collection":[{"href":"https:\/\/agora.xtec.cat\/escolaandersen\/wp-json\/wp\/v2\/pages"}],"about":[{"href":"https:\/\/agora.xtec.cat\/escolaandersen\/wp-json\/wp\/v2\/types\/page"}],"author":[{"embeddable":true,"href":"https:\/\/agora.xtec.cat\/escolaandersen\/wp-json\/wp\/v2\/users\/4"}],"replies":[{"embeddable":true,"href":"https:\/\/agora.xtec.cat\/escolaandersen\/wp-json\/wp\/v2\/comments?post=1598"}],"version-history":[{"count":6,"href":"https:\/\/agora.xtec.cat\/escolaandersen\/wp-json\/wp\/v2\/pages\/1598\/revisions"}],"predecessor-version":[{"id":1867,"href":"https:\/\/agora.xtec.cat\/escolaandersen\/wp-json\/wp\/v2\/pages\/1598\/revisions\/1867"}],"up":[{"embeddable":true,"href":"https:\/\/agora.xtec.cat\/escolaandersen\/wp-json\/wp\/v2\/pages\/544"}],"wp:attachment":[{"href":"https:\/\/agora.xtec.cat\/escolaandersen\/wp-json\/wp\/v2\/media?parent=1598"}],"curies":[{"name":"wp","href":"https:\/\/api.w.org\/{rel}","templated":true}]}}

Pla de comunicació

<p>L’objectiu Pla de Comunicació és organitzar les comunicacions entre els membres de la nostra comunitat escolar, marcant els canals i accions a desenvolupar per generar una comunicació eficient, així com també, el de crear un clima escolar positiu que fomenti l’aprenentatge i la comunicació entre les diferents parts implicades en el procés<br />
d’ensenyament-aprenentatge, generant una adient comunicació que ens permeti difondre de manera exitosa la tasca de la nostra escola.</p>
<p>Aquest document pretén garantir que tothom que formi part o que estigui implicat en l’escola Andersen, conegui quines són les línies mestres a seguir i els objectius en l’àmbit de la comunicació, així com les estratègies, recursos, canals i accions que s’aniran realitzant.</p>
<p>Cal esmentar que és un document viu, ja que aquest reflecteix la realitat en què vivim.</p>
<p><iframe loading="lazy" title="YouTube video player" src="https://drive.google.com/file/d/1ZwIK18Rl9R-REggEW63k1KBllL3Swoyf/preview?usp=sharing" width="760" height="515" frameborder="0" allowfullscreen="allowfullscreen"><span data-mce-type="bookmark" style="display: inline-block; width: 0px; overflow: hidden; line-height: 0;" class="mce_SELRES_start">﻿</span><span data-mce-type="bookmark" style="display: inline-block; width: 0px; overflow: hidden; line-height: 0;" class="mce_SELRES_start">﻿</span><span data-mce-type="bookmark" style="display: inline-block; width: 0px; overflow: hidden; line-height: 0;" class="mce_SELRES_start">﻿</span><span data-mce-type="bookmark" style="display: inline-block; width: 0px; overflow: hidden; line-height: 0;" class="mce_SELRES_start">﻿</span><span data-mce-type="bookmark" style="display: inline-block; width: 0px; overflow: hidden; line-height: 0;" class="mce_SELRES_start">﻿</span><span data-mce-type="bookmark" style="display: inline-block; width: 0px; overflow: hidden; line-height: 0;" class="mce_SELRES_start">﻿</span></iframe></p>

<p>L’objectiu Pla de Comunicació és organitzar les comunicacions entre els membres de la nostra comunitat escolar, marcant els canals i accions a desenvolupar per generar una comunicació eficient, així com també, el de crear un clima escolar positiu que fomenti l’aprenentatge i la comunicació entre&hellip;  <a href="https://agora.xtec.cat/escolaandersen/documents-de-centre/pla-de-comunicacio/" title="Read Pla de comunicació">Llegeix més»</a></p>
