{"id":1595,"date":"2024-05-23T12:27:52","date_gmt":"2024-05-23T10:27:52","guid":{"rendered":"https:\/\/agora.xtec.cat\/escolaandersen\/?page_id=1595"},"modified":"2024-10-11T09:13:59","modified_gmt":"2024-10-11T07:13:59","slug":"projecte-el-pati-que-volem","status":"publish","type":"page","link":"https:\/\/agora.xtec.cat\/escolaandersen\/projectes-i-plans-dinnovacio\/projecte-el-pati-que-volem\/","title":{"rendered":"Projecte &#8220;El Pati que volem&#8221;"},"content":{"rendered":"<p>El pati de l\u2019escola \u00e9s aquell espai on es produeixen processos educatius de forma espont\u00e0nia, on els infants es troben m\u00e9s lliures per a expressar-se i relacionar-se. Tant \u00e9s aix\u00ed, que el pati ofereix la possibilitat d\u2019estendre les branques del coneixement mitjan\u00e7ant elements que estimulin i provoquin l\u2019aprenentatge, alhora que fomenta el desenvolupament psicomotor i l\u2019enginy, de forma l\u00fadica i diversa.<br \/>\nLa comunitat educativa de l\u2019Andersen estem promovent un canvi en els espais exteriors de l\u2019escola, per tal de proporcionar als infants una major varietat de joc i relaci\u00f3.<\/p>\n<p>L&#8217;objectiu principal del projecte \u00e9s r<span style=\"font-family: inherit; font-size: 1em;\">eordenar el pati amb intencionalitat educativa, plantejant diverses tipologies de joc i aprenentatge.<\/span><\/p>\n<p><iframe loading=\"lazy\" title=\"YouTube video player\" src=\"https:\/\/drive.google.com\/file\/d\/1XMOV9_2QSNAtjDHOkpBwDurDEkKzDiwy\/preview?usp=sharing\" width=\"760\" height=\"515\" frameborder=\"0\" allowfullscreen=\"allowfullscreen\"><span data-mce-type=\"bookmark\" style=\"display: inline-block; width: 0px; overflow: hidden; line-height: 0;\" class=\"mce_SELRES_start\">\ufeff<\/span><span data-mce-type=\"bookmark\" style=\"display: inline-block; width: 0px; overflow: hidden; line-height: 0;\" class=\"mce_SELRES_start\">\ufeff<\/span><span data-mce-type=\"bookmark\" style=\"display: inline-block; width: 0px; overflow: hidden; line-height: 0;\" class=\"mce_SELRES_start\">\ufeff<\/span><span data-mce-type=\"bookmark\" style=\"display: inline-block; width: 0px; overflow: hidden; line-height: 0;\" class=\"mce_SELRES_start\">\ufeff<\/span><\/iframe><\/p>\n","protected":false},"excerpt":{"rendered":"<p>El pati de l\u2019escola \u00e9s aquell espai on es produeixen processos educatius de forma espont\u00e0nia, on els infants es troben m\u00e9s lliures per a expressar-se i relacionar-se. Tant \u00e9s aix\u00ed, que el pati ofereix la possibilitat d\u2019estendre les branques del coneixement mitjan\u00e7ant elements que estimulin&hellip;  <a href=\"https:\/\/agora.xtec.cat\/escolaandersen\/projectes-i-plans-dinnovacio\/projecte-el-pati-que-volem\/\" title=\"Read Projecte &#8220;El Pati que volem&#8221;\">Llegeix m\u00e9s\u00bb<\/a><\/p>\n","protected":false},"author":4,"featured_media":0,"parent":546,"menu_order":0,"comment_status":"closed","ping_status":"closed","template":"","meta":{"_bbp_topic_count":0,"_bbp_reply_count":0,"_bbp_total_topic_count":0,"_bbp_total_reply_count":0,"_bbp_voice_count":0,"_bbp_anonymous_reply_count":0,"_bbp_topic_count_hidden":0,"_bbp_reply_count_hidden":0,"_bbp_forum_subforum_count":0,"footnotes":""},"class_list":["post-1595","page","type-page","status-publish","hentry"],"post_mailing_queue_ids":[],"_links":{"self":[{"href":"https:\/\/agora.xtec.cat\/escolaandersen\/wp-json\/wp\/v2\/pages\/1595","targetHints":{"allow":["GET"]}}],"collection":[{"href":"https:\/\/agora.xtec.cat\/escolaandersen\/wp-json\/wp\/v2\/pages"}],"about":[{"href":"https:\/\/agora.xtec.cat\/escolaandersen\/wp-json\/wp\/v2\/types\/page"}],"author":[{"embeddable":true,"href":"https:\/\/agora.xtec.cat\/escolaandersen\/wp-json\/wp\/v2\/users\/4"}],"replies":[{"embeddable":true,"href":"https:\/\/agora.xtec.cat\/escolaandersen\/wp-json\/wp\/v2\/comments?post=1595"}],"version-history":[{"count":4,"href":"https:\/\/agora.xtec.cat\/escolaandersen\/wp-json\/wp\/v2\/pages\/1595\/revisions"}],"predecessor-version":[{"id":1912,"href":"https:\/\/agora.xtec.cat\/escolaandersen\/wp-json\/wp\/v2\/pages\/1595\/revisions\/1912"}],"up":[{"embeddable":true,"href":"https:\/\/agora.xtec.cat\/escolaandersen\/wp-json\/wp\/v2\/pages\/546"}],"wp:attachment":[{"href":"https:\/\/agora.xtec.cat\/escolaandersen\/wp-json\/wp\/v2\/media?parent=1595"}],"curies":[{"name":"wp","href":"https:\/\/api.w.org\/{rel}","templated":true}]}}

<p>El pati de l’escola és aquell espai on es produeixen processos educatius de forma espontània, on els infants es troben més lliures per a expressar-se i relacionar-se. Tant és així, que el pati ofereix la possibilitat d’estendre les branques del coneixement mitjançant elements que estimulin i provoquin l’aprenentatge, alhora que fomenta el desenvolupament psicomotor i l’enginy, de forma lúdica i diversa.<br />
La comunitat educativa de l’Andersen estem promovent un canvi en els espais exteriors de l’escola, per tal de proporcionar als infants una major varietat de joc i relació.</p>
<p>L&#8217;objectiu principal del projecte és r<span style="font-family: inherit; font-size: 1em;">eordenar el pati amb intencionalitat educativa, plantejant diverses tipologies de joc i aprenentatge.</span></p>
<p><iframe loading="lazy" title="YouTube video player" src="https://drive.google.com/file/d/1XMOV9_2QSNAtjDHOkpBwDurDEkKzDiwy/preview?usp=sharing" width="760" height="515" frameborder="0" allowfullscreen="allowfullscreen"><span data-mce-type="bookmark" style="display: inline-block; width: 0px; overflow: hidden; line-height: 0;" class="mce_SELRES_start">﻿</span><span data-mce-type="bookmark" style="display: inline-block; width: 0px; overflow: hidden; line-height: 0;" class="mce_SELRES_start">﻿</span><span data-mce-type="bookmark" style="display: inline-block; width: 0px; overflow: hidden; line-height: 0;" class="mce_SELRES_start">﻿</span><span data-mce-type="bookmark" style="display: inline-block; width: 0px; overflow: hidden; line-height: 0;" class="mce_SELRES_start">﻿</span></iframe></p>

<p>El pati de l’escola és aquell espai on es produeixen processos educatius de forma espontània, on els infants es troben més lliures per a expressar-se i relacionar-se. Tant és així, que el pati ofereix la possibilitat d’estendre les branques del coneixement mitjançant elements que estimulin&hellip;  <a href="https://agora.xtec.cat/escolaandersen/projectes-i-plans-dinnovacio/projecte-el-pati-que-volem/" title="Read Projecte &#8220;El Pati que volem&#8221;">Llegeix més»</a></p>
