{"id":73,"date":"2014-09-18T14:01:51","date_gmt":"2014-09-18T13:01:51","guid":{"rendered":"http:\/\/agora.xtec.cat\/escolaalexandregalibcn\/?page_id=73"},"modified":"2025-11-06T11:08:31","modified_gmt":"2025-11-06T10:08:31","slug":"menjador-escolar","status":"publish","type":"page","link":"https:\/\/agora.xtec.cat\/escolaalexandregalibcn\/serveis\/menjador-escolar\/","title":{"rendered":"Menjador escolar"},"content":{"rendered":"<p style=\"text-align: justify;\">El menjador de l&#8217;escola est\u00e0 gestionat per l&#8217;empresa Servei d&#8217;\u00c0pats. Recordeu que heu de comunicar les abs\u00e8ncies abans de les 10h per tel\u00e8fon i whatsapp al n\u00famero 697121353 o b\u00e9 per correu a menjadoralexandregali@alimentart.com.<\/p>\n<p>Voleu instal\u00b7lar-vos l&#8217;app per gestionar el servei del menjador del vostre fill\/a? Mireu-vos la <a href=\"https:\/\/agora.xtec.cat\/escolaalexandregalibcn\/wp-content\/uploads\/usu2463\/2025\/03\/INFORMACIO-APP-ALIMENTART.pdf\">informaci\u00f3<\/a> i el <a href=\"https:\/\/agora.xtec.cat\/escolaalexandregalibcn\/wp-content\/uploads\/usu2463\/2025\/03\/Manual-IARA-ALIMENT-ART-GALI.pdf\">manual<\/a> de l&#8217;app d&#8217;Alimentart.<\/p>\n<p>Aqu\u00ed teniu el <a href=\"https:\/\/agora.xtec.cat\/escolaalexandregalibcn\/wp-content\/uploads\/usu2463\/2025\/11\/PROJECTE-alexandre-gali-DIRECCIO-1.pdf\">Projecte del servei del menjador<\/a>.<\/p>\n<p>Consulteu la <a href=\"https:\/\/agora.xtec.cat\/escolaalexandregalibcn\/wp-content\/uploads\/usu2463\/2025\/11\/INFORMACIONS-ESPAI-DE-MIGDIA-2025.26-CAT-6.pdf\">informaci\u00f3 pel curs actual <\/a>i la <a href=\"https:\/\/agora.xtec.cat\/escolaalexandregalibcn\/wp-content\/uploads\/usu2463\/2024\/02\/NORMATIVA-MENJADOR-ALEXANDRE-GALI-23-24.pdf\">normativa del menjador.<\/a><\/p>\n<p style=\"text-align: justify;\">Si voleu disposar de la <a href=\"https:\/\/agora.xtec.cat\/escolaalexandregalibcn\/wp-content\/uploads\/usu2463\/2024\/02\/FITXA-INSCRIPCIO-MENJADOR-ALEXANDRE-GALI-23.24.pdf\">fitxa d&#8217;inscripci\u00f3<\/a>, la podeu emplenar i enviar al correu electr\u00f2nic menjadoralexandregali@alimentart.com o b\u00e9 la podeu lliurar impresa a l&#8217;escola.<\/p>\n<p>&nbsp;<\/p>\n","protected":false},"excerpt":{"rendered":"<p>El menjador de l&#8217;escola est\u00e0 gestionat per l&#8217;empresa Servei d&#8217;\u00c0pats. Recordeu que heu de comunicar les abs\u00e8ncies abans de les 10h per tel\u00e8fon i whatsapp al n\u00famero 697121353 o b\u00e9 per correu a menjadoralexandregali@alimentart.com.<br \/>\nVoleu instal\u00b7lar-vos l&#8217;app per gestionar el servei del menjador del vostre fill\/a?&hellip;  <a href=\"https:\/\/agora.xtec.cat\/escolaalexandregalibcn\/serveis\/menjador-escolar\/\" title=\"Read Menjador escolar\">Llegeix m\u00e9s\u00bb<\/a><\/p>\n","protected":false},"author":1,"featured_media":0,"parent":66,"menu_order":30,"comment_status":"closed","ping_status":"closed","template":"page-templates\/side-menu.php","meta":{"_bbp_topic_count":0,"_bbp_reply_count":0,"_bbp_total_topic_count":0,"_bbp_total_reply_count":0,"_bbp_voice_count":0,"_bbp_anonymous_reply_count":0,"_bbp_topic_count_hidden":0,"_bbp_reply_count_hidden":0,"_bbp_forum_subforum_count":0,"footnotes":""},"class_list":["post-73","page","type-page","status-publish","hentry"],"post_mailing_queue_ids":[],"_links":{"self":[{"href":"https:\/\/agora.xtec.cat\/escolaalexandregalibcn\/wp-json\/wp\/v2\/pages\/73","targetHints":{"allow":["GET"]}}],"collection":[{"href":"https:\/\/agora.xtec.cat\/escolaalexandregalibcn\/wp-json\/wp\/v2\/pages"}],"about":[{"href":"https:\/\/agora.xtec.cat\/escolaalexandregalibcn\/wp-json\/wp\/v2\/types\/page"}],"author":[{"embeddable":true,"href":"https:\/\/agora.xtec.cat\/escolaalexandregalibcn\/wp-json\/wp\/v2\/users\/1"}],"replies":[{"embeddable":true,"href":"https:\/\/agora.xtec.cat\/escolaalexandregalibcn\/wp-json\/wp\/v2\/comments?post=73"}],"version-history":[{"count":6,"href":"https:\/\/agora.xtec.cat\/escolaalexandregalibcn\/wp-json\/wp\/v2\/pages\/73\/revisions"}],"predecessor-version":[{"id":914,"href":"https:\/\/agora.xtec.cat\/escolaalexandregalibcn\/wp-json\/wp\/v2\/pages\/73\/revisions\/914"}],"up":[{"embeddable":true,"href":"https:\/\/agora.xtec.cat\/escolaalexandregalibcn\/wp-json\/wp\/v2\/pages\/66"}],"wp:attachment":[{"href":"https:\/\/agora.xtec.cat\/escolaalexandregalibcn\/wp-json\/wp\/v2\/media?parent=73"}],"curies":[{"name":"wp","href":"https:\/\/api.w.org\/{rel}","templated":true}]}}