{"id":82,"date":"2014-09-18T14:10:51","date_gmt":"2014-09-18T13:10:51","guid":{"rendered":"http:\/\/agora.xtec.cat\/escolaalbatarrega\/?page_id=82"},"modified":"2024-01-22T19:51:17","modified_gmt":"2024-01-22T18:51:17","slug":"casal-destiu","status":"publish","type":"page","link":"https:\/\/agora.xtec.cat\/escolaalbatarrega\/serveis\/casal-destiu\/","title":{"rendered":"CASALETS\/COL\u00d2NIES"},"content":{"rendered":"<p style=\"color: #444444;\"><strong>CASALETS<\/strong><\/p>\n<p>Els casalets d&#8217;escola estan gestionats per Qu\u00e0lia.<a href=\"https:\/\/agora.xtec.cat\/escolaalbatarrega\/wp-content\/uploads\/usu2439\/2021\/07\/image_preview.jpg\"><img loading=\"lazy\" decoding=\"async\" class=\"alignright wp-image-893 \" src=\"https:\/\/agora.xtec.cat\/escolaalbatarrega\/wp-content\/uploads\/usu2439\/2021\/07\/image_preview-e1625213092168.jpg\" alt=\"\" width=\"295\" height=\"235\" srcset=\"https:\/\/agora.xtec.cat\/escolaalbatarrega\/wp-content\/uploads\/usu2439\/2021\/07\/image_preview-e1625213092168.jpg 334w, https:\/\/agora.xtec.cat\/escolaalbatarrega\/wp-content\/uploads\/usu2439\/2021\/07\/image_preview-e1625213092168-300x239.jpg 300w\" sizes=\"auto, (max-width: 295px) 100vw, 295px\" \/><\/a><\/p>\n<p>La metodologia de treball que hem anat desenvolupant es basa en l\u2019<strong>aprenentatge significatiu<\/strong>. \u00c9s a dir, desenvolupem activitats que atreguin l\u2019inter\u00e8s dels infants, amb una metodologia flexible, que anem adequant a les necessitats de cada un. \u00c9s per aix\u00f2 que dividim els infants en grups d\u2019edat per treballar les capacitats que s\u2019adeq\u00fcin a cada una. Treballem amb un centre d\u2019inter\u00e8s general repartit per eixos setmanals m\u00e9s concrets i ho fem mitjan\u00e7ant una metodologia l\u00fadica fomentada pel treball en equip, en el di\u00e0leg i la formaci\u00f3 en valors.<\/p>\n<p>A l&#8217;escola, actualment es fan els casalets de Setmana Santa, Vacances de Nadal, Estiu i setembre, i casalets els dies de jornada intensiva<\/p>\n<p><strong>COL\u00d2NIES<\/strong><\/p>\n<p>A Qu\u00e0lia portem<strong> m\u00e9s de 6 anys organitzant col\u00f2nies i estades per a escoles, instituts, entitats i esplais<\/strong>. Amb les nostres col\u00f2nies oferim als joves l\u2019experi\u00e8ncia de viure una aventura en plena natura per mitj\u00e0 d\u2019activitats l\u00fadiques i esportives que els permetr\u00e0 experimentar noves experi\u00e8ncies de creixement personal i adquirir nous valors a trav\u00e9s del lleure. La conviv\u00e8ncia amb els companys, passar uns dies en un entorn diferent a l\u2019habitual i adaptar-nos a noves rutines fan que les estades esdevinguin una experi\u00e8ncia vital per ells.<\/p>\n<p>&nbsp;<\/p>\n","protected":false},"excerpt":{"rendered":"<p>CASALETS<br \/>\nEls casalets d&#8217;escola estan gestionats per Qu\u00e0lia.<a href=\"https:\/\/agora.xtec.cat\/escolaalbatarrega\/wp-content\/uploads\/usu2439\/2021\/07\/image_preview.jpg\"><\/a><br \/>\nLa metodologia de treball que hem anat desenvolupant es basa en l\u2019aprenentatge significatiu. \u00c9s a dir, desenvolupem activitats que atreguin l\u2019inter\u00e8s dels infants, amb una metodologia flexible, que anem adequant a les necessitats de cada un. \u00c9s per&hellip;  <a href=\"https:\/\/agora.xtec.cat\/escolaalbatarrega\/serveis\/casal-destiu\/\" title=\"Read CASALETS\/COL\u00d2NIES\">Llegeix m\u00e9s\u00bb<\/a><\/p>\n","protected":false},"author":1,"featured_media":0,"parent":66,"menu_order":50,"comment_status":"closed","ping_status":"closed","template":"page-templates\/side-menu.php","meta":{"_bbp_topic_count":0,"_bbp_reply_count":0,"_bbp_total_topic_count":0,"_bbp_total_reply_count":0,"_bbp_voice_count":0,"_bbp_anonymous_reply_count":0,"_bbp_topic_count_hidden":0,"_bbp_reply_count_hidden":0,"_bbp_forum_subforum_count":0,"footnotes":""},"class_list":["post-82","page","type-page","status-publish","hentry"],"post_mailing_queue_ids":[],"_links":{"self":[{"href":"https:\/\/agora.xtec.cat\/escolaalbatarrega\/wp-json\/wp\/v2\/pages\/82","targetHints":{"allow":["GET"]}}],"collection":[{"href":"https:\/\/agora.xtec.cat\/escolaalbatarrega\/wp-json\/wp\/v2\/pages"}],"about":[{"href":"https:\/\/agora.xtec.cat\/escolaalbatarrega\/wp-json\/wp\/v2\/types\/page"}],"author":[{"embeddable":true,"href":"https:\/\/agora.xtec.cat\/escolaalbatarrega\/wp-json\/wp\/v2\/users\/1"}],"replies":[{"embeddable":true,"href":"https:\/\/agora.xtec.cat\/escolaalbatarrega\/wp-json\/wp\/v2\/comments?post=82"}],"version-history":[{"count":4,"href":"https:\/\/agora.xtec.cat\/escolaalbatarrega\/wp-json\/wp\/v2\/pages\/82\/revisions"}],"predecessor-version":[{"id":1422,"href":"https:\/\/agora.xtec.cat\/escolaalbatarrega\/wp-json\/wp\/v2\/pages\/82\/revisions\/1422"}],"up":[{"embeddable":true,"href":"https:\/\/agora.xtec.cat\/escolaalbatarrega\/wp-json\/wp\/v2\/pages\/66"}],"wp:attachment":[{"href":"https:\/\/agora.xtec.cat\/escolaalbatarrega\/wp-json\/wp\/v2\/media?parent=82"}],"curies":[{"name":"wp","href":"https:\/\/api.w.org\/{rel}","templated":true}]}}