{"id":73,"date":"2014-09-18T14:01:51","date_gmt":"2014-09-18T13:01:51","guid":{"rendered":"http:\/\/agora.xtec.cat\/escolaalbatarrega\/?page_id=73"},"modified":"2024-01-22T19:50:33","modified_gmt":"2024-01-22T18:50:33","slug":"menjador-escolar","status":"publish","type":"page","link":"https:\/\/agora.xtec.cat\/escolaalbatarrega\/serveis\/menjador-escolar\/","title":{"rendered":"MENJADOR ESCOLAR"},"content":{"rendered":"<p><a href=\"https:\/\/agora.xtec.cat\/escolaalbatarrega\/wp-content\/uploads\/usu2439\/2021\/03\/Love-healthy-food-vector-image-by-hartgraphic-580x386.jpg\"><img loading=\"lazy\" decoding=\"async\" class=\"wp-image-610 alignleft\" src=\"https:\/\/agora.xtec.cat\/escolaalbatarrega\/wp-content\/uploads\/usu2439\/2021\/03\/Love-healthy-food-vector-image-by-hartgraphic-580x386.jpg\" alt=\"\" width=\"213\" height=\"191\" srcset=\"https:\/\/agora.xtec.cat\/escolaalbatarrega\/wp-content\/uploads\/usu2439\/2021\/03\/Love-healthy-food-vector-image-by-hartgraphic-580x386.jpg 319w, https:\/\/agora.xtec.cat\/escolaalbatarrega\/wp-content\/uploads\/usu2439\/2021\/03\/Love-healthy-food-vector-image-by-hartgraphic-580x386-300x269.jpg 300w\" sizes=\"auto, (max-width: 213px) 100vw, 213px\" \/><\/a><\/p>\n<ul>\n<li><strong>Horari menjador i activitats de migdia<\/strong>: de 12:30h a 15:00 h<\/li>\n<li><strong>Tamb\u00e9 s&#8217;ofereix el menjador de forma puntual \u00a0 <\/strong><\/li>\n<\/ul>\n<p>Cal avisar dos dies abans\u00a0 si el vostre fill\/a no es queda a dinar.<\/p>\n<p>El men\u00fa s&#8217;anir\u00e0 penjant de forma mensual a l&#8217;apartat de &#8220;men\u00fa escolar&#8221;<\/p>\n","protected":false},"excerpt":{"rendered":"<p><a href=\"https:\/\/agora.xtec.cat\/escolaalbatarrega\/wp-content\/uploads\/usu2439\/2021\/03\/Love-healthy-food-vector-image-by-hartgraphic-580x386.jpg\"><\/a><\/p>\n<ul>\n<li>Horari menjador i activitats de migdia: de 12:30h a 15:00 h<\/li>\n<li>Tamb\u00e9 s&#8217;ofereix el menjador de forma puntual \u00a0 <\/li>\n<\/ul>\n<p>Cal avisar dos dies abans\u00a0 si el vostre fill\/a no es queda a dinar.<br \/>\nEl men\u00fa s&#8217;anir\u00e0 penjant de forma mensual a l&#8217;apartat de &#8220;men\u00fa escolar&#8221;<\/p>\n","protected":false},"author":1,"featured_media":0,"parent":66,"menu_order":30,"comment_status":"closed","ping_status":"closed","template":"page-templates\/side-menu.php","meta":{"_bbp_topic_count":0,"_bbp_reply_count":0,"_bbp_total_topic_count":0,"_bbp_total_reply_count":0,"_bbp_voice_count":0,"_bbp_anonymous_reply_count":0,"_bbp_topic_count_hidden":0,"_bbp_reply_count_hidden":0,"_bbp_forum_subforum_count":0,"footnotes":""},"class_list":["post-73","page","type-page","status-publish","hentry"],"post_mailing_queue_ids":[],"_links":{"self":[{"href":"https:\/\/agora.xtec.cat\/escolaalbatarrega\/wp-json\/wp\/v2\/pages\/73","targetHints":{"allow":["GET"]}}],"collection":[{"href":"https:\/\/agora.xtec.cat\/escolaalbatarrega\/wp-json\/wp\/v2\/pages"}],"about":[{"href":"https:\/\/agora.xtec.cat\/escolaalbatarrega\/wp-json\/wp\/v2\/types\/page"}],"author":[{"embeddable":true,"href":"https:\/\/agora.xtec.cat\/escolaalbatarrega\/wp-json\/wp\/v2\/users\/1"}],"replies":[{"embeddable":true,"href":"https:\/\/agora.xtec.cat\/escolaalbatarrega\/wp-json\/wp\/v2\/comments?post=73"}],"version-history":[{"count":4,"href":"https:\/\/agora.xtec.cat\/escolaalbatarrega\/wp-json\/wp\/v2\/pages\/73\/revisions"}],"predecessor-version":[{"id":1421,"href":"https:\/\/agora.xtec.cat\/escolaalbatarrega\/wp-json\/wp\/v2\/pages\/73\/revisions\/1421"}],"up":[{"embeddable":true,"href":"https:\/\/agora.xtec.cat\/escolaalbatarrega\/wp-json\/wp\/v2\/pages\/66"}],"wp:attachment":[{"href":"https:\/\/agora.xtec.cat\/escolaalbatarrega\/wp-json\/wp\/v2\/media?parent=73"}],"curies":[{"name":"wp","href":"https:\/\/api.w.org\/{rel}","templated":true}]}}

<p><a href="https://agora.xtec.cat/escolaalbatarrega/wp-content/uploads/usu2439/2021/03/Love-healthy-food-vector-image-by-hartgraphic-580x386.jpg"><img loading="lazy" decoding="async" class="wp-image-610 alignleft" src="https://agora.xtec.cat/escolaalbatarrega/wp-content/uploads/usu2439/2021/03/Love-healthy-food-vector-image-by-hartgraphic-580x386.jpg" alt="" width="213" height="191" srcset="https://agora.xtec.cat/escolaalbatarrega/wp-content/uploads/usu2439/2021/03/Love-healthy-food-vector-image-by-hartgraphic-580x386.jpg 319w, https://agora.xtec.cat/escolaalbatarrega/wp-content/uploads/usu2439/2021/03/Love-healthy-food-vector-image-by-hartgraphic-580x386-300x269.jpg 300w" sizes="auto, (max-width: 213px) 100vw, 213px" /></a></p>
<ul>
<li><strong>Horari menjador i activitats de migdia</strong>: de 12:30h a 15:00 h</li>
<li><strong>També s&#8217;ofereix el menjador de forma puntual   </strong></li>
</ul>
<p>Cal avisar dos dies abans  si el vostre fill/a no es queda a dinar.</p>
<p>El menú s&#8217;anirà penjant de forma mensual a l&#8217;apartat de &#8220;menú escolar&#8221;</p>

<p><a href="https://agora.xtec.cat/escolaalbatarrega/wp-content/uploads/usu2439/2021/03/Love-healthy-food-vector-image-by-hartgraphic-580x386.jpg"></a></p>
<ul>
<li>Horari menjador i activitats de migdia: de 12:30h a 15:00 h</li>
<li>També s&#8217;ofereix el menjador de forma puntual   </li>
</ul>
<p>Cal avisar dos dies abans  si el vostre fill/a no es queda a dinar.<br />
El menú s&#8217;anirà penjant de forma mensual a l&#8217;apartat de &#8220;menú escolar&#8221;</p>
