{"id":1277,"date":"2022-10-03T14:22:41","date_gmt":"2022-10-03T12:22:41","guid":{"rendered":"https:\/\/agora.xtec.cat\/escolaalbatarrega\/?page_id=1277"},"modified":"2022-10-17T12:07:42","modified_gmt":"2022-10-17T10:07:42","slug":"ceepsir","status":"publish","type":"page","link":"https:\/\/agora.xtec.cat\/escolaalbatarrega\/ceepsir\/","title":{"rendered":"CEEPSIR"},"content":{"rendered":"<p>CEEPSIR, Centre d&#8217;Educaci\u00f3 Especial Prove\u00efdor de Serveis i Recursos.<\/p>\n<p>\u00c9s un suport intensiu que t\u00e9 con a finalitat orientar i concretar estrat\u00e8gies de centre i desenvolupar programes espec\u00edfics de suport a l&#8217;escolaritzaci\u00f3 per a l&#8217;exit de l&#8217;alumnat, en coordinaci\u00f3 amb els i les docents i els equips directius de les escoles, dels centres d&#8217;educaci\u00f3 secund\u00e0ria i dels serveis educatius.<\/p>\n","protected":false},"excerpt":{"rendered":"<p>CEEPSIR, Centre d&#8217;Educaci\u00f3 Especial Prove\u00efdor de Serveis i Recursos.<br \/>\n\u00c9s un suport intensiu que t\u00e9 con a finalitat orientar i concretar estrat\u00e8gies de centre i desenvolupar programes espec\u00edfics de suport a l&#8217;escolaritzaci\u00f3 per a l&#8217;exit de l&#8217;alumnat, en coordinaci\u00f3 amb els i les docents i els&hellip;  <a href=\"https:\/\/agora.xtec.cat\/escolaalbatarrega\/ceepsir\/\" title=\"Read CEEPSIR\">Llegeix m\u00e9s\u00bb<\/a><\/p>\n","protected":false},"author":5,"featured_media":0,"parent":0,"menu_order":0,"comment_status":"closed","ping_status":"closed","template":"page-templates\/side-menu.php","meta":{"_bbp_topic_count":0,"_bbp_reply_count":0,"_bbp_total_topic_count":0,"_bbp_total_reply_count":0,"_bbp_voice_count":0,"_bbp_anonymous_reply_count":0,"_bbp_topic_count_hidden":0,"_bbp_reply_count_hidden":0,"_bbp_forum_subforum_count":0,"footnotes":""},"class_list":["post-1277","page","type-page","status-publish","hentry"],"post_mailing_queue_ids":[],"_links":{"self":[{"href":"https:\/\/agora.xtec.cat\/escolaalbatarrega\/wp-json\/wp\/v2\/pages\/1277","targetHints":{"allow":["GET"]}}],"collection":[{"href":"https:\/\/agora.xtec.cat\/escolaalbatarrega\/wp-json\/wp\/v2\/pages"}],"about":[{"href":"https:\/\/agora.xtec.cat\/escolaalbatarrega\/wp-json\/wp\/v2\/types\/page"}],"author":[{"embeddable":true,"href":"https:\/\/agora.xtec.cat\/escolaalbatarrega\/wp-json\/wp\/v2\/users\/5"}],"replies":[{"embeddable":true,"href":"https:\/\/agora.xtec.cat\/escolaalbatarrega\/wp-json\/wp\/v2\/comments?post=1277"}],"version-history":[{"count":3,"href":"https:\/\/agora.xtec.cat\/escolaalbatarrega\/wp-json\/wp\/v2\/pages\/1277\/revisions"}],"predecessor-version":[{"id":1284,"href":"https:\/\/agora.xtec.cat\/escolaalbatarrega\/wp-json\/wp\/v2\/pages\/1277\/revisions\/1284"}],"wp:attachment":[{"href":"https:\/\/agora.xtec.cat\/escolaalbatarrega\/wp-json\/wp\/v2\/media?parent=1277"}],"curies":[{"name":"wp","href":"https:\/\/api.w.org\/{rel}","templated":true}]}}

<p>CEEPSIR, Centre d&#8217;Educació Especial Proveïdor de Serveis i Recursos.</p>
<p>És un suport intensiu que té con a finalitat orientar i concretar estratègies de centre i desenvolupar programes específics de suport a l&#8217;escolarització per a l&#8217;exit de l&#8217;alumnat, en coordinació amb els i les docents i els equips directius de les escoles, dels centres d&#8217;educació secundària i dels serveis educatius.</p>

<p>CEEPSIR, Centre d&#8217;Educació Especial Proveïdor de Serveis i Recursos.<br />
És un suport intensiu que té con a finalitat orientar i concretar estratègies de centre i desenvolupar programes específics de suport a l&#8217;escolarització per a l&#8217;exit de l&#8217;alumnat, en coordinació amb els i les docents i els&hellip;  <a href="https://agora.xtec.cat/escolaalbatarrega/ceepsir/" title="Read CEEPSIR">Llegeix més»</a></p>
