{"id":2088,"date":"2021-02-18T17:05:32","date_gmt":"2021-02-18T16:05:32","guid":{"rendered":"http:\/\/agora.xtec.cat\/escolaadultspremia\/?page_id=2088"},"modified":"2025-06-04T19:53:30","modified_gmt":"2025-06-04T17:53:30","slug":"ges","status":"publish","type":"page","link":"https:\/\/agora.xtec.cat\/escolaadultspremia\/el-centre\/ensenyaments\/ges\/","title":{"rendered":"Graduat d&#8217;Educaci\u00f3 Secund\u00e0ria per a adults (GES)"},"content":{"rendered":"\n<h4 class=\"wp-block-heading has-text-align-center has-luminous-vivid-amber-background-color has-background\">Descripci\u00f3 de l&#8217;ensenyament<\/h4>\n\n\n\n<p>El graduat d&#8217;educaci\u00f3 secund\u00e0ria (GES) \u00e9s el t\u00edtol acad\u00e8mic que obtenen les persones que superen l&#8217;etapa d&#8217;educaci\u00f3 secund\u00e0ria. El GES permet l&#8217;acc\u00e9s al Batxillerat, a un cicle formatiu de grau mitj\u00e0 (CFGM) o la inserci\u00f3 m\u00f3n laboral. El GES a les escoles d&#8217;adults est\u00e0 adre\u00e7at a aquelles persones majors de 18 anys que volen obtenir el graduat d&#8217;educaci\u00f3 secund\u00e0ria.<\/p>\n\n\n\n<p>Aquest ensenyament es divideix en <strong>dos cursos<\/strong> <strong>anuals<\/strong> que s&#8217;imparteixen <strong>presencialment<\/strong> <strong>en horari de tarda de dilluns a dijous<\/strong>. Les assignatures estan organitzades en m\u00f2duls que tenen una durada trimestral. Aquests m\u00f2duls de 35 hores lectives estan organitzats en tres grans \u00e0mbits de coneixement:<\/p>\n\n\n\n<figure class=\"wp-block-table is-style-stripes\"><table class=\"has-border-color has-black-border-color has-fixed-layout\" style=\"border-width:3px\"><tbody><tr><td class=\"has-text-align-center\" data-align=\"center\"><strong>\u00c0mbit de la Comunicaci\u00f3<\/strong><\/td><td class=\"has-text-align-center\" data-align=\"center\"><strong>\u00c0mbit de les Ci\u00e8ncies Socials<\/strong><\/td><td class=\"has-text-align-center\" data-align=\"center\"><strong>\u00c0mbit Cient\u00edfic-Tecnol\u00f2gic<\/strong><\/td><\/tr><tr><td class=\"has-text-align-center\" data-align=\"center\">Llengua i literatura catalana<br>Llengua i literatura castellana<br>Llengua estrangera<\/td><td class=\"has-text-align-center\" data-align=\"center\">Ci\u00e8ncies socials<br>Geografia<br>Hist\u00f2ria i arts<\/td><td class=\"has-text-align-center\" data-align=\"center\">Matem\u00e0tiques<br>F\u00edsica i qu\u00edmica<br>Biologia i geologia<br>Tecnologia<\/td><\/tr><\/tbody><\/table><\/figure>\n\n\n\n<p>A m\u00e9s, <strong>caldr\u00e0 cursar obligat\u00f2riament els 6 m\u00f2duls optatius<\/strong> que ofereix el centre.<\/p>\n\n\n\n<h4 class=\"wp-block-heading has-text-align-center has-luminous-vivid-amber-background-color has-background\">Per\u00edodes de matriculaci\u00f3<\/h4>\n\n\n\n<p>Els per\u00edodes de matriculaci\u00f3 s\u00f3n <strong>trimestrals<\/strong>. Aix\u00ed doncs, la matriculaci\u00f3 s&#8217;obre els mesos de setembre, gener i abril, coincidint amb l&#8217;inici dels nous m\u00f2duls trimestrals. Per efectuar la matr\u00edcula cal portar <strong>una fotoc\u00f2pia del DNI<\/strong> i s&#8217;han de <strong>complir els requisits de matr\u00edcula<\/strong> que poden trobar-se a la secci\u00f3 seg\u00fcent.<\/p>\n\n\n\n<h4 class=\"wp-block-heading has-text-align-center has-luminous-vivid-amber-background-color has-background\">Requisits d&#8217;acc\u00e9s<\/h4>\n\n\n\n<h6 class=\"wp-block-heading\">Requisit general<\/h6>\n\n\n\n<p>Per matricular-se al GES <strong>cal ser major de 18 anys<\/strong> o b\u00e9 complir els anys durant l&#8217;any natural en qu\u00e8 s&#8217;inicia el curs.<\/p>\n\n\n\n<h6 class=\"wp-block-heading\">Requisit espec\u00edfic per a menors de 18 anys<\/h6>\n\n\n\n<p>Tamb\u00e9 poden matricular-se persones majors de 16 anys en casos excepcionals si compleixen un dels seg\u00fcents requisits:<\/p>\n\n\n\n<ul class=\"wp-block-list\">\n<li>si tenen un contracte laboral que els impedeix assistir als centres educatius en r\u00e8gim ordinari.<\/li>\n\n\n\n<li>si es troben en proc\u00e9s d\u2019obtenci\u00f3 d\u2019un perm\u00eds de treball.<\/li>\n\n\n\n<li>si s\u00f3n esportistes d\u2019alt rendiment.<\/li>\n\n\n\n<li>si han cursat un PFI (programa de formaci\u00f3 i inserci\u00f3).<\/li>\n\n\n\n<li>si participen al programa d\u2019experi\u00e8ncia professional per a l\u2019ocupaci\u00f3 juvenil a Catalunya \u201cJoves per l\u2019ocupaci\u00f3\u201d.<\/li>\n<\/ul>\n\n\n\n<h6 class=\"wp-block-heading\">Requisit ling\u00fc\u00edstic<\/h6>\n\n\n\n<p>Les persones que no mostrin un domini clar de l&#8217;idioma (catal\u00e0 i castell\u00e0) <strong>hauran de superar una prova d&#8217;acc\u00e9s<\/strong> abans de fer la matr\u00edcula a aquest ensenyament.<\/p>\n\n\n\n<h4 class=\"wp-block-heading has-text-align-center has-luminous-vivid-amber-background-color has-background\">Convalidacions i acreditacions<\/h4>\n\n\n\n<p>Consulteu la taula seg\u00fcent:\u00a0<\/p>\n\n\n\n<figure class=\"wp-block-table is-style-stripes has-small-font-size\"><table class=\"has-border-color has-black-border-color has-fixed-layout\" style=\"border-width:2px\"><tbody><tr><td><strong>ENSENYAMENTS SUPERATS D&#8217;ESTUDIS ANTERIORS<\/strong><\/td><td><strong>CONVALIDACIONS<\/strong><\/td><\/tr><tr><td><strong>ENSENYAMENTS LOE I LOGSE<\/strong><\/td><td><strong>ENSENYAMENTS CONVALIDATS AL CFA<\/strong><\/td><\/tr><tr><td>3r curs d&#8217;educaci\u00f3 secund\u00e0ria obligat\u00f2ria (LOE i LOGSE) complet<\/td><td>Nivell I de l&#8217;\u00e0mbit de la comunicaci\u00f3<br>Nivell I de l&#8217;\u00e0mbit social<br>Nivell I de l&#8217;\u00e0mbit cientificotecnol\u00f2gic<\/td><\/tr><tr><td>Mat\u00e8ries de 3r curs d&#8217;educaci\u00f3 secund\u00e0ria obligat\u00f2ria (LOE i LOGSE): llengua catalana i literatura, llengua castellana i literatura, i llengua estrangera<\/td><td>Nivell I de l&#8217;\u00e0mbit de la comunicaci\u00f3<\/td><\/tr><tr><td>Ci\u00e8ncies socials de 3r curs d&#8217;educaci\u00f3 secund\u00e0ria obligat\u00f2ria (LOE i LOGSE)<\/td><td>Nivell I de l&#8217;\u00e0mbit social<\/td><\/tr><tr><td>Mat\u00e8ries de 3r curs d&#8217;educaci\u00f3 secund\u00e0ria obligat\u00f2ria (LOE i LOGSE): matem\u00e0tiques, ci\u00e8ncies de la naturalesa i tecnologies<\/td><td>Nivell I de l&#8217;\u00e0mbit cientificot\u00e8cnic<\/td><\/tr><tr><td>Mat\u00e8ries de 4t curs d&#8217;educaci\u00f3 secund\u00e0ria obligat\u00f2ria (LOE i LOGSE): llengua catalana i literatura, llengua castellana i literatura, i llengua estrangera<\/td><td>Nivell II de l&#8217;\u00e0mbit de la comunicaci\u00f3<\/td><\/tr><tr><td>Ci\u00e8ncies socials de 4t curs d&#8217;educaci\u00f3 secund\u00e0ria obligat\u00f2ria (LOE i LOGSE)<\/td><td>Nivell II de l&#8217;\u00e0mbit social<\/td><\/tr><tr><td>Mat\u00e8ries del 4t curs d&#8217;educaci\u00f3 secund\u00e0ria obligat\u00f2ria (LOE): matem\u00e0tiques i dues de les quatre seg\u00fcents: biologia i geologia, f\u00edsica i qu\u00edmica, tecnologia, inform\u00e0tica<\/td><td>Nivell II de l&#8217;\u00e0mbit cientificotecnol\u00f2gic<\/td><\/tr><tr><td>Mat\u00e8ries de 4t curs d&#8217;educaci\u00f3 secund\u00e0ria obligat\u00f2ria (LOGSE): matem\u00e0tiques, ci\u00e8ncies de la naturalesa i tecnologia<\/td><td>Nivell II de l&#8217;\u00e0mbit cientificotecnol\u00f2gic<\/td><\/tr><tr><td><strong>ENSENYAMENTS LLEI 14\/1970<\/strong><\/td><td><strong>ENSENYAMENTS CONVALIDATS AL CFA<\/strong><\/td><\/tr><tr><td>1r curs de formaci\u00f3 professional de primer grau complet<\/td><td>Nivell I de l&#8217;\u00e0mbit de la comunicaci\u00f3<br>Nivell I de l&#8217;\u00e0mbit social<br>Nivell I de l&#8217;\u00e0mbit cientificotecnol\u00f2gic<\/td><\/tr><tr><td>Mat\u00e8ries de formaci\u00f3 professional de primer grau: llengua catalana, llengua espanyola i idioma modern<\/td><td>Nivell I de l&#8217;\u00e0mbit de la comunicaci\u00f3<\/td><\/tr><tr><td>Formaci\u00f3 human\u00edstica de 1r curs de formaci\u00f3 professional de primer grau<\/td><td>Nivell I de l&#8217;\u00e0mbit social<\/td><\/tr><tr><td>Mat\u00e8ries de 1r curs de formaci\u00f3 professional de primer grau: matem\u00e0tiques, ci\u00e8ncies naturals, f\u00edsica i qu\u00edmica i tecnologia o pr\u00e0ctiques<\/td><td>Nivell I de l&#8217;\u00e0mbit cientificotecnol\u00f2gic<\/td><\/tr><tr><td>Mat\u00e8ries de 2n curs de formaci\u00f3 professional de primer grau: llengua catalana, llengua espanyola i idioma modern<\/td><td>Nivell II de l&#8217;\u00e0mbit de la comunicaci\u00f3<\/td><\/tr><tr><td>Formaci\u00f3 human\u00edstica de 2n curs de formaci\u00f3 professional de primer grau<\/td><td>Nivell II de l&#8217;\u00e0mbit social<\/td><\/tr><tr><td>Mat\u00e8ries de 2n curs de formaci\u00f3 professional de primer grau: matem\u00e0tiques, f\u00edsica i qu\u00edmica i tecnologia o pr\u00e0ctiques<\/td><td>Nivell II de l&#8217;\u00e0mbit cientificotecnol\u00f2gic<\/td><\/tr><tr><td>1r curs de batxillerat unificat polivalent (BUP) complet<\/td><td>Nivell I de l&#8217;\u00e0mbit de la comunicaci\u00f3<br>Nivell I de l&#8217;\u00e0mbit social<br>Nivell I de l&#8217;\u00e0mbit cientificotecnol\u00f2gic<br>i els m\u00f2duls seg\u00fcents del nivell II: literatura catalana, literatura castellana, ci\u00e8ncies socials II i moviments migratoris, i biologia i geologia<\/td><\/tr><tr><td>Mat\u00e8ries de 1r curs de batxillerat unificat polivalent (BUP): llengua catalana i literatura, llengua espanyola i literatura, i llengua estrangera<\/td><td>Nivell I de l&#8217;\u00e0mbit de la comunicaci\u00f3 i els m\u00f2duls seg\u00fcents del nivell II: literatura catalana, literatura castellana<\/td><\/tr><tr><td>Hist\u00f2ria de 1r curs de batxillerat unificat i polivalent (BUP)<\/td><td>Nivell I de l&#8217;\u00e0mbit social i el m\u00f2dul ci\u00e8ncies socials II i moviments migratoris del nivell II<\/td><\/tr><tr><td>Mat\u00e8ries de 1r curs de batxillerat unificat polivalent (BUP): matem\u00e0tiques i ci\u00e8ncies naturals<\/td><td>Nivell I de l&#8217;\u00e0mbit cientificotecnol\u00f2gic i el m\u00f2dul biologia i geologia del nivell II<\/td><\/tr><tr><td>Mat\u00e8ries de 2n curs de batxillerat unificat polivalent (BUP): llengua catalana i literatura, llengua espanyola i literatura i llengua estrangera<\/td><td>Nivell II de l&#8217;\u00e0mbit de la comunicaci\u00f3<\/td><\/tr><tr><td>Geografia del 2n curs de batxillerat unificat i polivalent (BUP)<\/td><td>Nivell II de l&#8217;\u00e0mbit social<\/td><\/tr><tr><td>Mat\u00e8ries de 2n curs de batxillerat unificat polivalent (BUP): matem\u00e0tiques i f\u00edsica i qu\u00edmica<\/td><td>Nivell II de l&#8217;\u00e0mbit cientificotecnol\u00f2gic<\/td><\/tr><tr><td>T\u00edtol graduat escolar o equivalent<\/td><td>Nivell I de l&#8217;\u00e0mbit de la comunicaci\u00f3<br>Nivell I de l&#8217;\u00e0mbit social<br>Nivell I de l&#8217;\u00e0mbit cientificotecnol\u00f2gic<\/td><\/tr><\/tbody><\/table><\/figure>\n\n\n\n<h4 class=\"wp-block-heading has-text-align-center has-luminous-vivid-amber-background-color has-background\">Proves de nivell<\/h4>\n\n\n\n<p>Les persones que no puguin convalidar cap \u00e0mbit tenen l&#8217;opci\u00f3 de realitzar una prova de nivell amb l&#8217;objectiu d&#8217;<strong>acreditar els coneixements que corresponen al primer nivell del GES<\/strong> a fi d&#8217;accedir de forma directa al segon nivell. La prova consta dels seg\u00fcents apartats:<\/p>\n\n\n\n<ul class=\"wp-block-list\">\n<li>Prova de nivell d&#8217;angl\u00e8s<\/li>\n\n\n\n<li>Prova de nivell de catal\u00e0 i castell\u00e0<\/li>\n\n\n\n<li>Prova de nivell de socials<\/li>\n\n\n\n<li>Prova de l&#8217;\u00e0mbit cient\u00edfic-tecnol\u00f2gic<\/li>\n<\/ul>\n\n\n\n<p><\/p>\n","protected":false},"excerpt":{"rendered":"<p>Descripci\u00f3 de l&#8217;ensenyament El graduat d&#8217;educaci\u00f3 secund\u00e0ria (GES) \u00e9s el t\u00edtol acad\u00e8mic que obtenen les persones que superen l&#8217;etapa d&#8217;educaci\u00f3 [&hellip;]<\/p>\n","protected":false},"author":1,"featured_media":0,"parent":2078,"menu_order":0,"comment_status":"closed","ping_status":"closed","template":"","meta":{"_bbp_topic_count":0,"_bbp_reply_count":0,"_bbp_total_topic_count":0,"_bbp_total_reply_count":0,"_bbp_voice_count":0,"_bbp_anonymous_reply_count":0,"_bbp_topic_count_hidden":0,"_bbp_reply_count_hidden":0,"_bbp_forum_subforum_count":0,"site-sidebar-layout":"default","site-content-layout":"","ast-site-content-layout":"default","site-content-style":"default","site-sidebar-style":"default","ast-global-header-display":"","ast-banner-title-visibility":"","ast-main-header-display":"","ast-hfb-above-header-display":"","ast-hfb-below-header-display":"","ast-hfb-mobile-header-display":"","site-post-title":"","ast-breadcrumbs-content":"","ast-featured-img":"","footer-sml-layout":"","theme-transparent-header-meta":"","adv-header-id-meta":"","stick-header-meta":"","header-above-stick-meta":"","header-main-stick-meta":"","header-below-stick-meta":"","astra-migrate-meta-layouts":"set","ast-page-background-enabled":"default","ast-page-background-meta":{"desktop":{"background-color":"var(--ast-global-color-4)","background-image":"","background-repeat":"repeat","background-position":"center center","background-size":"auto","background-attachment":"scroll","background-type":"","background-media":"","overlay-type":"","overlay-color":"","overlay-opacity":"","overlay-gradient":""},"tablet":{"background-color":"","background-image":"","background-repeat":"repeat","background-position":"center center","background-size":"auto","background-attachment":"scroll","background-type":"","background-media":"","overlay-type":"","overlay-color":"","overlay-opacity":"","overlay-gradient":""},"mobile":{"background-color":"","background-image":"","background-repeat":"repeat","background-position":"center center","background-size":"auto","background-attachment":"scroll","background-type":"","background-media":"","overlay-type":"","overlay-color":"","overlay-opacity":"","overlay-gradient":""}},"ast-content-background-meta":{"desktop":{"background-color":"var(--ast-global-color-5)","background-image":"","background-repeat":"repeat","background-position":"center center","background-size":"auto","background-attachment":"scroll","background-type":"","background-media":"","overlay-type":"","overlay-color":"","overlay-opacity":"","overlay-gradient":""},"tablet":{"background-color":"var(--ast-global-color-5)","background-image":"","background-repeat":"repeat","background-position":"center center","background-size":"auto","background-attachment":"scroll","background-type":"","background-media":"","overlay-type":"","overlay-color":"","overlay-opacity":"","overlay-gradient":""},"mobile":{"background-color":"var(--ast-global-color-5)","background-image":"","background-repeat":"repeat","background-position":"center center","background-size":"auto","background-attachment":"scroll","background-type":"","background-media":"","overlay-type":"","overlay-color":"","overlay-opacity":"","overlay-gradient":""}},"footnotes":""},"class_list":["post-2088","page","type-page","status-publish","hentry"],"post_mailing_queue_ids":[],"_links":{"self":[{"href":"https:\/\/agora.xtec.cat\/escolaadultspremia\/wp-json\/wp\/v2\/pages\/2088","targetHints":{"allow":["GET"]}}],"collection":[{"href":"https:\/\/agora.xtec.cat\/escolaadultspremia\/wp-json\/wp\/v2\/pages"}],"about":[{"href":"https:\/\/agora.xtec.cat\/escolaadultspremia\/wp-json\/wp\/v2\/types\/page"}],"author":[{"embeddable":true,"href":"https:\/\/agora.xtec.cat\/escolaadultspremia\/wp-json\/wp\/v2\/users\/1"}],"replies":[{"embeddable":true,"href":"https:\/\/agora.xtec.cat\/escolaadultspremia\/wp-json\/wp\/v2\/comments?post=2088"}],"version-history":[{"count":6,"href":"https:\/\/agora.xtec.cat\/escolaadultspremia\/wp-json\/wp\/v2\/pages\/2088\/revisions"}],"predecessor-version":[{"id":3648,"href":"https:\/\/agora.xtec.cat\/escolaadultspremia\/wp-json\/wp\/v2\/pages\/2088\/revisions\/3648"}],"up":[{"embeddable":true,"href":"https:\/\/agora.xtec.cat\/escolaadultspremia\/wp-json\/wp\/v2\/pages\/2078"}],"wp:attachment":[{"href":"https:\/\/agora.xtec.cat\/escolaadultspremia\/wp-json\/wp\/v2\/media?parent=2088"}],"curies":[{"name":"wp","href":"https:\/\/api.w.org\/{rel}","templated":true}]}}