{"id":1880,"date":"2020-07-14T21:54:24","date_gmt":"2020-07-14T19:54:24","guid":{"rendered":"http:\/\/agora.xtec.cat\/escolaadultspremia\/?page_id=1880"},"modified":"2021-03-05T10:21:13","modified_gmt":"2021-03-05T09:21:13","slug":"el-centre-nou","status":"publish","type":"page","link":"https:\/\/agora.xtec.cat\/escolaadultspremia\/el-centre\/el-centre-nou\/","title":{"rendered":"El centre"},"content":{"rendered":"<p style=\"text-align: justify;\">L\u2019escola s\u2019ubica al municipi de Premi\u00e0 de Mar, amb una poblaci\u00f3 de 28.119 habitants (cens de 2019) i una extensi\u00f3 de 2,2 km\u00b2.<br \/>\nPremi\u00e0 de Mar ha passat de ser una zona industrial (de filatura i estampaci\u00f3 t\u00e8xtil) a un important nucli comercial i residencial del Baix Maresme.<\/p>\n<p style=\"text-align: justify;\">L\u2019escola es troba a l\u2019edifici municipal Santa Tecla des del curs 1991-92.<\/p>\n<p style=\"text-align: justify;\">La localitzaci\u00f3 de l\u2019edifici \u00e9s propera a l\u2019estaci\u00f3 de RENFE i a parades d\u2019autobusos que comuniquen amb les poblacions properes de les que tamb\u00e9 v\u00e9nen alumnes, ja que queden m\u00e9s properes en dist\u00e0ncia que Matar\u00f3. Els alumnes a m\u00e9s a m\u00e9s de Premi\u00e0 de Mar v\u00e9nen del Masnou, Tiana, Premi\u00e0 de Dalt, Vilassar de Dalt, Tei\u00e0, Alella, Dosrius\u2026<\/p>\n<p style=\"text-align: justify;\">En aquest edifici hi ha una entitat m\u00e9s: l\u2019Oficina de Catal\u00e0 del Consorci per a la Normalitzaci\u00f3 Ling\u00fc\u00edstica. Els espais que disposa l\u2019escola s\u00f3n 5 aules, 1 aula d\u2019inform\u00e0tica i aula d\u2019estudi i la sala de professors.<\/p>\n<p style=\"text-align: justify;\">El Centre de Formaci\u00f3 d&#8217;Adults (CFA) de Premi\u00e0 de Mar \u00e9s un centre p\u00fablic i gratu\u00eft que funciona des de l\u2019any 1983. Dep\u00e8n de la Generalitat de Catalunya (Departament d\u2019Ensenyament) i de l\u2019Ajuntament de Premi\u00e0 de Mar. El centre cobreix tres franges hor\u00e0ries: mat\u00ed, tarda i vespre.<\/p>\n<p style=\"text-align: justify;\">L\u2019horari general del centre \u00e9s de 9:00 a 14:00 i de 15:00 a 21:00 h.<\/p>\n<p style=\"text-align: justify;\">S\u2019hi imparteixen nivells d\u2019ensenyament reglat: Formaci\u00f3 Instrumental I i II (alfabetitzaci\u00f3); Graduat en Educaci\u00f3 Secund\u00e0ria (GES) i formaci\u00f3 per accedir a les proves que permeten cursar els Cicles Formatius de Grau Superior i acc\u00e9s a la Universitat per majors de 25 anys. S&#8217;imparteixen ensenyaments inicials de catal\u00e0, castell\u00e0, angl\u00e8s aix\u00ed com tamb\u00e9 els COMPETICs (inform\u00e0tica).<\/p>\n","protected":false},"excerpt":{"rendered":"<p>L\u2019escola s\u2019ubica al municipi de Premi\u00e0 de Mar, amb una poblaci\u00f3 de 28.119 habitants (cens de 2019) i una extensi\u00f3 [&hellip;]<\/p>\n","protected":false},"author":1,"featured_media":0,"parent":261,"menu_order":0,"comment_status":"closed","ping_status":"closed","template":"page-templates\/side-menu.php","meta":{"_bbp_topic_count":0,"_bbp_reply_count":0,"_bbp_total_topic_count":0,"_bbp_total_reply_count":0,"_bbp_voice_count":0,"_bbp_anonymous_reply_count":0,"_bbp_topic_count_hidden":0,"_bbp_reply_count_hidden":0,"_bbp_forum_subforum_count":0,"site-sidebar-layout":"default","site-content-layout":"","ast-site-content-layout":"","site-content-style":"default","site-sidebar-style":"default","ast-global-header-display":"","ast-banner-title-visibility":"","ast-main-header-display":"","ast-hfb-above-header-display":"","ast-hfb-below-header-display":"","ast-hfb-mobile-header-display":"","site-post-title":"","ast-breadcrumbs-content":"","ast-featured-img":"","footer-sml-layout":"","theme-transparent-header-meta":"","adv-header-id-meta":"","stick-header-meta":"","header-above-stick-meta":"","header-main-stick-meta":"","header-below-stick-meta":"","astra-migrate-meta-layouts":"default","ast-page-background-enabled":"default","ast-page-background-meta":{"desktop":{"background-color":"var(--ast-global-color-4)","background-image":"","background-repeat":"repeat","background-position":"center center","background-size":"auto","background-attachment":"scroll","background-type":"","background-media":"","overlay-type":"","overlay-color":"","overlay-opacity":"","overlay-gradient":""},"tablet":{"background-color":"","background-image":"","background-repeat":"repeat","background-position":"center center","background-size":"auto","background-attachment":"scroll","background-type":"","background-media":"","overlay-type":"","overlay-color":"","overlay-opacity":"","overlay-gradient":""},"mobile":{"background-color":"","background-image":"","background-repeat":"repeat","background-position":"center center","background-size":"auto","background-attachment":"scroll","background-type":"","background-media":"","overlay-type":"","overlay-color":"","overlay-opacity":"","overlay-gradient":""}},"ast-content-background-meta":{"desktop":{"background-color":"var(--ast-global-color-5)","background-image":"","background-repeat":"repeat","background-position":"center center","background-size":"auto","background-attachment":"scroll","background-type":"","background-media":"","overlay-type":"","overlay-color":"","overlay-opacity":"","overlay-gradient":""},"tablet":{"background-color":"var(--ast-global-color-5)","background-image":"","background-repeat":"repeat","background-position":"center center","background-size":"auto","background-attachment":"scroll","background-type":"","background-media":"","overlay-type":"","overlay-color":"","overlay-opacity":"","overlay-gradient":""},"mobile":{"background-color":"var(--ast-global-color-5)","background-image":"","background-repeat":"repeat","background-position":"center center","background-size":"auto","background-attachment":"scroll","background-type":"","background-media":"","overlay-type":"","overlay-color":"","overlay-opacity":"","overlay-gradient":""}},"footnotes":""},"class_list":["post-1880","page","type-page","status-publish","hentry"],"post_mailing_queue_ids":[],"_links":{"self":[{"href":"https:\/\/agora.xtec.cat\/escolaadultspremia\/wp-json\/wp\/v2\/pages\/1880","targetHints":{"allow":["GET"]}}],"collection":[{"href":"https:\/\/agora.xtec.cat\/escolaadultspremia\/wp-json\/wp\/v2\/pages"}],"about":[{"href":"https:\/\/agora.xtec.cat\/escolaadultspremia\/wp-json\/wp\/v2\/types\/page"}],"author":[{"embeddable":true,"href":"https:\/\/agora.xtec.cat\/escolaadultspremia\/wp-json\/wp\/v2\/users\/1"}],"replies":[{"embeddable":true,"href":"https:\/\/agora.xtec.cat\/escolaadultspremia\/wp-json\/wp\/v2\/comments?post=1880"}],"version-history":[{"count":3,"href":"https:\/\/agora.xtec.cat\/escolaadultspremia\/wp-json\/wp\/v2\/pages\/1880\/revisions"}],"predecessor-version":[{"id":2264,"href":"https:\/\/agora.xtec.cat\/escolaadultspremia\/wp-json\/wp\/v2\/pages\/1880\/revisions\/2264"}],"up":[{"embeddable":true,"href":"https:\/\/agora.xtec.cat\/escolaadultspremia\/wp-json\/wp\/v2\/pages\/261"}],"wp:attachment":[{"href":"https:\/\/agora.xtec.cat\/escolaadultspremia\/wp-json\/wp\/v2\/media?parent=1880"}],"curies":[{"name":"wp","href":"https:\/\/api.w.org\/{rel}","templated":true}]}}

<p style="text-align: justify;">L’escola s’ubica al municipi de Premià de Mar, amb una població de 28.119 habitants (cens de 2019) i una extensió de 2,2 km².<br />
Premià de Mar ha passat de ser una zona industrial (de filatura i estampació tèxtil) a un important nucli comercial i residencial del Baix Maresme.</p>
<p style="text-align: justify;">L’escola es troba a l’edifici municipal Santa Tecla des del curs 1991-92.</p>
<p style="text-align: justify;">La localització de l’edifici és propera a l’estació de RENFE i a parades d’autobusos que comuniquen amb les poblacions properes de les que també vénen alumnes, ja que queden més properes en distància que Mataró. Els alumnes a més a més de Premià de Mar vénen del Masnou, Tiana, Premià de Dalt, Vilassar de Dalt, Teià, Alella, Dosrius…</p>
<p style="text-align: justify;">En aquest edifici hi ha una entitat més: l’Oficina de Català del Consorci per a la Normalització Lingüística. Els espais que disposa l’escola són 5 aules, 1 aula d’informàtica i aula d’estudi i la sala de professors.</p>
<p style="text-align: justify;">El Centre de Formació d&#8217;Adults (CFA) de Premià de Mar és un centre públic i gratuït que funciona des de l’any 1983. Depèn de la Generalitat de Catalunya (Departament d’Ensenyament) i de l’Ajuntament de Premià de Mar. El centre cobreix tres franges horàries: matí, tarda i vespre.</p>
<p style="text-align: justify;">L’horari general del centre és de 9:00 a 14:00 i de 15:00 a 21:00 h.</p>
<p style="text-align: justify;">S’hi imparteixen nivells d’ensenyament reglat: Formació Instrumental I i II (alfabetització); Graduat en Educació Secundària (GES) i formació per accedir a les proves que permeten cursar els Cicles Formatius de Grau Superior i accés a la Universitat per majors de 25 anys. S&#8217;imparteixen ensenyaments inicials de català, castellà, anglès així com també els COMPETICs (informàtica).</p>

<p>L’escola s’ubica al municipi de Premià de Mar, amb una població de 28.119 habitants (cens de 2019) i una extensió [&hellip;]</p>
