{"id":1696,"date":"2020-06-06T20:20:29","date_gmt":"2020-06-06T18:20:29","guid":{"rendered":"http:\/\/agora.xtec.cat\/escolaadultspremia\/?page_id=1696"},"modified":"2025-09-02T11:28:48","modified_gmt":"2025-09-02T09:28:48","slug":"competics","status":"publish","type":"page","link":"https:\/\/agora.xtec.cat\/escolaadultspremia\/el-centre\/ensenyaments\/transprofessionals\/competics\/","title":{"rendered":"COMPETIC"},"content":{"rendered":"\n<h3 class=\"wp-block-heading has-text-align-center has-luminous-vivid-amber-background-color has-background\">Descripci\u00f3 de l&#8217;ensenyament<\/h3>\n\n\n\n<p>Els ensenyaments d\u2019inform\u00e0tica a l\u2019educaci\u00f3 d\u2019adults \u2014<strong>COMPETIC<\/strong>\u2014&nbsp;tenen com objectiu facilitar l\u2019adquisici\u00f3 de la&nbsp;<strong>compet\u00e8ncia digital<\/strong>, entesa com la combinaci\u00f3 de coneixements, habilitats i actituds en l\u2019\u00e0mbit de les tecnologies de la informaci\u00f3 i la comunicaci\u00f3 (TIC) per desenvolupar-se en la societat actual.<\/p>\n\n\n\n<h3 class=\"wp-block-heading has-text-align-center has-luminous-vivid-amber-background-color has-background\">Nivells i modalitats- Curs 2025-2026<\/h3>\n\n\n\n<ul class=\"wp-block-list\">\n<li><strong>COMPETIC 2 <\/strong>(de setembre a juny) en modalitat <strong>ONLINE<\/strong>.<\/li>\n\n\n\n<li><strong>COMPETIC 3<\/strong> (curs trimestral) en modalitat <strong>ONLINE<\/strong>.<\/li>\n<\/ul>\n\n\n\n<p>La <strong>modalitat a dist\u00e0ncia<\/strong> \u00e9s <strong>as\u00edncrona<\/strong>, \u00e9s a dir, no es s&#8217;imparteix mitjan\u00e7ant videotrucades sin\u00f3 que l&#8217;alumne disposar\u00e0 de tots els recursos necessaris per realitzar les tasques a la plataforma Moodle.<\/p>\n\n\n\n<h3 class=\"wp-block-heading has-text-align-center has-border-color has-luminous-vivid-amber-border-color has-luminous-vivid-amber-background-color has-background\" style=\"border-width:5px\"><strong>COMPETIC 2<\/strong> (modalitat ONLINE)<\/h3>\n\n\n\n<h5 class=\"wp-block-heading\" style=\"border-style:none;border-width:0px\">Descripci\u00f3 i requisits<\/h5>\n\n\n\n<p>El COMPETIC 2 va adre\u00e7at a les persones que ja <strong>hagin cursat el COMPETIC 1<\/strong> o l&#8217;<strong>ACTIC inicial<\/strong>. Si no es disposa de cap d&#8217;aquests certificats, s&#8217;haur\u00e0 de realitzar la <strong>prova de nivell<\/strong>, que dura aproximadament uns 30 minuts. En aquest ensenyament <strong>es treballen les 8 compet\u00e8ncies<\/strong> i s&#8217;aprofundeix en els coneixements assolits en el COMPETIC 1.<\/p>\n\n\n\n<p>Aquest curs 2025 2026 la modalitat del COMPETIC 2 ser\u00e0 ONLINE.<\/p>\n\n\n\n<div class=\"wp-block-buttons is-content-justification-center is-layout-flex wp-container-core-buttons-is-layout-1 wp-block-buttons-is-layout-flex\">\n<div class=\"wp-block-button has-custom-width wp-block-button__width-50 has-custom-font-size has-medium-font-size\"><a class=\"wp-block-button__link wp-element-button\" href=\"https:\/\/youtube.com\/playlist?list=PL8WL56tLXnJ6qBM3QAWHVyo8iJmg1VfsU&amp;feature=shared\"><strong>VIDEOTUTORIALS COMPETIC 2<\/strong><\/a><\/div>\n<\/div>\n\n\n\n<h5 class=\"wp-block-heading\" style=\"border-style:none;border-width:0px\">Avaluaci\u00f3 del curs<\/h5>\n\n\n\n<p>El curs s&#8217;avalua a trav\u00e9s de les <strong>tasques setmanals<\/strong> i d&#8217;un <strong>projecte final<\/strong>. L&#8217;alumnat que <strong>superi<\/strong> <strong>l&#8217;avaluaci\u00f3 continuada<\/strong> realitzar\u00e0<strong> <strong>a finals de maig<\/strong> el projecte final<\/strong> dictat pel Departament d&#8217;Educaci\u00f3, que \u00e9s requisit indispensable per obtenir el certificat.<\/p>\n\n\n\n<h3 class=\"wp-block-heading has-text-align-center has-border-color has-luminous-vivid-amber-border-color has-luminous-vivid-amber-background-color has-background\" style=\"border-width:5px\"><strong>COMPETIC 3<\/strong> (Modalitat ONLINE)<\/h3>\n\n\n\n<h5 class=\"wp-block-heading\" style=\"border-style:none;border-width:0px\">Descripci\u00f3 i requisits<\/h5>\n\n\n\n<p>Per accedir al <strong>COMPETIC 3<\/strong> cal disposar del certificat de l&#8217;<strong>ACTIC mitj\u00e0<\/strong> o del <strong>COMPETIC 2<\/strong>.<\/p>\n\n\n\n<p><strong>En el grup semipresencial, <\/strong>s&#8217;ha d&#8217;assistir a 1,5h de classe a l&#8217;escola de forma presencial (un dia a la setmana), les tasques es fan online i la realitzaci\u00f3 del projecte es fa al centre (3h) al final del trimestre.<\/p>\n\n\n\n<p>L&#8217;alumnat que no disposi d&#8217;ordinador a casa podr\u00e0 fer \u00fas dels ordinadors del centre.<\/p>\n\n\n\n<div class=\"wp-block-buttons is-content-justification-center is-layout-flex wp-container-core-buttons-is-layout-2 wp-block-buttons-is-layout-flex\">\n<div class=\"wp-block-button has-custom-width wp-block-button__width-50 has-custom-font-size has-medium-font-size\"><a class=\"wp-block-button__link wp-element-button\" href=\"https:\/\/youtube.com\/playlist?list=PL8WL56tLXnJ7OqVfCBwSwz4LudhkFH46X&amp;feature=shared\"><strong>VIDEOTUTORIALS COMPETIC 3<\/strong><\/a><\/div>\n<\/div>\n\n\n\n<h5 class=\"wp-block-heading\" style=\"border-style:none;border-width:0px\">Avaluaci\u00f3 del curs<\/h5>\n\n\n\n<p>El COMPETIC 3 es treballa per compet\u00e8ncies de forma trimestral. Cada trimestre es realitza i avalua una compet\u00e8ncia diferent. Per aprovar cada compet\u00e8ncia cal aprovar les <strong>tasques setmanals de l&#8217;avaluaci\u00f3 continuada<\/strong> i tamb\u00e9 el <strong>projecte final<\/strong> dictat pel Departament d&#8217;Educaci\u00f3 que es realitza de forma <strong>presencial<\/strong> al centre. <\/p>\n\n\n\n<p>Cal superar un <strong>m\u00ednim de dues compet\u00e8ncies<\/strong> per obtenir el certificat del curs COMPETIC 3. Les compet\u00e8ncies es poden cursar en trimestres no consecutius.<\/p>\n\n\n\n<p>En aquest ensenyament es treballa una sola compet\u00e8ncia per trimestre que inclou l&#8217;avaluaci\u00f3 cont\u00ednua i el projecte a finals del trimestre.<\/p>\n\n\n\n<h5 class=\"wp-block-heading has-light-green-cyan-background-color has-background\">Compet\u00e8ncies COMPETIC 3 del curs 2025-2026<\/h5>\n\n\n\n<p>Primer Trimestre:<\/p>\n\n\n\n<ul class=\"wp-block-list\">\n<li><strong>Curs online:<\/strong> <em>Tractament de la informaci\u00f3 num\u00e8rica (C6)<\/em><\/li>\n<\/ul>\n\n\n\n<p>Segon Trimestre:<\/p>\n\n\n\n<ul class=\"wp-block-list\">\n<li><strong>Curs online:<\/strong> <em>Tractament de la informaci\u00f3 sonora, gr\u00e0fica i de la imatge en moviment (C5)<\/em><\/li>\n<\/ul>\n\n\n\n<p>Tercer Trimestre:<\/p>\n\n\n\n<ul class=\"wp-block-list\">\n<li><strong>Curs online:<\/strong> <em>Tractament de la informaci\u00f3 escrita (C4)<\/em><\/li>\n<\/ul>\n\n\n\n<h4 class=\"wp-block-heading\">&nbsp;<\/h4>\n\n\n\n<h3 class=\"wp-block-heading has-text-align-center has-luminous-vivid-amber-background-color has-background\">Dubtes m\u00e9s freq\u00fcents:<\/h3>\n\n\n\n<p><strong>Quant dura cada compet\u00e8ncia?<\/strong><\/p>\n\n\n\n<p>Cada compet\u00e8ncia dura aproximadament un trimestre. S\u00f3n 8 setmanes de teoria on cada setmana s&#8217;explica un tema i es deixa una setmana per fer les tasques (deures). Al final de les 8 setmanes es realitza el projecte (examen) que el determina el Departament d&#8217;Educaci\u00f3. Cal superar les tasques de les 8 setmanes de curs i el projecte per tenir el certificat d&#8217;aquella compet\u00e8ncia.<\/p>\n\n\n\n<p><strong>Quantes compet\u00e8ncies necessito tenir?<\/strong><\/p>\n\n\n\n<p>Per obtenir el certificat del COMPETIC 3 cal superar com a m\u00ednim 2 compet\u00e8ncies. Per tant, si has obtingut una compet\u00e8ncia al primer trimestre pots cursar la segona compet\u00e8ncia al segon o tercer trimestre, dep\u00e8n de la pressa que tinguis per obtenir el t\u00edtol. Si has fet la primera compet\u00e8ncia al tercer trimestre tens prioritat per cursar la segona el primer trimestre del curs seg\u00fcent, al setembre.<\/p>\n\n\n\n<p>Si es necessita el COMPETIC com a m\u00e8rits per oposicions, concurs de trasllats&#8230; amb dues compet\u00e8ncies en tens prou, per\u00f2 si el necessites per presentar en un lloc de treball recomanem que com m\u00e9s compet\u00e8ncies tinguis millor.<\/p>\n\n\n\n<p><strong>Puc fer una compet\u00e8ncia en un centre i l&#8217;altre en un altre per anar m\u00e9s de pressa a treure&#8217;m el t\u00edtol?<\/strong><\/p>\n\n\n\n<p>En dos centres diferents no est\u00e0 estipulat. En principi no es pot fer, ja que no es pot estar matriculat en dos centres del Departament d&#8217;Educaci\u00f3 pel mateix ensenyament.<\/p>\n\n\n\n<p><strong>En puc fer dues al mateix centre al mateix temps?<\/strong><\/p>\n\n\n\n<p>S\u00ed, sempre que durant aquell trimestre el centre n&#8217;ofereixi dues.<\/p>\n\n\n\n<p><strong>Puc fer alguna compet\u00e8ncia durant l&#8217;estiu?<\/strong><\/p>\n\n\n\n<p>Les escoles d&#8217;adults tanquem durant els mesos d&#8217;estiu, com tots els altres centres, escoles, instituts&#8230; per tant, nosaltres no oferim el COMPETIC 3 durant el juliol ni l&#8217;agost.<\/p>\n\n\n\n<p><strong>Puc fer una compet\u00e8ncia en una escola d&#8217;adults i una altra amb la prova ACTIC?<\/strong><\/p>\n\n\n\n<p>No, ja que, encara que siguin t\u00edtols equivalents, pel que fa als certificats, s\u00f3n diferents.<\/p>\n\n\n\n<p><strong>Qu\u00e8 \u00e9s la prova ACTIC?<\/strong><\/p>\n\n\n\n<p>La prova ACTIC \u00e9s una prova a la qual et presentes per lliure, sense assistir a un curs. \u00c9s completament diferent del COMPETIC i les escoles d&#8217;adults no coneixem les preguntes. Enlla\u00e7 al web de l&#8217;ACTIC: <a href=\"https:\/\/actic.gencat.cat\/ca\/inici\/index.html\">https:\/\/actic.gencat.cat\/ca\/inici\/index.html<\/a><\/p>\n\n\n\n<h3 class=\"wp-block-heading has-text-align-center has-luminous-vivid-amber-background-color has-background\">Normes per l&#8217;o<b>rdre d&#8217;assignaci\u00f3 de places<\/b><\/h3>\n\n\n\n<p>En cas d&#8217;haver-hi m\u00e9s sol\u00b7licituds que places disponibles, l&#8217;assignaci\u00f3 de les places es far\u00e0 atenent-se als seg\u00fcents criteris:<\/p>\n\n\n\n<ol class=\"wp-block-list\">\n<li>Alumnes del CFA Premi\u00e0 que els falta 1 compet\u00e8ncia per assolir el t\u00edtol.<\/li>\n\n\n\n<li>Alumnes&nbsp;del CFA Premi\u00e0 que han acabat el Competic 2 el curs anterior.<\/li>\n\n\n\n<li>Alumnes externs que tenen l&#8217;ACTIC mitj\u00e0 o Competic 2 en un altre centre.<\/li>\n\n\n\n<li>Alumnes del CFA Premi\u00e0 o externs que ja tenen el t\u00edtol i volen ampliar coneixements amb altres compet\u00e8ncies.<\/li>\n<\/ol>\n\n\n\n<p>Si despr\u00e9s de seguir aquests criteris hi ha m\u00e9s demanda que oferta, <strong>es procedir\u00e0 a fer un sorteig<\/strong>.<\/p>\n\n\n\n<p>A partir que s&#8217;hagi iniciat el curs al setembre, en cas de no haver-hi pla\u00e7a, us podeu <strong>apuntar a la llista d&#8217;espera<\/strong> a la p\u00e0gina principal del nostre web.<\/p>\n\n\n\n<h3 class=\"wp-block-heading has-text-align-center has-luminous-vivid-amber-background-color has-background\">CERTIFICATS<\/h3>\n\n\n\n<h3 class=\"wp-block-heading\">Equival\u00e8ncia del Competic amb les proves ACTIC:<\/h3>\n\n\n\n<p>Els certificats dels cursos de compet\u00e8ncia digital (COMPETIC) de l&#8217;educaci\u00f3 de persones adultes impartits en els centres o aules de formaci\u00f3 de persones adultes dependents del Departament d&#8217;Ensenyament obtinguts a partir del curs acad\u00e8mic 2016-2017 es consideren equivalents als certificats de l&#8217;acreditaci\u00f3 de compet\u00e8ncies en tecnologies de la informaci\u00f3 i la comunicaci\u00f3 (ACTIC) referits als continguts aprovats per l&#8217;Ordre PRE\/18\/2016, de 8 de febrer, d&#8217;acord amb la correspond\u00e8ncia seg\u00fcent:<\/p>\n\n\n\n<p>a) <strong>COMPETIC 1<\/strong> equival al <strong>certificat b\u00e0sic de l&#8217;ACTIC<\/strong>.<\/p>\n\n\n\n<p>b) <strong>COMPETIC 2<\/strong> equival al <strong>certificat mitj\u00e0 de l&#8217;ACTIC.<\/strong><\/p>\n\n\n\n<p>c) <strong>COMPETIC 3<\/strong> equival al <strong>certificat avan\u00e7at de l&#8217;ACTIC<\/strong>, en relaci\u00f3 amb les compet\u00e8ncies que hi consten com a aptes, que han de ser dues com a m\u00ednim.<\/p>\n","protected":false},"excerpt":{"rendered":"<p>Descripci\u00f3 de l&#8217;ensenyament Els ensenyaments d\u2019inform\u00e0tica a l\u2019educaci\u00f3 d\u2019adults \u2014COMPETIC\u2014&nbsp;tenen com objectiu facilitar l\u2019adquisici\u00f3 de la&nbsp;compet\u00e8ncia digital, entesa com la [&hellip;]<\/p>\n","protected":false},"author":12,"featured_media":0,"parent":2096,"menu_order":0,"comment_status":"closed","ping_status":"closed","template":"","meta":{"_bbp_topic_count":0,"_bbp_reply_count":0,"_bbp_total_topic_count":0,"_bbp_total_reply_count":0,"_bbp_voice_count":0,"_bbp_anonymous_reply_count":0,"_bbp_topic_count_hidden":0,"_bbp_reply_count_hidden":0,"_bbp_forum_subforum_count":0,"site-sidebar-layout":"default","site-content-layout":"","ast-site-content-layout":"default","site-content-style":"default","site-sidebar-style":"default","ast-global-header-display":"","ast-banner-title-visibility":"","ast-main-header-display":"","ast-hfb-above-header-display":"","ast-hfb-below-header-display":"","ast-hfb-mobile-header-display":"","site-post-title":"","ast-breadcrumbs-content":"","ast-featured-img":"","footer-sml-layout":"","theme-transparent-header-meta":"","adv-header-id-meta":"","stick-header-meta":"","header-above-stick-meta":"","header-main-stick-meta":"","header-below-stick-meta":"","astra-migrate-meta-layouts":"set","ast-page-background-enabled":"default","ast-page-background-meta":{"desktop":{"background-color":"var(--ast-global-color-4)","background-image":"","background-repeat":"repeat","background-position":"center center","background-size":"auto","background-attachment":"scroll","background-type":"","background-media":"","overlay-type":"","overlay-color":"","overlay-opacity":"","overlay-gradient":""},"tablet":{"background-color":"","background-image":"","background-repeat":"repeat","background-position":"center center","background-size":"auto","background-attachment":"scroll","background-type":"","background-media":"","overlay-type":"","overlay-color":"","overlay-opacity":"","overlay-gradient":""},"mobile":{"background-color":"","background-image":"","background-repeat":"repeat","background-position":"center center","background-size":"auto","background-attachment":"scroll","background-type":"","background-media":"","overlay-type":"","overlay-color":"","overlay-opacity":"","overlay-gradient":""}},"ast-content-background-meta":{"desktop":{"background-color":"var(--ast-global-color-5)","background-image":"","background-repeat":"repeat","background-position":"center center","background-size":"auto","background-attachment":"scroll","background-type":"","background-media":"","overlay-type":"","overlay-color":"","overlay-opacity":"","overlay-gradient":""},"tablet":{"background-color":"var(--ast-global-color-5)","background-image":"","background-repeat":"repeat","background-position":"center center","background-size":"auto","background-attachment":"scroll","background-type":"","background-media":"","overlay-type":"","overlay-color":"","overlay-opacity":"","overlay-gradient":""},"mobile":{"background-color":"var(--ast-global-color-5)","background-image":"","background-repeat":"repeat","background-position":"center center","background-size":"auto","background-attachment":"scroll","background-type":"","background-media":"","overlay-type":"","overlay-color":"","overlay-opacity":"","overlay-gradient":""}},"footnotes":""},"class_list":["post-1696","page","type-page","status-publish","hentry"],"post_mailing_queue_ids":[],"_links":{"self":[{"href":"https:\/\/agora.xtec.cat\/escolaadultspremia\/wp-json\/wp\/v2\/pages\/1696","targetHints":{"allow":["GET"]}}],"collection":[{"href":"https:\/\/agora.xtec.cat\/escolaadultspremia\/wp-json\/wp\/v2\/pages"}],"about":[{"href":"https:\/\/agora.xtec.cat\/escolaadultspremia\/wp-json\/wp\/v2\/types\/page"}],"author":[{"embeddable":true,"href":"https:\/\/agora.xtec.cat\/escolaadultspremia\/wp-json\/wp\/v2\/users\/12"}],"replies":[{"embeddable":true,"href":"https:\/\/agora.xtec.cat\/escolaadultspremia\/wp-json\/wp\/v2\/comments?post=1696"}],"version-history":[{"count":5,"href":"https:\/\/agora.xtec.cat\/escolaadultspremia\/wp-json\/wp\/v2\/pages\/1696\/revisions"}],"predecessor-version":[{"id":3728,"href":"https:\/\/agora.xtec.cat\/escolaadultspremia\/wp-json\/wp\/v2\/pages\/1696\/revisions\/3728"}],"up":[{"embeddable":true,"href":"https:\/\/agora.xtec.cat\/escolaadultspremia\/wp-json\/wp\/v2\/pages\/2096"}],"wp:attachment":[{"href":"https:\/\/agora.xtec.cat\/escolaadultspremia\/wp-json\/wp\/v2\/media?parent=1696"}],"curies":[{"name":"wp","href":"https:\/\/api.w.org\/{rel}","templated":true}]}}