{"id":1610,"date":"2020-05-28T07:21:57","date_gmt":"2020-05-28T05:21:57","guid":{"rendered":"http:\/\/agora.xtec.cat\/escolaadultspremia\/?page_id=1610"},"modified":"2025-12-04T15:38:52","modified_gmt":"2025-12-04T14:38:52","slug":"oferta-formativa-2020-2021","status":"publish","type":"page","link":"https:\/\/agora.xtec.cat\/escolaadultspremia\/el-centre\/el-centre-nou\/oferta-formativa-2020-2021\/","title":{"rendered":"Oferta formativa 2025-2026"},"content":{"rendered":"\n<h1 class=\"wp-block-heading has-text-align-center has-luminous-vivid-amber-background-color has-background\"><strong>ENSENYAMENTS&nbsp;<\/strong><\/h1>\n\n\n\n<p class=\"has-text-align-center\"><span style=\"color: #0000ff;\"><span style=\"color: #000000;\"><strong>Grups i torns assignats pel curs 2025 &#8211; 2026:<\/strong><\/span><\/span><\/p>\n\n\n\n<p class=\"has-text-align-center\"><span style=\"color: #0000ff;\"><strong>Mat\u00ed: 9:00-13:00<\/strong><\/span><\/p>\n\n\n\n<p class=\"has-text-align-center\"><span style=\"color: #008000;\"><strong>Tarda: 15:00-17:00<\/strong><\/span><\/p>\n\n\n\n<p class=\"has-text-align-center\"><span style=\"color: #ff6600;\"><strong>Vespre: 17:00-21:30<\/strong><\/span><\/p>\n\n\n\n<h2 class=\"wp-block-heading has-text-align-center has-luminous-vivid-amber-background-color has-background\"><span style=\"color: #000000;\">Quadre d&#8217;oferta formativa<\/span><\/h2>\n\n\n\n<h3 class=\"wp-block-heading has-text-align-center has-pale-cyan-blue-background-color has-background\"><strong><span style=\"text-decoration: underline;\">Formaci\u00f3 Instrumental (Educaci\u00f3 Prim\u00e0ria)<\/span>&nbsp;&nbsp;&nbsp;&nbsp;<\/strong><\/h3>\n\n\n\n<h5 class=\"wp-block-heading has-text-align-center\"><span style=\"color: #000000;\"><strong>8 hores setmanals<\/strong> impartides en catal\u00e0 i castell\u00e0<\/span><\/h5>\n\n\n\n<p class=\"has-text-align-center\">Persones amb necessitats de formaci\u00f3 b\u00e0sica en lectura, escriptura, c\u00e0lcul\u2026 Alumnes que vulguin obtenir el certificat d\u2019Estudis Primaris.<\/p>\n\n\n\n<p class=\"has-text-align-center\"><span style=\"color: #0000ff;\"><strong>Instrumental 1 MAT\u00cd<\/strong><\/span><\/p>\n\n\n\n<p class=\"has-text-align-center\"><span style=\"color: #ff6600;\"><strong>Instrumental 1 VESPRE<\/strong><\/span><\/p>\n\n\n\n<p class=\"has-text-align-center has-vivid-red-color has-text-color has-link-color wp-elements-7c15507954831f2b12214fd53599a13c\"><span style=\"color: #008000;\"><strong>Instrumental 2 TARDA<\/strong><\/span> <strong>BIANUAL<\/strong><\/p>\n\n\n\n<p class=\"has-text-align-center\"><span style=\"color: #008000;\"><strong>Instrumental\u00a0 2 VESPRE<\/strong><\/span><\/p>\n\n\n\n<p class=\"has-text-align-center\"><span style=\"color: #ff6600;\"><strong>Instrumental 3 VESPRE<\/strong><\/span><\/p>\n\n\n\n<h3 class=\"wp-block-heading has-text-align-center has-pale-cyan-blue-background-color has-background\"><strong><span style=\"text-decoration: underline;\">Graduat en Educaci\u00f3 Secund\u00e0ria Obligat\u00f2ria (GESO)<\/span>&nbsp; <\/strong><\/h3>\n\n\n\n<h5 class=\"wp-block-heading has-text-align-center\"><span style=\"color: #000000;\"><strong>15 hores setmanals<\/strong><\/span><\/h5>\n\n\n\n<p class=\"has-text-align-center\">Alumnes que volen assolir el t\u00edtol de l\u2019ESO i han complert els 18 anys.<\/p>\n\n\n\n<p class=\"has-text-align-center\"><span style=\"color: #ff6600;\"><strong>GES 1\u00a0 VESPRE<\/strong><\/span><\/p>\n\n\n\n<p class=\"has-text-align-center\"><span style=\"color: #ff6600;\"><strong>GES 2\u00a0 VESPRE<\/strong><\/span><\/p>\n\n\n\n<h3 class=\"wp-block-heading has-text-align-center has-pale-cyan-blue-background-color has-background\"><span style=\"text-decoration: underline;\"><strong>COMPETIC<\/strong><\/span><strong> <br><\/strong><\/h3>\n\n\n\n<div class=\"wp-block-buttons is-content-justification-center is-layout-flex wp-container-core-buttons-is-layout-1 wp-block-buttons-is-layout-flex\">\n<div class=\"wp-block-button\"><a class=\"wp-block-button__link has-text-align-center wp-element-button\" href=\"https:\/\/agora.xtec.cat\/escolaadultspremia\/el-centre\/ensenyaments\/transprofessionals\/competics\/\">\u00a0ENLLA\u00c7 A LA P\u00c0GINA DE COMPETIC<\/a><\/div>\n<\/div>\n\n\n\n<h5 class=\"wp-block-heading has-text-align-center\"><span style=\"color: #000000;\">Persones majors de 18 anys que vulguin obtenir l&#8217;acreditaci\u00f3 oficial de la compet\u00e8ncia digital i millorar i els seus coneixements d\u2019inform\u00e0tica d\u2019usuari.<\/span><\/h5>\n\n\n\n<p class=\"has-text-align-center\"><strong><span style=\"color: #ff6600;\">COMPETIC 2 VESPRE <span style=\"color: #ff0000;\">(A DIST\u00c0NCIA) <span style=\"color: #000000;\">&#8211; 4<em>h setmanals<\/em><\/span><\/span><\/span><\/strong><strong><em><br><\/em><\/strong><\/p>\n\n\n\n<p class=\"has-text-align-center\"><span style=\"color: #ff6600;\"><strong>COMPETIC 3 VESPRE <span style=\"color: #ff0000;\">(A DIST\u00c0NCIA)<\/span><\/strong><\/span><\/p>\n\n\n\n<h3 class=\"wp-block-heading has-text-align-center has-pale-cyan-blue-background-color has-background\"><strong><span style=\"text-decoration: underline;\">Preparaci\u00f3 Proves d\u2019Acc\u00e9s a FP Grau Superior<\/span>&nbsp;&nbsp;&nbsp; <\/strong><\/h3>\n\n\n\n<h5 class=\"wp-block-heading has-text-align-center\"><span style=\"color: #000000;\"><strong>10 hores setmanals<\/strong><\/span><\/h5>\n\n\n\n<p class=\"has-text-align-center\">Persones majors de 18 anys que <strong>no<\/strong> han completat el Batxillerat i volen estudiar un Cicle Formatiu de Grau Superior.<\/p>\n\n\n\n<p class=\"has-text-align-center\"><span style=\"color: #0000ff;\"><strong>PPGS MAT\u00cd<\/strong><\/span><\/p>\n\n\n\n<h3 class=\"wp-block-heading has-text-align-center has-pale-cyan-blue-background-color has-background\"><strong><span style=\"text-decoration: underline;\">Preparaci\u00f3 Proves d\u2019Acc\u00e9s a Universitat Majors de 25 anys<\/span>&nbsp; &nbsp; <\/strong><\/h3>\n\n\n\n<h5 class=\"wp-block-heading has-text-align-center\"><span style=\"color: #000000;\"><strong>10 hores setmanals<\/strong><\/span><\/h5>\n\n\n\n<p class=\"has-text-align-center\">Persones majors de 25 anys que no han superat el Batxillerat ni la prova de Selectivitat (PAU) i volen cursar estudis universitaris.<\/p>\n\n\n\n<p class=\"has-text-align-center\"><span style=\"color: #0000ff;\"><strong>PPU25 MAT\u00cd<\/strong><\/span><\/p>\n\n\n\n<h3 class=\"wp-block-heading has-text-align-center has-pale-cyan-blue-background-color has-background\"><strong><span style=\"text-decoration: underline;\">Angl\u00e8s<\/span><\/strong><\/h3>\n\n\n\n<h5 class=\"wp-block-heading has-text-align-center\"><span style=\"color: #000000;\"><strong>3\/4 hores setmanals <\/strong><\/span><\/h5>\n\n\n\n<p class=\"has-text-align-center\"><strong>Torns: TARDA \/ VESPRE (de 17h a 19h)<\/strong><\/p>\n\n\n\n<p class=\"has-text-align-center\">Persones que volen iniciar-se en el coneixement de l\u2019angl\u00e8s, i persones amb coneixements previs que volen consolidar i millorar els seus coneixements.<\/p>\n\n\n\n<p class=\"has-text-align-center\"><span style=\"color: #0000ff;\"><strong>ANGL\u00c8S 1 MAT\u00cd<\/strong><\/span><\/p>\n\n\n\n<p class=\"has-text-align-center\"><span style=\"color: #008000;\"><strong>ANGL\u00c8S 2 TARDA<\/strong><\/span><\/p>\n\n\n\n<p class=\"has-text-align-center\"><span style=\"color: #ff6600;\"><strong>ANGL\u00c8S 3 VESPRE<br><\/strong><\/span><\/p>\n\n\n\n<p class=\"has-text-align-center\"><em>D\u2019acord amb els nivells comuns de refer\u00e8ncia del MECR, el curr\u00edculum s\u2019ha estructurat en tres nivells (nivell 1, nivell 2 i nivell 3), que es relacionen amb els seg\u00fcents: nivell d\u2019usuari\/\u00e0ria b\u00e0sic\/a A1, nivell d\u2019usuari\/\u00e0ria b\u00e0sic\/a A2 i nivell d\u2019usuari\/\u00e0ria independent B1. Aquest \u00faltim permet accedir a l&#8217;escola oficial d&#8217;idiomes.<\/em><\/p>\n\n\n\n<h3 class=\"wp-block-heading has-text-align-center has-pale-cyan-blue-background-color has-background\"><span style=\"text-decoration: underline;\"><strong>Catal\u00e0<\/strong><\/span><\/h3>\n\n\n\n<h5 class=\"wp-block-heading has-text-align-center\"><span style=\"color: #000000;\"><strong>3\/4 hores setmanals<\/strong><\/span><\/h5>\n\n\n\n<p class=\"has-text-align-center\">Persones que volen iniciar-se en el coneixement de la llengua catalana. Els cursos donen pas als ensenyaments oficials de nivell B1.<\/p>\n\n\n\n<p class=\"has-text-align-center\"><span style=\"color: #0000ff;\"><strong>CATAL\u00c0 1\u00a0 MAT\u00cd<\/strong><\/span><\/p>\n\n\n\n<p class=\"has-text-align-center\"><span style=\"color: #008000;\"><strong>CATAL\u00c0 1 TARDA<\/strong><\/span><\/p>\n\n\n\n<p class=\"has-text-align-center\"><span style=\"color: #ff6600;\"><strong>CATAL\u00c0 2\u00a0VESPRE<\/strong><\/span><\/p>\n\n\n\n<p class=\"has-text-align-center\"><em>D\u2019acord amb els nivells comuns de refer\u00e8ncia del MECR, el curr\u00edculum s\u2019ha estructurat en tres nivells (nivell 1, nivell 2 i nivell 3), que es relacionen amb els seg\u00fcents: nivell d\u2019usuari\/\u00e0ria b\u00e0sic\/a A1, nivell d\u2019usuari\/\u00e0ria b\u00e0sic\/a A2 i nivell d\u2019usuari\/\u00e0ria independent B1.<\/em><\/p>\n\n\n\n<h3 class=\"wp-block-heading has-text-align-center has-pale-cyan-blue-background-color has-background\"><span style=\"text-decoration: underline;\"><strong>Castell\u00e0<\/strong><\/span><\/h3>\n\n\n\n<h5 class=\"wp-block-heading has-text-align-center\"><span style=\"color: #000000;\"><strong>3\/4 hores setmanals<\/strong><\/span><\/h5>\n\n\n\n<p class=\"has-text-align-center\">Persones que no parlen el castell\u00e0 per\u00f2 han rebut formaci\u00f3 reglada al seu pa\u00eds d\u2019origen.<\/p>\n\n\n\n<p class=\"has-text-align-center\"><strong><span style=\"color: #0000ff;\">CASTELL\u00c0 1 MAT\u00cd<\/span><\/strong><\/p>\n\n\n\n<p class=\"has-text-align-center\"><span style=\"color: #ff6600;\"><strong>CASTELL\u00c0 1 VESPRE<\/strong><\/span><\/p>\n\n\n\n<p class=\"has-text-align-center\"><span style=\"color: #ff6600;\"><strong>CASTELL\u00c0 2 VESPRE<\/strong><\/span><\/p>\n\n\n\n<p class=\"has-text-align-center\"><strong><span style=\"color: #ff6600;\">CASTELL\u00c0 3 VESPRE\u00a0<\/span>\u00a0<\/strong><\/p>\n\n\n\n<p class=\"has-text-align-center\"><em>D\u2019acord amb els nivells comuns de refer\u00e8ncia del MECR, el curr\u00edculum s\u2019ha estructurat en tres nivells (nivell 1, nivell 2 i nivell 3), que es relacionen amb els seg\u00fcents: nivell d\u2019usuari\/\u00e0ria b\u00e0sic\/a A1, nivell d\u2019usuari\/\u00e0ria b\u00e0sic\/a A2 i nivell d\u2019usuari\/\u00e0ria independent B1.<\/em><\/p>\n","protected":false},"excerpt":{"rendered":"<p>ENSENYAMENTS&nbsp; Grups i torns assignats pel curs 2025 &#8211; 2026: Mat\u00ed: 9:00-13:00 Tarda: 15:00-17:00 Vespre: 17:00-21:30 Quadre d&#8217;oferta formativa Formaci\u00f3 [&hellip;]<\/p>\n","protected":false},"author":12,"featured_media":0,"parent":1880,"menu_order":10,"comment_status":"closed","ping_status":"closed","template":"","meta":{"_bbp_topic_count":0,"_bbp_reply_count":0,"_bbp_total_topic_count":0,"_bbp_total_reply_count":0,"_bbp_voice_count":0,"_bbp_anonymous_reply_count":0,"_bbp_topic_count_hidden":0,"_bbp_reply_count_hidden":0,"_bbp_forum_subforum_count":0,"site-sidebar-layout":"default","site-content-layout":"","ast-site-content-layout":"default","site-content-style":"default","site-sidebar-style":"default","ast-global-header-display":"","ast-banner-title-visibility":"","ast-main-header-display":"","ast-hfb-above-header-display":"","ast-hfb-below-header-display":"","ast-hfb-mobile-header-display":"","site-post-title":"","ast-breadcrumbs-content":"","ast-featured-img":"","footer-sml-layout":"","theme-transparent-header-meta":"","adv-header-id-meta":"","stick-header-meta":"","header-above-stick-meta":"","header-main-stick-meta":"","header-below-stick-meta":"","astra-migrate-meta-layouts":"set","ast-page-background-enabled":"default","ast-page-background-meta":{"desktop":{"background-color":"var(--ast-global-color-4)","background-image":"","background-repeat":"repeat","background-position":"center center","background-size":"auto","background-attachment":"scroll","background-type":"","background-media":"","overlay-type":"","overlay-color":"","overlay-opacity":"","overlay-gradient":""},"tablet":{"background-color":"","background-image":"","background-repeat":"repeat","background-position":"center center","background-size":"auto","background-attachment":"scroll","background-type":"","background-media":"","overlay-type":"","overlay-color":"","overlay-opacity":"","overlay-gradient":""},"mobile":{"background-color":"","background-image":"","background-repeat":"repeat","background-position":"center center","background-size":"auto","background-attachment":"scroll","background-type":"","background-media":"","overlay-type":"","overlay-color":"","overlay-opacity":"","overlay-gradient":""}},"ast-content-background-meta":{"desktop":{"background-color":"var(--ast-global-color-5)","background-image":"","background-repeat":"repeat","background-position":"center center","background-size":"auto","background-attachment":"scroll","background-type":"","background-media":"","overlay-type":"","overlay-color":"","overlay-opacity":"","overlay-gradient":""},"tablet":{"background-color":"var(--ast-global-color-5)","background-image":"","background-repeat":"repeat","background-position":"center center","background-size":"auto","background-attachment":"scroll","background-type":"","background-media":"","overlay-type":"","overlay-color":"","overlay-opacity":"","overlay-gradient":""},"mobile":{"background-color":"var(--ast-global-color-5)","background-image":"","background-repeat":"repeat","background-position":"center center","background-size":"auto","background-attachment":"scroll","background-type":"","background-media":"","overlay-type":"","overlay-color":"","overlay-opacity":"","overlay-gradient":""}},"footnotes":""},"class_list":["post-1610","page","type-page","status-publish","hentry"],"post_mailing_queue_ids":[],"_links":{"self":[{"href":"https:\/\/agora.xtec.cat\/escolaadultspremia\/wp-json\/wp\/v2\/pages\/1610","targetHints":{"allow":["GET"]}}],"collection":[{"href":"https:\/\/agora.xtec.cat\/escolaadultspremia\/wp-json\/wp\/v2\/pages"}],"about":[{"href":"https:\/\/agora.xtec.cat\/escolaadultspremia\/wp-json\/wp\/v2\/types\/page"}],"author":[{"embeddable":true,"href":"https:\/\/agora.xtec.cat\/escolaadultspremia\/wp-json\/wp\/v2\/users\/12"}],"replies":[{"embeddable":true,"href":"https:\/\/agora.xtec.cat\/escolaadultspremia\/wp-json\/wp\/v2\/comments?post=1610"}],"version-history":[{"count":5,"href":"https:\/\/agora.xtec.cat\/escolaadultspremia\/wp-json\/wp\/v2\/pages\/1610\/revisions"}],"predecessor-version":[{"id":3803,"href":"https:\/\/agora.xtec.cat\/escolaadultspremia\/wp-json\/wp\/v2\/pages\/1610\/revisions\/3803"}],"up":[{"embeddable":true,"href":"https:\/\/agora.xtec.cat\/escolaadultspremia\/wp-json\/wp\/v2\/pages\/1880"}],"wp:attachment":[{"href":"https:\/\/agora.xtec.cat\/escolaadultspremia\/wp-json\/wp\/v2\/media?parent=1610"}],"curies":[{"name":"wp","href":"https:\/\/api.w.org\/{rel}","templated":true}]}}