{"id":2245,"date":"2021-05-26T13:13:02","date_gmt":"2021-05-26T11:13:02","guid":{"rendered":"http:\/\/agora.xtec.cat\/escola9d4t\/?page_id=2245"},"modified":"2026-02-24T09:28:42","modified_gmt":"2026-02-24T08:28:42","slug":"transparencia","status":"publish","type":"page","link":"https:\/\/agora.xtec.cat\/escola9d4t\/transparencia\/","title":{"rendered":"El nostre equip Curs 25\/26"},"content":{"rendered":"<h3><a href=\"https:\/\/agora.xtec.cat\/escola9d4t\/wp-content\/uploads\/usu1555\/2026\/02\/IMG_3985-1-1-scaled.jpg\"><img loading=\"lazy\" decoding=\"async\" class=\"alignnone size-large wp-image-2929\" src=\"https:\/\/agora.xtec.cat\/escola9d4t\/wp-content\/uploads\/usu1555\/2026\/02\/IMG_3985-1-1-1024x768.jpg\" alt=\"\" width=\"1024\" height=\"768\" srcset=\"https:\/\/agora.xtec.cat\/escola9d4t\/wp-content\/uploads\/usu1555\/2026\/02\/IMG_3985-1-1-1024x768.jpg 1024w, https:\/\/agora.xtec.cat\/escola9d4t\/wp-content\/uploads\/usu1555\/2026\/02\/IMG_3985-1-1-300x225.jpg 300w, https:\/\/agora.xtec.cat\/escola9d4t\/wp-content\/uploads\/usu1555\/2026\/02\/IMG_3985-1-1-768x576.jpg 768w, https:\/\/agora.xtec.cat\/escola9d4t\/wp-content\/uploads\/usu1555\/2026\/02\/IMG_3985-1-1-1536x1152.jpg 1536w, https:\/\/agora.xtec.cat\/escola9d4t\/wp-content\/uploads\/usu1555\/2026\/02\/IMG_3985-1-1-2048x1536.jpg 2048w\" sizes=\"auto, (max-width: 1024px) 100vw, 1024px\" \/><\/a><\/h3>\n<p style=\"text-align: left;\"><em><strong>EQUIP DE 3 i 4 ANYS<\/strong><\/em><\/p>\n<p style=\"text-align: left;\"><strong>Montse Bosch<\/strong> (Tutoria d&#8217;Atelier) &#8211; <strong>Anna Farr\u00e9s<\/strong> (Tutora de Laboratori i Coordinadora d&#8217;Educaci\u00f3 Infantil) &#8211; <strong>Marta Llin\u00e0s<\/strong> (Tutoria d&#8217;Altell)<\/p>\n<p style=\"text-align: left;\"><em><strong>EQUIP DE 5 i 6 ANYS<\/strong><\/em><\/p>\n<p style=\"text-align: left;\">\u00a0<strong>Marta Corredera<\/strong> (Tutora de C\u00f2mics i Coordinadora de Riscos Laborals) &#8211; <strong>Marta Peracaula<\/strong> (Tutora de Ll\u00e0ntia)<\/p>\n<p style=\"text-align: left;\"><em><strong>EQUIP DE 2n i 3r\u00a0<\/strong><\/em><\/p>\n<p style=\"text-align: left;\"><strong>Beti Cervera<\/strong> (Tutora Atmosfera i Coordinadora Erasmus+) &#8211; <strong>M\u00f2nica Aranjuelo<\/strong> (Tutora de Ling\u00fcistes i Coordinadora d&#8217;Educaci\u00f3 Prim\u00e0ria) &#8211; <strong>Fina Vil\u00e0<\/strong> (Tutora de Balances)<\/p>\n<p style=\"text-align: left;\"><em><strong>EQUIP DE 4t, 5\u00e8 i 6\u00e8<\/strong><\/em><\/p>\n<p style=\"text-align: left;\"><strong>Carla Honrado<\/strong> (Tutora Galileo) &#8211; <strong>Sara Serra<\/strong> (Tutora Eureka) &#8211; <strong>Montse Giralt <\/strong>(Tutora de Clau de Sol) &#8211; <strong>Luc\u00eda Villarrubia<\/strong> (Tutora Matem\u00edstics)<\/p>\n<p style=\"text-align: left;\"><em><strong>EQUIP D&#8217;ESPECIALISTES<\/strong><\/em><\/p>\n<p style=\"text-align: left;\"><strong>Olga Roca\u00a0<\/strong>(English infantil) &#8211; <strong>Maria Le\u00f3n\u00a0<\/strong>(English Prim\u00e0ria i Coordinadora CoCoBe) &#8211; <strong>Xavier Alsina\u00a0<\/strong>(M\u00fasica Cicle Mitj\u00e0 i Superior) &#8211; <strong>Anna Agudo\u00a0<\/strong>(M\u00fasica Infantil i Cicle Mitj\u00e0) &#8211; <strong>Carla Quintana<\/strong> (Psicomotrista) &#8211; <strong>Modesta Juanola<\/strong> (Suport Galileo)<\/p>\n<p style=\"text-align: left;\"><em><strong>EQUIP SIEI i VETLLADORES<\/strong><\/em><\/p>\n<p style=\"text-align: left;\"><strong>Alba Casellas<\/strong> (Mestra d&#8217;Educaci\u00f3 Especial) &#8211; <strong>Paula Mart\u00ed<\/strong> (Tutora SIEI) &#8211; <strong>Anna Panosa<\/strong> (Educadora d&#8217;Educaci\u00f3 Especial) &#8211; <strong>\u00c0nnia<\/strong> (Vetlladora) &#8211; <strong>Esther<\/strong> (Vetlladora)<\/p>\n<p style=\"text-align: left;\"><em><strong>EQUIP DIRECTIU<\/strong><\/em><\/p>\n<p style=\"text-align: left;\"><strong>Xavier Alsina <\/strong>(Director) &#8211; <strong>Olga Roca <\/strong>(Cap d&#8217;estudis) &#8211; <strong>Maria Ventura <\/strong>(Secret\u00e0ria i Coordinadora Digital del Centre)<strong>\u00a0<\/strong><\/p>\n","protected":false},"excerpt":{"rendered":"<p>EQUIP DE 3 i 4 ANYS Montse Bosch (Tutoria d&#8217;Atelier) &#8211; Anna Farr\u00e9s (Tutora de Laboratori i Coordinadora d&#8217;Educaci\u00f3 Infantil) &#8211; Marta Llin\u00e0s (Tutoria d&#8217;Altell) EQUIP DE 5 i 6 ANYS \u00a0Marta Corredera (Tutora de C\u00f2mics i Coordinadora de Riscos Laborals) &#8211; Marta Peracaula (Tutora de Ll\u00e0ntia) EQUIP DE 2n i 3r\u00a0 Beti Cervera (Tutora [&hellip;]<\/p>\n","protected":false},"author":1,"featured_media":0,"parent":0,"menu_order":0,"comment_status":"closed","ping_status":"closed","template":"","meta":{"_bbp_topic_count":0,"_bbp_reply_count":0,"_bbp_total_topic_count":0,"_bbp_total_reply_count":0,"_bbp_voice_count":0,"_bbp_anonymous_reply_count":0,"_bbp_topic_count_hidden":0,"_bbp_reply_count_hidden":0,"_bbp_forum_subforum_count":0,"site-sidebar-layout":"default","site-content-layout":"","ast-site-content-layout":"default","site-content-style":"default","site-sidebar-style":"default","ast-global-header-display":"","ast-banner-title-visibility":"","ast-main-header-display":"","ast-hfb-above-header-display":"","ast-hfb-below-header-display":"","ast-hfb-mobile-header-display":"","site-post-title":"","ast-breadcrumbs-content":"","ast-featured-img":"","footer-sml-layout":"","theme-transparent-header-meta":"","adv-header-id-meta":"","stick-header-meta":"","header-above-stick-meta":"","header-main-stick-meta":"","header-below-stick-meta":"","astra-migrate-meta-layouts":"set","ast-page-background-enabled":"default","ast-page-background-meta":{"desktop":{"background-color":"var(--ast-global-color-4)","background-image":"","background-repeat":"repeat","background-position":"center center","background-size":"auto","background-attachment":"scroll","background-type":"","background-media":"","overlay-type":"","overlay-color":"","overlay-opacity":"","overlay-gradient":""},"tablet":{"background-color":"","background-image":"","background-repeat":"repeat","background-position":"center center","background-size":"auto","background-attachment":"scroll","background-type":"","background-media":"","overlay-type":"","overlay-color":"","overlay-opacity":"","overlay-gradient":""},"mobile":{"background-color":"","background-image":"","background-repeat":"repeat","background-position":"center center","background-size":"auto","background-attachment":"scroll","background-type":"","background-media":"","overlay-type":"","overlay-color":"","overlay-opacity":"","overlay-gradient":""}},"ast-content-background-meta":{"desktop":{"background-color":"var(--ast-global-color-5)","background-image":"","background-repeat":"repeat","background-position":"center center","background-size":"auto","background-attachment":"scroll","background-type":"","background-media":"","overlay-type":"","overlay-color":"","overlay-opacity":"","overlay-gradient":""},"tablet":{"background-color":"var(--ast-global-color-5)","background-image":"","background-repeat":"repeat","background-position":"center center","background-size":"auto","background-attachment":"scroll","background-type":"","background-media":"","overlay-type":"","overlay-color":"","overlay-opacity":"","overlay-gradient":""},"mobile":{"background-color":"var(--ast-global-color-5)","background-image":"","background-repeat":"repeat","background-position":"center center","background-size":"auto","background-attachment":"scroll","background-type":"","background-media":"","overlay-type":"","overlay-color":"","overlay-opacity":"","overlay-gradient":""}},"footnotes":""},"class_list":["post-2245","page","type-page","status-publish","hentry"],"post_mailing_queue_ids":[],"_links":{"self":[{"href":"https:\/\/agora.xtec.cat\/escola9d4t\/wp-json\/wp\/v2\/pages\/2245","targetHints":{"allow":["GET"]}}],"collection":[{"href":"https:\/\/agora.xtec.cat\/escola9d4t\/wp-json\/wp\/v2\/pages"}],"about":[{"href":"https:\/\/agora.xtec.cat\/escola9d4t\/wp-json\/wp\/v2\/types\/page"}],"author":[{"embeddable":true,"href":"https:\/\/agora.xtec.cat\/escola9d4t\/wp-json\/wp\/v2\/users\/1"}],"replies":[{"embeddable":true,"href":"https:\/\/agora.xtec.cat\/escola9d4t\/wp-json\/wp\/v2\/comments?post=2245"}],"version-history":[{"count":6,"href":"https:\/\/agora.xtec.cat\/escola9d4t\/wp-json\/wp\/v2\/pages\/2245\/revisions"}],"predecessor-version":[{"id":2935,"href":"https:\/\/agora.xtec.cat\/escola9d4t\/wp-json\/wp\/v2\/pages\/2245\/revisions\/2935"}],"wp:attachment":[{"href":"https:\/\/agora.xtec.cat\/escola9d4t\/wp-json\/wp\/v2\/media?parent=2245"}],"curies":[{"name":"wp","href":"https:\/\/api.w.org\/{rel}","templated":true}]}}

<h3><a href="https://agora.xtec.cat/escola9d4t/wp-content/uploads/usu1555/2026/02/IMG_3985-1-1-scaled.jpg"><img loading="lazy" decoding="async" class="alignnone size-large wp-image-2929" src="https://agora.xtec.cat/escola9d4t/wp-content/uploads/usu1555/2026/02/IMG_3985-1-1-1024x768.jpg" alt="" width="1024" height="768" srcset="https://agora.xtec.cat/escola9d4t/wp-content/uploads/usu1555/2026/02/IMG_3985-1-1-1024x768.jpg 1024w, https://agora.xtec.cat/escola9d4t/wp-content/uploads/usu1555/2026/02/IMG_3985-1-1-300x225.jpg 300w, https://agora.xtec.cat/escola9d4t/wp-content/uploads/usu1555/2026/02/IMG_3985-1-1-768x576.jpg 768w, https://agora.xtec.cat/escola9d4t/wp-content/uploads/usu1555/2026/02/IMG_3985-1-1-1536x1152.jpg 1536w, https://agora.xtec.cat/escola9d4t/wp-content/uploads/usu1555/2026/02/IMG_3985-1-1-2048x1536.jpg 2048w" sizes="auto, (max-width: 1024px) 100vw, 1024px" /></a></h3>
<p style="text-align: left;"><em><strong>EQUIP DE 3 i 4 ANYS</strong></em></p>
<p style="text-align: left;"><strong>Montse Bosch</strong> (Tutoria d&#8217;Atelier) &#8211; <strong>Anna Farrés</strong> (Tutora de Laboratori i Coordinadora d&#8217;Educació Infantil) &#8211; <strong>Marta Llinàs</strong> (Tutoria d&#8217;Altell)</p>
<p style="text-align: left;"><em><strong>EQUIP DE 5 i 6 ANYS</strong></em></p>
<p style="text-align: left;"> <strong>Marta Corredera</strong> (Tutora de Còmics i Coordinadora de Riscos Laborals) &#8211; <strong>Marta Peracaula</strong> (Tutora de Llàntia)</p>
<p style="text-align: left;"><em><strong>EQUIP DE 2n i 3r </strong></em></p>
<p style="text-align: left;"><strong>Beti Cervera</strong> (Tutora Atmosfera i Coordinadora Erasmus+) &#8211; <strong>Mònica Aranjuelo</strong> (Tutora de Lingüistes i Coordinadora d&#8217;Educació Primària) &#8211; <strong>Fina Vilà</strong> (Tutora de Balances)</p>
<p style="text-align: left;"><em><strong>EQUIP DE 4t, 5è i 6è</strong></em></p>
<p style="text-align: left;"><strong>Carla Honrado</strong> (Tutora Galileo) &#8211; <strong>Sara Serra</strong> (Tutora Eureka) &#8211; <strong>Montse Giralt </strong>(Tutora de Clau de Sol) &#8211; <strong>Lucía Villarrubia</strong> (Tutora Matemístics)</p>
<p style="text-align: left;"><em><strong>EQUIP D&#8217;ESPECIALISTES</strong></em></p>
<p style="text-align: left;"><strong>Olga Roca </strong>(English infantil) &#8211; <strong>Maria León </strong>(English Primària i Coordinadora CoCoBe) &#8211; <strong>Xavier Alsina </strong>(Música Cicle Mitjà i Superior) &#8211; <strong>Anna Agudo </strong>(Música Infantil i Cicle Mitjà) &#8211; <strong>Carla Quintana</strong> (Psicomotrista) &#8211; <strong>Modesta Juanola</strong> (Suport Galileo)</p>
<p style="text-align: left;"><em><strong>EQUIP SIEI i VETLLADORES</strong></em></p>
<p style="text-align: left;"><strong>Alba Casellas</strong> (Mestra d&#8217;Educació Especial) &#8211; <strong>Paula Martí</strong> (Tutora SIEI) &#8211; <strong>Anna Panosa</strong> (Educadora d&#8217;Educació Especial) &#8211; <strong>Ànnia</strong> (Vetlladora) &#8211; <strong>Esther</strong> (Vetlladora)</p>
<p style="text-align: left;"><em><strong>EQUIP DIRECTIU</strong></em></p>
<p style="text-align: left;"><strong>Xavier Alsina </strong>(Director) &#8211; <strong>Olga Roca </strong>(Cap d&#8217;estudis) &#8211; <strong>Maria Ventura </strong>(Secretària i Coordinadora Digital del Centre)<strong> </strong></p>

<p>EQUIP DE 3 i 4 ANYS Montse Bosch (Tutoria d&#8217;Atelier) &#8211; Anna Farrés (Tutora de Laboratori i Coordinadora d&#8217;Educació Infantil) &#8211; Marta Llinàs (Tutoria d&#8217;Altell) EQUIP DE 5 i 6 ANYS  Marta Corredera (Tutora de Còmics i Coordinadora de Riscos Laborals) &#8211; Marta Peracaula (Tutora de Llàntia) EQUIP DE 2n i 3r  Beti Cervera (Tutora [&hellip;]</p>
