{"id":940,"date":"2019-10-28T13:44:50","date_gmt":"2019-10-28T12:44:50","guid":{"rendered":"https:\/\/agora.xtec.cat\/escola-verdaguer-cornella\/?page_id=940"},"modified":"2025-05-27T12:25:55","modified_gmt":"2025-05-27T10:25:55","slug":"collaboracions","status":"publish","type":"page","link":"https:\/\/agora.xtec.cat\/escola-verdaguer-cornella\/lescola\/collaboracions\/","title":{"rendered":"Convenis i col\u00b7laboracions"},"content":{"rendered":"<p>La nostra escola t\u00e9 convenis amb:<\/p>\n<ul>\n<li>ACORD DE CORRESPONSABILITAT ENTRE EL DEPARTAMENT D&#8217;EDUCACI\u00d3 I EL CENTRE Mn JACINT VERDAGUER DE CORNELL\u00c0 DE LLOBREGAT PER A L&#8217;APLICACI\u00d3 DEL PROGRAMA DE COOPERACI\u00d3 TERRITORIAL PER A L&#8217;ORIENTACI\u00d3, L&#8217;AVEN\u00c7 I L&#8217;ENRIQUIMENT EDUCATIU PROA+<\/li>\n<\/ul>\n<p><a href=\"https:\/\/agora.xtec.cat\/escola-verdaguer-cornella\/wp-content\/uploads\/usu1952\/2025\/05\/Logos-PROA-fons-blanc-1024x68-1.png\"><img loading=\"lazy\" decoding=\"async\" class=\"aligncenter wp-image-6555 size-full\" src=\"https:\/\/agora.xtec.cat\/escola-verdaguer-cornella\/wp-content\/uploads\/usu1952\/2025\/05\/Logos-PROA-fons-blanc-1024x68-1.png\" alt=\"\" width=\"1024\" height=\"68\" srcset=\"https:\/\/agora.xtec.cat\/escola-verdaguer-cornella\/wp-content\/uploads\/usu1952\/2025\/05\/Logos-PROA-fons-blanc-1024x68-1.png 1024w, https:\/\/agora.xtec.cat\/escola-verdaguer-cornella\/wp-content\/uploads\/usu1952\/2025\/05\/Logos-PROA-fons-blanc-1024x68-1-300x20.png 300w, https:\/\/agora.xtec.cat\/escola-verdaguer-cornella\/wp-content\/uploads\/usu1952\/2025\/05\/Logos-PROA-fons-blanc-1024x68-1-768x51.png 768w\" sizes=\"auto, (max-width: 1024px) 100vw, 1024px\" \/><\/a><\/p>\n<p>&nbsp;<\/p>\n<p>La nostra escola col\u00b7labora amb:<\/p>\n<ul>\n<li>Aquesta escola col\u00b7labora amb la\u00a0<a href=\"https:\/\/micobu-dot-yamm-track.appspot.com\/Redirect?ukey=1Rco4ZQmXXMl113iYR2u3vc8kP2aRofW0T30ajYtFix0-419490711&amp;key=YAMMID-33347811&amp;link=https%3A%2F%2Fwww.ub.edu\" target=\"_blank\" rel=\"noopener noreferrer\" data-saferedirecturl=\"https:\/\/www.google.com\/url?q=https:\/\/micobu-dot-yamm-track.appspot.com\/Redirect?ukey%3D1Rco4ZQmXXMl113iYR2u3vc8kP2aRofW0T30ajYtFix0-419490711%26key%3DYAMMID-33347811%26link%3Dhttps%253A%252F%252Fwww.ub.edu&amp;source=gmail&amp;ust=1582920194878000&amp;usg=AFQjCNFXqrciTYlYQ_COHin0pI0uU4cI1g\">Universitat\u00a0de\u00a0Barcelona<\/a>\u00a0com a\u00a0centre\u00a0formador\u00a0d&#8217;estudiants en pr\u00e0ctiques&#8221;.<br \/>\n<img loading=\"lazy\" decoding=\"async\" class=\"size-medium wp-image-941 aligncenter\" src=\"https:\/\/agora.xtec.cat\/escola-verdaguer-cornella\/wp-content\/uploads\/usu1952\/2019\/10\/logo-UB-300x130.png\" alt=\"\" width=\"300\" height=\"130\" srcset=\"https:\/\/agora.xtec.cat\/escola-verdaguer-cornella\/wp-content\/uploads\/usu1952\/2019\/10\/logo-UB-300x130.png 300w, https:\/\/agora.xtec.cat\/escola-verdaguer-cornella\/wp-content\/uploads\/usu1952\/2019\/10\/logo-UB-768x332.png 768w, https:\/\/agora.xtec.cat\/escola-verdaguer-cornella\/wp-content\/uploads\/usu1952\/2019\/10\/logo-UB-1024x443.png 1024w, https:\/\/agora.xtec.cat\/escola-verdaguer-cornella\/wp-content\/uploads\/usu1952\/2019\/10\/logo-UB.png 1385w\" sizes=\"auto, (max-width: 300px) 100vw, 300px\" \/><\/li>\n<li>Universitat Aut\u00f2noma de Barcelona sent centre Formador del Grau de Mestres<img loading=\"lazy\" decoding=\"async\" class=\"size-medium wp-image-977 aligncenter\" src=\"https:\/\/agora.xtec.cat\/escola-verdaguer-cornella\/wp-content\/uploads\/usu1952\/2019\/11\/uab-300x136.png\" alt=\"\" width=\"300\" height=\"136\" srcset=\"https:\/\/agora.xtec.cat\/escola-verdaguer-cornella\/wp-content\/uploads\/usu1952\/2019\/11\/uab-300x136.png 300w, https:\/\/agora.xtec.cat\/escola-verdaguer-cornella\/wp-content\/uploads\/usu1952\/2019\/11\/uab-768x349.png 768w, https:\/\/agora.xtec.cat\/escola-verdaguer-cornella\/wp-content\/uploads\/usu1952\/2019\/11\/uab.png 791w\" sizes=\"auto, (max-width: 300px) 100vw, 300px\" \/><\/li>\n<li>Institut Esteve Terradas sent centre Formador del Cicle Formatiu Sistemes Microinform\u00e0tics i xarxes <img loading=\"lazy\" decoding=\"async\" class=\"size-medium wp-image-942 aligncenter\" src=\"https:\/\/agora.xtec.cat\/escola-verdaguer-cornella\/wp-content\/uploads\/usu1952\/2019\/10\/terradas-300x145.jpg\" alt=\"\" width=\"300\" height=\"145\" srcset=\"https:\/\/agora.xtec.cat\/escola-verdaguer-cornella\/wp-content\/uploads\/usu1952\/2019\/10\/terradas-300x145.jpg 300w, https:\/\/agora.xtec.cat\/escola-verdaguer-cornella\/wp-content\/uploads\/usu1952\/2019\/10\/terradas.jpg 323w\" sizes=\"auto, (max-width: 300px) 100vw, 300px\" \/><\/li>\n<li>Fundaci\u00f3 Sant Joan de D\u00e9u amb un grup de mares i pares voluntaris que fan Pulseres Candelas<img loading=\"lazy\" decoding=\"async\" class=\"size-medium wp-image-943 aligncenter\" src=\"https:\/\/agora.xtec.cat\/escola-verdaguer-cornella\/wp-content\/uploads\/usu1952\/2019\/10\/candelas-300x250.jpg\" alt=\"\" width=\"300\" height=\"250\" srcset=\"https:\/\/agora.xtec.cat\/escola-verdaguer-cornella\/wp-content\/uploads\/usu1952\/2019\/10\/candelas-300x250.jpg 300w, https:\/\/agora.xtec.cat\/escola-verdaguer-cornella\/wp-content\/uploads\/usu1952\/2019\/10\/candelas.jpg 700w\" sizes=\"auto, (max-width: 300px) 100vw, 300px\" \/><\/li>\n<li>Fundaci\u00f3 Gasol, participant al programa Sisme<\/li>\n<\/ul>\n<p><a href=\"https:\/\/agora.xtec.cat\/escola-verdaguer-cornella\/wp-content\/uploads\/usu1952\/2023\/03\/pasted-image-0.png\"><img loading=\"lazy\" decoding=\"async\" class=\"size-medium wp-image-5701 aligncenter\" src=\"https:\/\/agora.xtec.cat\/escola-verdaguer-cornella\/wp-content\/uploads\/usu1952\/2023\/03\/pasted-image-0-300x216.png\" alt=\"\" width=\"300\" height=\"216\" srcset=\"https:\/\/agora.xtec.cat\/escola-verdaguer-cornella\/wp-content\/uploads\/usu1952\/2023\/03\/pasted-image-0-300x216.png 300w, https:\/\/agora.xtec.cat\/escola-verdaguer-cornella\/wp-content\/uploads\/usu1952\/2023\/03\/pasted-image-0.png 640w\" sizes=\"auto, (max-width: 300px) 100vw, 300px\" \/><\/a><\/p>\n","protected":false},"excerpt":{"rendered":"<p>La nostra escola t\u00e9 convenis amb: ACORD DE CORRESPONSABILITAT ENTRE EL DEPARTAMENT D&#8217;EDUCACI\u00d3 I EL CENTRE Mn JACINT VERDAGUER DE CORNELL\u00c0 DE LLOBREGAT PER A L&#8217;APLICACI\u00d3 DEL PROGRAMA DE COOPERACI\u00d3 TERRITORIAL PER A L&#8217;ORIENTACI\u00d3, L&#8217;AVEN\u00c7 I L&#8217;ENRIQUIMENT EDUCATIU PROA+ &nbsp; La nostra escola col\u00b7labora amb: Aquesta escola col\u00b7labora amb la\u00a0Universitat\u00a0de\u00a0Barcelona\u00a0com a\u00a0centre\u00a0formador\u00a0d&#8217;estudiants en pr\u00e0ctiques&#8221;. Universitat Aut\u00f2noma [&hellip;]<\/p>\n","protected":false},"author":1,"featured_media":0,"parent":22,"menu_order":0,"comment_status":"closed","ping_status":"closed","template":"","meta":{"_bbp_topic_count":0,"_bbp_reply_count":0,"_bbp_total_topic_count":0,"_bbp_total_reply_count":0,"_bbp_voice_count":0,"_bbp_anonymous_reply_count":0,"_bbp_topic_count_hidden":0,"_bbp_reply_count_hidden":0,"_bbp_forum_subforum_count":0,"site-sidebar-layout":"default","site-content-layout":"","ast-site-content-layout":"","site-content-style":"default","site-sidebar-style":"default","ast-global-header-display":"","ast-banner-title-visibility":"","ast-main-header-display":"","ast-hfb-above-header-display":"","ast-hfb-below-header-display":"","ast-hfb-mobile-header-display":"","site-post-title":"","ast-breadcrumbs-content":"","ast-featured-img":"","footer-sml-layout":"","theme-transparent-header-meta":"","adv-header-id-meta":"","stick-header-meta":"","header-above-stick-meta":"","header-main-stick-meta":"","header-below-stick-meta":"","astra-migrate-meta-layouts":"default","ast-page-background-enabled":"default","ast-page-background-meta":{"desktop":{"background-color":"var(--ast-global-color-4)","background-image":"","background-repeat":"repeat","background-position":"center center","background-size":"auto","background-attachment":"scroll","background-type":"","background-media":"","overlay-type":"","overlay-color":"","overlay-opacity":"","overlay-gradient":""},"tablet":{"background-color":"","background-image":"","background-repeat":"repeat","background-position":"center center","background-size":"auto","background-attachment":"scroll","background-type":"","background-media":"","overlay-type":"","overlay-color":"","overlay-opacity":"","overlay-gradient":""},"mobile":{"background-color":"","background-image":"","background-repeat":"repeat","background-position":"center center","background-size":"auto","background-attachment":"scroll","background-type":"","background-media":"","overlay-type":"","overlay-color":"","overlay-opacity":"","overlay-gradient":""}},"ast-content-background-meta":{"desktop":{"background-color":"var(--ast-global-color-5)","background-image":"","background-repeat":"repeat","background-position":"center center","background-size":"auto","background-attachment":"scroll","background-type":"","background-media":"","overlay-type":"","overlay-color":"","overlay-opacity":"","overlay-gradient":""},"tablet":{"background-color":"var(--ast-global-color-5)","background-image":"","background-repeat":"repeat","background-position":"center center","background-size":"auto","background-attachment":"scroll","background-type":"","background-media":"","overlay-type":"","overlay-color":"","overlay-opacity":"","overlay-gradient":""},"mobile":{"background-color":"var(--ast-global-color-5)","background-image":"","background-repeat":"repeat","background-position":"center center","background-size":"auto","background-attachment":"scroll","background-type":"","background-media":"","overlay-type":"","overlay-color":"","overlay-opacity":"","overlay-gradient":""}},"footnotes":""},"class_list":["post-940","page","type-page","status-publish","hentry"],"post_mailing_queue_ids":[],"_links":{"self":[{"href":"https:\/\/agora.xtec.cat\/escola-verdaguer-cornella\/wp-json\/wp\/v2\/pages\/940","targetHints":{"allow":["GET"]}}],"collection":[{"href":"https:\/\/agora.xtec.cat\/escola-verdaguer-cornella\/wp-json\/wp\/v2\/pages"}],"about":[{"href":"https:\/\/agora.xtec.cat\/escola-verdaguer-cornella\/wp-json\/wp\/v2\/types\/page"}],"author":[{"embeddable":true,"href":"https:\/\/agora.xtec.cat\/escola-verdaguer-cornella\/wp-json\/wp\/v2\/users\/1"}],"replies":[{"embeddable":true,"href":"https:\/\/agora.xtec.cat\/escola-verdaguer-cornella\/wp-json\/wp\/v2\/comments?post=940"}],"version-history":[{"count":4,"href":"https:\/\/agora.xtec.cat\/escola-verdaguer-cornella\/wp-json\/wp\/v2\/pages\/940\/revisions"}],"predecessor-version":[{"id":6556,"href":"https:\/\/agora.xtec.cat\/escola-verdaguer-cornella\/wp-json\/wp\/v2\/pages\/940\/revisions\/6556"}],"up":[{"embeddable":true,"href":"https:\/\/agora.xtec.cat\/escola-verdaguer-cornella\/wp-json\/wp\/v2\/pages\/22"}],"wp:attachment":[{"href":"https:\/\/agora.xtec.cat\/escola-verdaguer-cornella\/wp-json\/wp\/v2\/media?parent=940"}],"curies":[{"name":"wp","href":"https:\/\/api.w.org\/{rel}","templated":true}]}}