{"id":531,"date":"2018-11-16T15:11:26","date_gmt":"2018-11-16T14:11:26","guid":{"rendered":"https:\/\/agora.xtec.cat\/escola-verdaguer-cornella\/?page_id=531"},"modified":"2019-01-09T11:25:42","modified_gmt":"2019-01-09T10:25:42","slug":"activitats-escolars","status":"publish","type":"page","link":"https:\/\/agora.xtec.cat\/escola-verdaguer-cornella\/lescola\/activitats-escolars\/","title":{"rendered":"Activitats escolars"},"content":{"rendered":"<p><strong>HORT<\/strong><\/p>\n<p>Els alumnes de 4t, 5\u00e8 i 6\u00e8 es fan c\u00e0rrec de tenir cura dels horts de l&#8217;escola, tot i que tots els cursos hi participaen d&#8217;alguna manera.<\/p>\n<p><a href=\"https:\/\/agora.xtec.cat\/escola-verdaguer-cornella\/activitats-escolars\/fruita-a-lescola\/\"><strong>FRUITA A L&#8217;ESCOLA<\/strong><\/a><\/p>\n<p>La nostra escola participa al\u00a0<strong><em>Pla de Consum de Fruita a les escoles<\/em><\/strong>. Aquest pla que est\u00e0 financiat per la Uni\u00f3 Europea i la Generalitat de Catalunya, consisteix en subministrar als alumnes\u00a0<strong>gratu\u00eftament fruita fresca de temporada durant una setmana al mes al llarg del curs escolar<\/strong>, per tal de fomentar els h\u00e0bits d&#8217;alimentaci\u00f3 saludable. A m\u00e9s, els alumnes porten els dimarts i els dijous fruita per esmorzar a l&#8217;hora de l&#8217;esbarjo.<\/p>\n<p><strong>CARNAVAL<\/strong><\/p>\n<p>La festa del Caranval \u00e9s la gran festa de l&#8217;escola. El Consell d&#8217;alumnes concreta les propostes de temes de carnaval de les classes i despr\u00e9s es fa una votaci\u00f3 per escollir el tema. Les fami\u00edlies ajuden als m\u00e9s petits a elaborar les difresses. La setmana de carnaval el carnestoltes ens mana unes normes ben bojes i el divendres a la tarda fem la rua pels carrers del barri i les danses a la pla\u00e7a Europa.<\/p>\n<p><strong>SOLIDARITAT<\/strong><\/p>\n<p>Col\u00b7laborem amb l&#8217;Associaci\u00f3 Catratxhos, des del 2005 en la realitzaci\u00f3 i manteniment de l&#8217;escola &#8220;<a href=\"http:\/\/amigosdehonduras.es\/content\/view\/33\/45\/\">Santa Clara de Asis<\/a>&#8221; a Tegucigalpa, amb l&#8217;objectiu d&#8217;erradicar la pobresa a trav\u00e9s de l&#8217;educaci\u00f3. Aquest projecte es realitza amb el suport\u00a0all\u00e0 del Pare Patricio Larrosa,\u00a0President de\u00a0<a href=\"http:\/\/acoes.org\/inicio.html\">ACOES Hondures<\/a>\u00a0i\u00a0President d&#8217;Honor de Catratxhos.<\/p>\n<p>L&#8217;escola tamb\u00e9 col.labora amb la Fundaci\u00f3 SEUR en el projecte <strong>TAPS PER UNA NOVA VIDA<\/strong> que consisteix en la recollida de taps de pl\u00e0stic per a ajudar a nens i nenes amb problemes de salut.\u00a0 Disposem de dos contenidors de recollida a cada vest\u00edbul de l&#8217;escola. Els alumnes de 6\u00e8 s\u00f3n els encarregats de revisar i descartar els taps no v\u00e0lids i de calcular els que anem recollint. \u00a0Ja hem ajudat a dos infants a aconseguir una millora en la seva qualitat de vida.<\/p>\n<p><strong>COL\u00d2NIES\u00a0\u00a0\u00a0\u00a0\u00a0\u00a0\u00a0\u00a0\u00a0 <\/strong><\/p>\n<p>Els alumnes de<strong>\u00a06\u00e8, 4t i 2n<\/strong>\u00a0de Prim\u00e0ria marxen 3 dies de col\u00f2nies al tercer trimestre. Podeu veure m\u00e9s informaci\u00f3 als Blocs de cada cicle.<\/p>\n<p><strong>SORTIDES<\/strong><\/p>\n<p>Tots els cursos realitzen sortides culturals, pedag\u00f2giques i esportives.<\/p>\n","protected":false},"excerpt":{"rendered":"<p>HORT Els alumnes de 4t, 5\u00e8 i 6\u00e8 es fan c\u00e0rrec de tenir cura dels horts de l&#8217;escola, tot i que tots els cursos hi participaen d&#8217;alguna manera. FRUITA A L&#8217;ESCOLA La nostra escola participa al\u00a0Pla de Consum de Fruita a les escoles. Aquest pla que est\u00e0 financiat per la Uni\u00f3 Europea i la Generalitat [&hellip;]<\/p>\n","protected":false},"author":1,"featured_media":0,"parent":22,"menu_order":50,"comment_status":"closed","ping_status":"closed","template":"page-templates\/side-menu.php","meta":{"_bbp_topic_count":0,"_bbp_reply_count":0,"_bbp_total_topic_count":0,"_bbp_total_reply_count":0,"_bbp_voice_count":0,"_bbp_anonymous_reply_count":0,"_bbp_topic_count_hidden":0,"_bbp_reply_count_hidden":0,"_bbp_forum_subforum_count":0,"site-sidebar-layout":"default","site-content-layout":"","ast-site-content-layout":"","site-content-style":"default","site-sidebar-style":"default","ast-global-header-display":"","ast-banner-title-visibility":"","ast-main-header-display":"","ast-hfb-above-header-display":"","ast-hfb-below-header-display":"","ast-hfb-mobile-header-display":"","site-post-title":"","ast-breadcrumbs-content":"","ast-featured-img":"","footer-sml-layout":"","theme-transparent-header-meta":"","adv-header-id-meta":"","stick-header-meta":"","header-above-stick-meta":"","header-main-stick-meta":"","header-below-stick-meta":"","astra-migrate-meta-layouts":"default","ast-page-background-enabled":"default","ast-page-background-meta":{"desktop":{"background-color":"var(--ast-global-color-4)","background-image":"","background-repeat":"repeat","background-position":"center center","background-size":"auto","background-attachment":"scroll","background-type":"","background-media":"","overlay-type":"","overlay-color":"","overlay-opacity":"","overlay-gradient":""},"tablet":{"background-color":"","background-image":"","background-repeat":"repeat","background-position":"center center","background-size":"auto","background-attachment":"scroll","background-type":"","background-media":"","overlay-type":"","overlay-color":"","overlay-opacity":"","overlay-gradient":""},"mobile":{"background-color":"","background-image":"","background-repeat":"repeat","background-position":"center center","background-size":"auto","background-attachment":"scroll","background-type":"","background-media":"","overlay-type":"","overlay-color":"","overlay-opacity":"","overlay-gradient":""}},"ast-content-background-meta":{"desktop":{"background-color":"var(--ast-global-color-5)","background-image":"","background-repeat":"repeat","background-position":"center center","background-size":"auto","background-attachment":"scroll","background-type":"","background-media":"","overlay-type":"","overlay-color":"","overlay-opacity":"","overlay-gradient":""},"tablet":{"background-color":"var(--ast-global-color-5)","background-image":"","background-repeat":"repeat","background-position":"center center","background-size":"auto","background-attachment":"scroll","background-type":"","background-media":"","overlay-type":"","overlay-color":"","overlay-opacity":"","overlay-gradient":""},"mobile":{"background-color":"var(--ast-global-color-5)","background-image":"","background-repeat":"repeat","background-position":"center center","background-size":"auto","background-attachment":"scroll","background-type":"","background-media":"","overlay-type":"","overlay-color":"","overlay-opacity":"","overlay-gradient":""}},"footnotes":""},"class_list":["post-531","page","type-page","status-publish","hentry"],"post_mailing_queue_ids":[],"_links":{"self":[{"href":"https:\/\/agora.xtec.cat\/escola-verdaguer-cornella\/wp-json\/wp\/v2\/pages\/531","targetHints":{"allow":["GET"]}}],"collection":[{"href":"https:\/\/agora.xtec.cat\/escola-verdaguer-cornella\/wp-json\/wp\/v2\/pages"}],"about":[{"href":"https:\/\/agora.xtec.cat\/escola-verdaguer-cornella\/wp-json\/wp\/v2\/types\/page"}],"author":[{"embeddable":true,"href":"https:\/\/agora.xtec.cat\/escola-verdaguer-cornella\/wp-json\/wp\/v2\/users\/1"}],"replies":[{"embeddable":true,"href":"https:\/\/agora.xtec.cat\/escola-verdaguer-cornella\/wp-json\/wp\/v2\/comments?post=531"}],"version-history":[{"count":4,"href":"https:\/\/agora.xtec.cat\/escola-verdaguer-cornella\/wp-json\/wp\/v2\/pages\/531\/revisions"}],"predecessor-version":[{"id":768,"href":"https:\/\/agora.xtec.cat\/escola-verdaguer-cornella\/wp-json\/wp\/v2\/pages\/531\/revisions\/768"}],"up":[{"embeddable":true,"href":"https:\/\/agora.xtec.cat\/escola-verdaguer-cornella\/wp-json\/wp\/v2\/pages\/22"}],"wp:attachment":[{"href":"https:\/\/agora.xtec.cat\/escola-verdaguer-cornella\/wp-json\/wp\/v2\/media?parent=531"}],"curies":[{"name":"wp","href":"https:\/\/api.w.org\/{rel}","templated":true}]}}