{"id":3571,"date":"2025-10-17T16:09:07","date_gmt":"2025-10-17T14:09:07","guid":{"rendered":"https:\/\/agora.xtec.cat\/escola-torreforta\/?page_id=3571"},"modified":"2025-10-17T16:28:18","modified_gmt":"2025-10-17T14:28:18","slug":"programa-temporal-per-impulsar-la-perspectiva-orientadora-als-centres-educatius","status":"publish","type":"page","link":"https:\/\/agora.xtec.cat\/escola-torreforta\/proa-2\/programa-temporal-per-impulsar-la-perspectiva-orientadora-als-centres-educatius\/","title":{"rendered":"Programa temporal per impulsar la perspectiva orientadora i social als centres educatius"},"content":{"rendered":"<p>Aquest programa, que tindr\u00e0 una durada de dos cursos acad\u00e8mics (2025-2026 i 2026-2027) t\u00e9 com a finalitat la millora educativa i posa un \u00e8mfasi especial en la dimensi\u00f3 social, com a eix clau per prevenir l&#8217;abandonament escolar prematur i refor\u00e7ar l&#8217;acompanyament de l&#8217;alumnat en situaci\u00f3 de vulnerabilitat.<\/p>\n<p>Objectius del programa<\/p>\n<ul>\n<li>Prevenir l&#8217;abandonament prematur i el frac\u00e0s escolar.<\/li>\n<li>Procurar el benestar emocional dels alumnes.<\/li>\n<li>Facilitar una bona conviv\u00e8ncia en els centres educatius.<\/li>\n<li>Contribuir a l&#8217;orientaci\u00f3 dels alumnes.<\/li>\n<li>Fomentar la implicaci\u00f3 de les fam\u00edlies.<\/li>\n<li>Fomentar el vincle entre l&#8217;escola i el seu entorn.<\/li>\n<li>Contribuir al desenvolupament de plans d&#8217;\u00e0mbit comunitari.<\/li>\n<li>Reduir l&#8217;absentisme escolar.<\/li>\n<\/ul>\n","protected":false},"excerpt":{"rendered":"<p>Aquest programa, que tindr\u00e0 una durada de dos cursos acad\u00e8mics (2025-2026 i 2026-2027) t\u00e9 com a finalitat la millora educativa i posa un \u00e8mfasi especial en la dimensi\u00f3 social, com a eix clau per prevenir l&#8217;abandonament escolar prematur i refor\u00e7ar l&#8217;acompanyament de l&#8217;alumnat en situaci\u00f3&hellip;  <a href=\"https:\/\/agora.xtec.cat\/escola-torreforta\/proa-2\/programa-temporal-per-impulsar-la-perspectiva-orientadora-als-centres-educatius\/\" title=\"Read Programa temporal per impulsar la perspectiva orientadora i social als centres educatius\">Llegeix m\u00e9s\u00bb<\/a><\/p>\n","protected":false},"author":1,"featured_media":0,"parent":3576,"menu_order":0,"comment_status":"closed","ping_status":"closed","template":"","meta":{"_bbp_topic_count":0,"_bbp_reply_count":0,"_bbp_total_topic_count":0,"_bbp_total_reply_count":0,"_bbp_voice_count":0,"_bbp_anonymous_reply_count":0,"_bbp_topic_count_hidden":0,"_bbp_reply_count_hidden":0,"_bbp_forum_subforum_count":0,"footnotes":""},"class_list":["post-3571","page","type-page","status-publish","hentry"],"post_mailing_queue_ids":[],"_links":{"self":[{"href":"https:\/\/agora.xtec.cat\/escola-torreforta\/wp-json\/wp\/v2\/pages\/3571","targetHints":{"allow":["GET"]}}],"collection":[{"href":"https:\/\/agora.xtec.cat\/escola-torreforta\/wp-json\/wp\/v2\/pages"}],"about":[{"href":"https:\/\/agora.xtec.cat\/escola-torreforta\/wp-json\/wp\/v2\/types\/page"}],"author":[{"embeddable":true,"href":"https:\/\/agora.xtec.cat\/escola-torreforta\/wp-json\/wp\/v2\/users\/1"}],"replies":[{"embeddable":true,"href":"https:\/\/agora.xtec.cat\/escola-torreforta\/wp-json\/wp\/v2\/comments?post=3571"}],"version-history":[{"count":3,"href":"https:\/\/agora.xtec.cat\/escola-torreforta\/wp-json\/wp\/v2\/pages\/3571\/revisions"}],"predecessor-version":[{"id":3575,"href":"https:\/\/agora.xtec.cat\/escola-torreforta\/wp-json\/wp\/v2\/pages\/3571\/revisions\/3575"}],"up":[{"embeddable":true,"href":"https:\/\/agora.xtec.cat\/escola-torreforta\/wp-json\/wp\/v2\/pages\/3576"}],"wp:attachment":[{"href":"https:\/\/agora.xtec.cat\/escola-torreforta\/wp-json\/wp\/v2\/media?parent=3571"}],"curies":[{"name":"wp","href":"https:\/\/api.w.org\/{rel}","templated":true}]}}

<p>Aquest programa, que tindrà una durada de dos cursos acadèmics (2025-2026 i 2026-2027) té com a finalitat la millora educativa i posa un èmfasi especial en la dimensió social, com a eix clau per prevenir l&#8217;abandonament escolar prematur i reforçar l&#8217;acompanyament de l&#8217;alumnat en situació de vulnerabilitat.</p>
<p>Objectius del programa</p>
<ul>
<li>Prevenir l&#8217;abandonament prematur i el fracàs escolar.</li>
<li>Procurar el benestar emocional dels alumnes.</li>
<li>Facilitar una bona convivència en els centres educatius.</li>
<li>Contribuir a l&#8217;orientació dels alumnes.</li>
<li>Fomentar la implicació de les famílies.</li>
<li>Fomentar el vincle entre l&#8217;escola i el seu entorn.</li>
<li>Contribuir al desenvolupament de plans d&#8217;àmbit comunitari.</li>
<li>Reduir l&#8217;absentisme escolar.</li>
</ul>

<p>Aquest programa, que tindrà una durada de dos cursos acadèmics (2025-2026 i 2026-2027) té com a finalitat la millora educativa i posa un èmfasi especial en la dimensió social, com a eix clau per prevenir l&#8217;abandonament escolar prematur i reforçar l&#8217;acompanyament de l&#8217;alumnat en situació&hellip;  <a href="https://agora.xtec.cat/escola-torreforta/proa-2/programa-temporal-per-impulsar-la-perspectiva-orientadora-als-centres-educatius/" title="Read Programa temporal per impulsar la perspectiva orientadora i social als centres educatius">Llegeix més»</a></p>
