{"id":34,"date":"2014-09-18T12:32:18","date_gmt":"2014-09-18T11:32:18","guid":{"rendered":"http:\/\/agora.xtec.cat\/escola-torreforta\/?page_id=34"},"modified":"2024-02-28T10:33:02","modified_gmt":"2024-02-28T09:33:02","slug":"oferta-educativa","status":"publish","type":"page","link":"https:\/\/agora.xtec.cat\/escola-torreforta\/preinscricio-i-matricula\/oferta-educativa\/","title":{"rendered":"Oferta educativa"},"content":{"rendered":"<p>Ens definim com una escola p\u00fablica, plural, democr\u00e0tica, integradora, que at\u00e9n a la diversitat des de l\u2019\u00e0mbit metodol\u00f2gic, organitzatiu i curricular i amb una oferta d\u2019activitats extraescolars com a element important per al desenvolupament integral dels nostres alumnes.<\/p>\n<p>Actualment t\u00e9 en funcionament sis aules d\u2019Educaci\u00f3 Infantil, dotze de Prim\u00e0ria, una d\u2019Acollida i dues d\u2019Educaci\u00f3 Especial, amb un total de 439 alumnes (continu\u00eftat amb dret preferent de matr\u00edcula als IES Torreforta i Camp Clar ).<\/p>\n<p>La plantilla actual del centre \u00e9s de 33\u00a0mestres: 16 mestres de Prim\u00e0ria, 8 d\u2019Educaci\u00f3 Infantil, 3\u00a0especialistes d\u2019Angl\u00e8s, 2 d\u2019Educaci\u00f3 F\u00edsica, 2 d\u2019Educaci\u00f3 Especial, 1 de M\u00fasica i 1 de Religi\u00f3, i compta tamb\u00e9 amb monitor de teatre.<\/p>\n<p>El centre disposa d\u2019instal\u2022lacions i serveis modernitzats per tal d\u2019afrontar els reptes de la societat actual: aula d\u2019inform\u00e0tica, aula de psicomotricitat, menjador escolar&#8230;<\/p>\n<p>En un m\u00f3n on les lleng\u00fces i la comunicaci\u00f3 s\u00f3n molt importants, treballem la llengua Catalana des de P-3, llengua anglesa des de P-5 i la llengua Castellana des de 1r.<\/p>\n<p>Apostem per una escola actual i oberta amb projectes com el de ci\u00e8ncies experimentals 3\/6, suports pedag\u00f2gics informatitzats, treball en agrupaments flexibles, desdoblaments,\u2026<\/p>\n<p>Comptem tamb\u00e9 amb el servei d\u2019atenci\u00f3 de l\u2019Equip d\u2019Assessorament Psicopedag\u00f2gic, que realitza\u00a0l\u2019avaluaci\u00f3, seguiment i derivaci\u00f3, si cal, dels alumnes amb necessitats educatives especials.<\/p>\n","protected":false},"excerpt":{"rendered":"<p>Ens definim com una escola p\u00fablica, plural, democr\u00e0tica, integradora, que at\u00e9n a la diversitat des de l\u2019\u00e0mbit metodol\u00f2gic, organitzatiu i curricular i amb una oferta d\u2019activitats extraescolars com a element important per al desenvolupament integral dels nostres alumnes.<br \/>\nActualment t\u00e9 en funcionament sis aules d\u2019Educaci\u00f3 Infantil,&hellip;  <a href=\"https:\/\/agora.xtec.cat\/escola-torreforta\/preinscricio-i-matricula\/oferta-educativa\/\" title=\"Read Oferta educativa\">Llegeix m\u00e9s\u00bb<\/a><\/p>\n","protected":false},"author":1,"featured_media":0,"parent":2168,"menu_order":0,"comment_status":"closed","ping_status":"closed","template":"page-templates\/side-menu.php","meta":{"_bbp_topic_count":0,"_bbp_reply_count":0,"_bbp_total_topic_count":0,"_bbp_total_reply_count":0,"_bbp_voice_count":0,"_bbp_anonymous_reply_count":0,"_bbp_topic_count_hidden":0,"_bbp_reply_count_hidden":0,"_bbp_forum_subforum_count":0,"footnotes":""},"class_list":["post-34","page","type-page","status-publish","hentry"],"post_mailing_queue_ids":[],"_links":{"self":[{"href":"https:\/\/agora.xtec.cat\/escola-torreforta\/wp-json\/wp\/v2\/pages\/34","targetHints":{"allow":["GET"]}}],"collection":[{"href":"https:\/\/agora.xtec.cat\/escola-torreforta\/wp-json\/wp\/v2\/pages"}],"about":[{"href":"https:\/\/agora.xtec.cat\/escola-torreforta\/wp-json\/wp\/v2\/types\/page"}],"author":[{"embeddable":true,"href":"https:\/\/agora.xtec.cat\/escola-torreforta\/wp-json\/wp\/v2\/users\/1"}],"replies":[{"embeddable":true,"href":"https:\/\/agora.xtec.cat\/escola-torreforta\/wp-json\/wp\/v2\/comments?post=34"}],"version-history":[{"count":2,"href":"https:\/\/agora.xtec.cat\/escola-torreforta\/wp-json\/wp\/v2\/pages\/34\/revisions"}],"predecessor-version":[{"id":482,"href":"https:\/\/agora.xtec.cat\/escola-torreforta\/wp-json\/wp\/v2\/pages\/34\/revisions\/482"}],"up":[{"embeddable":true,"href":"https:\/\/agora.xtec.cat\/escola-torreforta\/wp-json\/wp\/v2\/pages\/2168"}],"wp:attachment":[{"href":"https:\/\/agora.xtec.cat\/escola-torreforta\/wp-json\/wp\/v2\/media?parent=34"}],"curies":[{"name":"wp","href":"https:\/\/api.w.org\/{rel}","templated":true}]}}

<p>Ens definim com una escola pública, plural, democràtica, integradora, que atén a la diversitat des de l’àmbit metodològic, organitzatiu i curricular i amb una oferta d’activitats extraescolars com a element important per al desenvolupament integral dels nostres alumnes.</p>
<p>Actualment té en funcionament sis aules d’Educació Infantil, dotze de Primària, una d’Acollida i dues d’Educació Especial, amb un total de 439 alumnes (continuïtat amb dret preferent de matrícula als IES Torreforta i Camp Clar ).</p>
<p>La plantilla actual del centre és de 33 mestres: 16 mestres de Primària, 8 d’Educació Infantil, 3 especialistes d’Anglès, 2 d’Educació Física, 2 d’Educació Especial, 1 de Música i 1 de Religió, i compta també amb monitor de teatre.</p>
<p>El centre disposa d’instal•lacions i serveis modernitzats per tal d’afrontar els reptes de la societat actual: aula d’informàtica, aula de psicomotricitat, menjador escolar&#8230;</p>
<p>En un món on les llengües i la comunicació són molt importants, treballem la llengua Catalana des de P-3, llengua anglesa des de P-5 i la llengua Castellana des de 1r.</p>
<p>Apostem per una escola actual i oberta amb projectes com el de ciències experimentals 3/6, suports pedagògics informatitzats, treball en agrupaments flexibles, desdoblaments,…</p>
<p>Comptem també amb el servei d’atenció de l’Equip d’Assessorament Psicopedagògic, que realitza l’avaluació, seguiment i derivació, si cal, dels alumnes amb necessitats educatives especials.</p>

<p>Ens definim com una escola pública, plural, democràtica, integradora, que atén a la diversitat des de l’àmbit metodològic, organitzatiu i curricular i amb una oferta d’activitats extraescolars com a element important per al desenvolupament integral dels nostres alumnes.<br />
Actualment té en funcionament sis aules d’Educació Infantil,&hellip;  <a href="https://agora.xtec.cat/escola-torreforta/preinscricio-i-matricula/oferta-educativa/" title="Read Oferta educativa">Llegeix més»</a></p>
