{"id":32,"date":"2014-09-18T12:31:33","date_gmt":"2014-09-18T11:31:33","guid":{"rendered":"http:\/\/agora.xtec.cat\/escola-torreforta\/?page_id=32"},"modified":"2025-09-08T10:00:23","modified_gmt":"2025-09-08T08:00:23","slug":"calendari-del-curs","status":"publish","type":"page","link":"https:\/\/agora.xtec.cat\/escola-torreforta\/lescola\/calendari-del-curs\/","title":{"rendered":"Calendari del curs"},"content":{"rendered":"<p>&nbsp;<\/p>\n<p><a href=\"https:\/\/agora.xtec.cat\/escola-torreforta\/wp-content\/uploads\/usu181\/2025\/09\/CALENDARI-ESCOLAR-25-26_page-0001-1.jpg\"><img loading=\"lazy\" decoding=\"async\" class=\"alignnone size-large wp-image-3539\" src=\"https:\/\/agora.xtec.cat\/escola-torreforta\/wp-content\/uploads\/usu181\/2025\/09\/CALENDARI-ESCOLAR-25-26_page-0001-1-860x1024.jpg\" alt=\"\" width=\"860\" height=\"1024\" srcset=\"https:\/\/agora.xtec.cat\/escola-torreforta\/wp-content\/uploads\/usu181\/2025\/09\/CALENDARI-ESCOLAR-25-26_page-0001-1-860x1024.jpg 860w, https:\/\/agora.xtec.cat\/escola-torreforta\/wp-content\/uploads\/usu181\/2025\/09\/CALENDARI-ESCOLAR-25-26_page-0001-1-252x300.jpg 252w, https:\/\/agora.xtec.cat\/escola-torreforta\/wp-content\/uploads\/usu181\/2025\/09\/CALENDARI-ESCOLAR-25-26_page-0001-1-768x914.jpg 768w, https:\/\/agora.xtec.cat\/escola-torreforta\/wp-content\/uploads\/usu181\/2025\/09\/CALENDARI-ESCOLAR-25-26_page-0001-1.jpg 1241w\" sizes=\"auto, (max-width: 860px) 100vw, 860px\" \/><\/a><\/p>\n<h4><strong>Inici de curs:<\/strong><\/h4>\n<p>8 de setembre de 2025.<\/p>\n<h4><strong>Festes locals:<\/strong><\/h4>\n<p>23 de setembre de 2025.<\/p>\n<h4><strong>Altres festes:<\/strong><\/h4>\n<p>11 de setembre i 8 de desembre de 2025.<\/p>\n<p>1 de maig de 2026.<\/p>\n<h4><strong>Vacances:<\/strong><\/h4>\n<p>Nadal: del 20 de desembre de 2025 al 7 de gener de 2026\u00a0 (ambd\u00f3s inclosos).<\/p>\n<p>Setmana Santa: del 21 de mar\u00e7 al 6 d\u2019abril de 2026 (ambd\u00f3s inclosos).<\/p>\n<p>Estiu: a partir del 20 de juny de 2026.<\/p>\n<h4><strong>Dies festius de lliure disposici\u00f3:<\/strong><\/h4>\n<p>22 de setembre, 3 de novembre i 5 de desembre de 2025.<\/p>\n<p>16 de febrer i 4 de maig de 2026.<\/p>\n<h4><strong>Jornada continuada:<\/strong><\/h4>\n<p>19 de desembre de 2025 i del 8 al 19 de juny de 2026 (ambd\u00f3s inclosos).<\/p>\n<p>L\u2019<b>horari lectiu<\/b> del centre \u00e9s de 9:00 a 12:30 h i de 15:00 a 16:30 h per a tots els alumnes del centre. El dia 19 de desembre de 2025 i a partir del 8 de juny de 2026 es realitza horari continuat de 9 a 13h. (Els alumnes que utilitzen el servei de menjador surten a les 15:00h.)<\/p>\n<p>Per als alumnes que inicien l&#8217;escolaritzaci\u00f3 a P3 s&#8217;organitza un breu per\u00edode d&#8217;adaptaci\u00f3 que suposa una certa modificaci\u00f3 dels horaris dels dos primers dies de classe, i que es fa saber a les fam\u00edlies en les reunions pr\u00e8vies corresponents.<\/p>\n","protected":false},"excerpt":{"rendered":"<p>&nbsp;<br \/>\n<a href=\"https:\/\/agora.xtec.cat\/escola-torreforta\/wp-content\/uploads\/usu181\/2025\/09\/CALENDARI-ESCOLAR-25-26_page-0001-1.jpg\"><\/a><br \/>\nInici de curs:<br \/>\n8 de setembre de 2025.<br \/>\nFestes locals:<br \/>\n23 de setembre de 2025.<br \/>\nAltres festes:<br \/>\n11 de setembre i 8 de desembre de 2025.<br \/>\n1 de maig de 2026.<br \/>\nVacances:<br \/>\nNadal: del 20 de desembre de 2025 al 7 de gener de 2026\u00a0 (ambd\u00f3s inclosos).<br \/>\nSetmana Santa: del 21 de mar\u00e7&hellip;  <a href=\"https:\/\/agora.xtec.cat\/escola-torreforta\/lescola\/calendari-del-curs\/\" title=\"Read Calendari del curs\">Llegeix m\u00e9s\u00bb<\/a><\/p>\n","protected":false},"author":1,"featured_media":0,"parent":22,"menu_order":50,"comment_status":"closed","ping_status":"closed","template":"page-templates\/side-menu.php","meta":{"_bbp_topic_count":0,"_bbp_reply_count":0,"_bbp_total_topic_count":0,"_bbp_total_reply_count":0,"_bbp_voice_count":0,"_bbp_anonymous_reply_count":0,"_bbp_topic_count_hidden":0,"_bbp_reply_count_hidden":0,"_bbp_forum_subforum_count":0,"footnotes":""},"class_list":["post-32","page","type-page","status-publish","hentry"],"post_mailing_queue_ids":[],"_links":{"self":[{"href":"https:\/\/agora.xtec.cat\/escola-torreforta\/wp-json\/wp\/v2\/pages\/32","targetHints":{"allow":["GET"]}}],"collection":[{"href":"https:\/\/agora.xtec.cat\/escola-torreforta\/wp-json\/wp\/v2\/pages"}],"about":[{"href":"https:\/\/agora.xtec.cat\/escola-torreforta\/wp-json\/wp\/v2\/types\/page"}],"author":[{"embeddable":true,"href":"https:\/\/agora.xtec.cat\/escola-torreforta\/wp-json\/wp\/v2\/users\/1"}],"replies":[{"embeddable":true,"href":"https:\/\/agora.xtec.cat\/escola-torreforta\/wp-json\/wp\/v2\/comments?post=32"}],"version-history":[{"count":7,"href":"https:\/\/agora.xtec.cat\/escola-torreforta\/wp-json\/wp\/v2\/pages\/32\/revisions"}],"predecessor-version":[{"id":3540,"href":"https:\/\/agora.xtec.cat\/escola-torreforta\/wp-json\/wp\/v2\/pages\/32\/revisions\/3540"}],"up":[{"embeddable":true,"href":"https:\/\/agora.xtec.cat\/escola-torreforta\/wp-json\/wp\/v2\/pages\/22"}],"wp:attachment":[{"href":"https:\/\/agora.xtec.cat\/escola-torreforta\/wp-json\/wp\/v2\/media?parent=32"}],"curies":[{"name":"wp","href":"https:\/\/api.w.org\/{rel}","templated":true}]}}

<p>&nbsp;</p>
<p><a href="https://agora.xtec.cat/escola-torreforta/wp-content/uploads/usu181/2025/09/CALENDARI-ESCOLAR-25-26_page-0001-1.jpg"><img loading="lazy" decoding="async" class="alignnone size-large wp-image-3539" src="https://agora.xtec.cat/escola-torreforta/wp-content/uploads/usu181/2025/09/CALENDARI-ESCOLAR-25-26_page-0001-1-860x1024.jpg" alt="" width="860" height="1024" srcset="https://agora.xtec.cat/escola-torreforta/wp-content/uploads/usu181/2025/09/CALENDARI-ESCOLAR-25-26_page-0001-1-860x1024.jpg 860w, https://agora.xtec.cat/escola-torreforta/wp-content/uploads/usu181/2025/09/CALENDARI-ESCOLAR-25-26_page-0001-1-252x300.jpg 252w, https://agora.xtec.cat/escola-torreforta/wp-content/uploads/usu181/2025/09/CALENDARI-ESCOLAR-25-26_page-0001-1-768x914.jpg 768w, https://agora.xtec.cat/escola-torreforta/wp-content/uploads/usu181/2025/09/CALENDARI-ESCOLAR-25-26_page-0001-1.jpg 1241w" sizes="auto, (max-width: 860px) 100vw, 860px" /></a></p>
<h4><strong>Inici de curs:</strong></h4>
<p>8 de setembre de 2025.</p>
<h4><strong>Festes locals:</strong></h4>
<p>23 de setembre de 2025.</p>
<h4><strong>Altres festes:</strong></h4>
<p>11 de setembre i 8 de desembre de 2025.</p>
<p>1 de maig de 2026.</p>
<h4><strong>Vacances:</strong></h4>
<p>Nadal: del 20 de desembre de 2025 al 7 de gener de 2026  (ambdós inclosos).</p>
<p>Setmana Santa: del 21 de març al 6 d’abril de 2026 (ambdós inclosos).</p>
<p>Estiu: a partir del 20 de juny de 2026.</p>
<h4><strong>Dies festius de lliure disposició:</strong></h4>
<p>22 de setembre, 3 de novembre i 5 de desembre de 2025.</p>
<p>16 de febrer i 4 de maig de 2026.</p>
<h4><strong>Jornada continuada:</strong></h4>
<p>19 de desembre de 2025 i del 8 al 19 de juny de 2026 (ambdós inclosos).</p>
<p>L’<b>horari lectiu</b> del centre és de 9:00 a 12:30 h i de 15:00 a 16:30 h per a tots els alumnes del centre. El dia 19 de desembre de 2025 i a partir del 8 de juny de 2026 es realitza horari continuat de 9 a 13h. (Els alumnes que utilitzen el servei de menjador surten a les 15:00h.)</p>
<p>Per als alumnes que inicien l&#8217;escolarització a P3 s&#8217;organitza un breu període d&#8217;adaptació que suposa una certa modificació dels horaris dels dos primers dies de classe, i que es fa saber a les famílies en les reunions prèvies corresponents.</p>

<p>&nbsp;<br />
<a href="https://agora.xtec.cat/escola-torreforta/wp-content/uploads/usu181/2025/09/CALENDARI-ESCOLAR-25-26_page-0001-1.jpg"></a><br />
Inici de curs:<br />
8 de setembre de 2025.<br />
Festes locals:<br />
23 de setembre de 2025.<br />
Altres festes:<br />
11 de setembre i 8 de desembre de 2025.<br />
1 de maig de 2026.<br />
Vacances:<br />
Nadal: del 20 de desembre de 2025 al 7 de gener de 2026  (ambdós inclosos).<br />
Setmana Santa: del 21 de març&hellip;  <a href="https://agora.xtec.cat/escola-torreforta/lescola/calendari-del-curs/" title="Read Calendari del curs">Llegeix més»</a></p>
