{"id":3101,"date":"2024-03-11T11:23:34","date_gmt":"2024-03-11T10:23:34","guid":{"rendered":"https:\/\/agora.xtec.cat\/escola-torreforta\/?page_id=3101"},"modified":"2024-03-15T16:00:06","modified_gmt":"2024-03-15T15:00:06","slug":"biblioteca-tutoritzada","status":"publish","type":"page","link":"https:\/\/agora.xtec.cat\/escola-torreforta\/altres-activitats-de-lescola\/biblioteca-tutoritzada\/","title":{"rendered":"Biblioteca tutoritzada"},"content":{"rendered":"<p>L\u2019alumnat de 6\u00e8 de l\u2019Escola Torreforta fan biblioteca tutoritzada<br \/>\nsetmanalment. Consisteix en un conjunt d&#8217;activitats d&#8217;aprenentatge que<br \/>\nreforcen les tasques escolars relacionades amb l\u2019\u00e0mbit ling\u00fc\u00edstic, amb la<br \/>\nfinalitat de millorar el rendiment de l\u2019alumnat.<br \/>\nAquesta actuaci\u00f3 afavoreix la inclusi\u00f3 educativa, ampliant el temps<br \/>\nd&#8217;aprenentatge mitjan\u00e7ant diverses activitats (lectures col\u00b7lectives,<br \/>\nrecomanacions de llibres, suport en la realitzaci\u00f3 de deures a trav\u00e9s d&#8217;activitats<br \/>\norientades cap a l&#8217;aprenentatge instrumental&#8230;)<br \/>\n.<br \/>\n\u00c9s una de les activitat que l\u2019escola Torreforta proposar\u00e0 durant aquest curs<br \/>\naprofitant el Programa per l\u2019orientaci\u00f3, avan\u00e7 i enriquiment PROA+.<\/p>\n<p>&nbsp;<\/p>\n<p><a href=\"https:\/\/agora.xtec.cat\/escola-torreforta\/wp-content\/uploads\/usu181\/2024\/03\/WhatsApp-Image-2024-03-15-at-11.25.26-1.jpeg\"><img loading=\"lazy\" decoding=\"async\" class=\"alignnone wp-image-3117\" src=\"https:\/\/agora.xtec.cat\/escola-torreforta\/wp-content\/uploads\/usu181\/2024\/03\/WhatsApp-Image-2024-03-15-at-11.25.26-1-1024x768.jpeg\" alt=\"\" width=\"383\" height=\"287\" srcset=\"https:\/\/agora.xtec.cat\/escola-torreforta\/wp-content\/uploads\/usu181\/2024\/03\/WhatsApp-Image-2024-03-15-at-11.25.26-1-1024x768.jpeg 1024w, https:\/\/agora.xtec.cat\/escola-torreforta\/wp-content\/uploads\/usu181\/2024\/03\/WhatsApp-Image-2024-03-15-at-11.25.26-1-300x225.jpeg 300w, https:\/\/agora.xtec.cat\/escola-torreforta\/wp-content\/uploads\/usu181\/2024\/03\/WhatsApp-Image-2024-03-15-at-11.25.26-1-768x576.jpeg 768w, https:\/\/agora.xtec.cat\/escola-torreforta\/wp-content\/uploads\/usu181\/2024\/03\/WhatsApp-Image-2024-03-15-at-11.25.26-1-1536x1152.jpeg 1536w, https:\/\/agora.xtec.cat\/escola-torreforta\/wp-content\/uploads\/usu181\/2024\/03\/WhatsApp-Image-2024-03-15-at-11.25.26-1-200x150.jpeg 200w, https:\/\/agora.xtec.cat\/escola-torreforta\/wp-content\/uploads\/usu181\/2024\/03\/WhatsApp-Image-2024-03-15-at-11.25.26-1.jpeg 1600w\" sizes=\"auto, (max-width: 383px) 100vw, 383px\" \/><\/a> <a href=\"https:\/\/agora.xtec.cat\/escola-torreforta\/wp-content\/uploads\/usu181\/2024\/03\/WhatsApp-Image-2024-03-15-at-11.25.26-2.jpeg\"><img loading=\"lazy\" decoding=\"async\" class=\"alignnone wp-image-3118\" src=\"https:\/\/agora.xtec.cat\/escola-torreforta\/wp-content\/uploads\/usu181\/2024\/03\/WhatsApp-Image-2024-03-15-at-11.25.26-2-1024x768.jpeg\" alt=\"\" width=\"386\" height=\"290\" srcset=\"https:\/\/agora.xtec.cat\/escola-torreforta\/wp-content\/uploads\/usu181\/2024\/03\/WhatsApp-Image-2024-03-15-at-11.25.26-2-1024x768.jpeg 1024w, https:\/\/agora.xtec.cat\/escola-torreforta\/wp-content\/uploads\/usu181\/2024\/03\/WhatsApp-Image-2024-03-15-at-11.25.26-2-300x225.jpeg 300w, https:\/\/agora.xtec.cat\/escola-torreforta\/wp-content\/uploads\/usu181\/2024\/03\/WhatsApp-Image-2024-03-15-at-11.25.26-2-768x576.jpeg 768w, https:\/\/agora.xtec.cat\/escola-torreforta\/wp-content\/uploads\/usu181\/2024\/03\/WhatsApp-Image-2024-03-15-at-11.25.26-2-1536x1152.jpeg 1536w, https:\/\/agora.xtec.cat\/escola-torreforta\/wp-content\/uploads\/usu181\/2024\/03\/WhatsApp-Image-2024-03-15-at-11.25.26-2-200x150.jpeg 200w, https:\/\/agora.xtec.cat\/escola-torreforta\/wp-content\/uploads\/usu181\/2024\/03\/WhatsApp-Image-2024-03-15-at-11.25.26-2.jpeg 1600w\" sizes=\"auto, (max-width: 386px) 100vw, 386px\" \/><\/a><\/p>\n<p><a href=\"https:\/\/agora.xtec.cat\/escola-torreforta\/wp-content\/uploads\/usu181\/2024\/03\/WhatsApp-Image-2024-03-15-at-11.28.02-1.jpeg\"><img loading=\"lazy\" decoding=\"async\" class=\"alignnone wp-image-3120\" src=\"https:\/\/agora.xtec.cat\/escola-torreforta\/wp-content\/uploads\/usu181\/2024\/03\/WhatsApp-Image-2024-03-15-at-11.28.02-1-1024x768.jpeg\" alt=\"\" width=\"391\" height=\"294\" srcset=\"https:\/\/agora.xtec.cat\/escola-torreforta\/wp-content\/uploads\/usu181\/2024\/03\/WhatsApp-Image-2024-03-15-at-11.28.02-1-1024x768.jpeg 1024w, https:\/\/agora.xtec.cat\/escola-torreforta\/wp-content\/uploads\/usu181\/2024\/03\/WhatsApp-Image-2024-03-15-at-11.28.02-1-300x225.jpeg 300w, https:\/\/agora.xtec.cat\/escola-torreforta\/wp-content\/uploads\/usu181\/2024\/03\/WhatsApp-Image-2024-03-15-at-11.28.02-1-768x576.jpeg 768w, https:\/\/agora.xtec.cat\/escola-torreforta\/wp-content\/uploads\/usu181\/2024\/03\/WhatsApp-Image-2024-03-15-at-11.28.02-1-1536x1152.jpeg 1536w, https:\/\/agora.xtec.cat\/escola-torreforta\/wp-content\/uploads\/usu181\/2024\/03\/WhatsApp-Image-2024-03-15-at-11.28.02-1-200x150.jpeg 200w, https:\/\/agora.xtec.cat\/escola-torreforta\/wp-content\/uploads\/usu181\/2024\/03\/WhatsApp-Image-2024-03-15-at-11.28.02-1.jpeg 1600w\" sizes=\"auto, (max-width: 391px) 100vw, 391px\" \/><\/a> <a href=\"https:\/\/agora.xtec.cat\/escola-torreforta\/wp-content\/uploads\/usu181\/2024\/03\/WhatsApp-Image-2024-03-15-at-11.28.02.jpeg\"><img loading=\"lazy\" decoding=\"async\" class=\"alignnone wp-image-3121\" src=\"https:\/\/agora.xtec.cat\/escola-torreforta\/wp-content\/uploads\/usu181\/2024\/03\/WhatsApp-Image-2024-03-15-at-11.28.02-768x1024.jpeg\" alt=\"\" width=\"379\" height=\"505\" srcset=\"https:\/\/agora.xtec.cat\/escola-torreforta\/wp-content\/uploads\/usu181\/2024\/03\/WhatsApp-Image-2024-03-15-at-11.28.02-768x1024.jpeg 768w, https:\/\/agora.xtec.cat\/escola-torreforta\/wp-content\/uploads\/usu181\/2024\/03\/WhatsApp-Image-2024-03-15-at-11.28.02-225x300.jpeg 225w, https:\/\/agora.xtec.cat\/escola-torreforta\/wp-content\/uploads\/usu181\/2024\/03\/WhatsApp-Image-2024-03-15-at-11.28.02-1152x1536.jpeg 1152w, https:\/\/agora.xtec.cat\/escola-torreforta\/wp-content\/uploads\/usu181\/2024\/03\/WhatsApp-Image-2024-03-15-at-11.28.02.jpeg 1200w\" sizes=\"auto, (max-width: 379px) 100vw, 379px\" \/><\/a><\/p>\n<p>&nbsp;<\/p>\n<p><a href=\"https:\/\/agora.xtec.cat\/escola-torreforta\/wp-content\/uploads\/usu181\/2024\/02\/Proa.png\"><img loading=\"lazy\" decoding=\"async\" class=\"alignnone size-large wp-image-3056\" src=\"https:\/\/agora.xtec.cat\/escola-torreforta\/wp-content\/uploads\/usu181\/2024\/02\/Proa-1024x68.png\" alt=\"\" width=\"1024\" height=\"68\" srcset=\"https:\/\/agora.xtec.cat\/escola-torreforta\/wp-content\/uploads\/usu181\/2024\/02\/Proa-1024x68.png 1024w, https:\/\/agora.xtec.cat\/escola-torreforta\/wp-content\/uploads\/usu181\/2024\/02\/Proa-300x20.png 300w, https:\/\/agora.xtec.cat\/escola-torreforta\/wp-content\/uploads\/usu181\/2024\/02\/Proa-768x51.png 768w, https:\/\/agora.xtec.cat\/escola-torreforta\/wp-content\/uploads\/usu181\/2024\/02\/Proa.png 1129w\" sizes=\"auto, (max-width: 1024px) 100vw, 1024px\" \/><\/a><\/p>\n","protected":false},"excerpt":{"rendered":"<p>L\u2019alumnat de 6\u00e8 de l\u2019Escola Torreforta fan biblioteca tutoritzada<br \/>\nsetmanalment. Consisteix en un conjunt d&#8217;activitats d&#8217;aprenentatge que<br \/>\nreforcen les tasques escolars relacionades amb l\u2019\u00e0mbit ling\u00fc\u00edstic, amb la<br \/>\nfinalitat de millorar el rendiment de l\u2019alumnat.<br \/>\nAquesta actuaci\u00f3 afavoreix la inclusi\u00f3 educativa, ampliant el temps<br \/>\nd&#8217;aprenentatge mitjan\u00e7ant diverses activitats (lectures col\u00b7lectives,<br \/>\nrecomanacions de&hellip;  <a href=\"https:\/\/agora.xtec.cat\/escola-torreforta\/altres-activitats-de-lescola\/biblioteca-tutoritzada\/\" title=\"Read Biblioteca tutoritzada\">Llegeix m\u00e9s\u00bb<\/a><\/p>\n","protected":false},"author":1,"featured_media":0,"parent":2157,"menu_order":5,"comment_status":"closed","ping_status":"closed","template":"page-templates\/side-menu.php","meta":{"_bbp_topic_count":0,"_bbp_reply_count":0,"_bbp_total_topic_count":0,"_bbp_total_reply_count":0,"_bbp_voice_count":0,"_bbp_anonymous_reply_count":0,"_bbp_topic_count_hidden":0,"_bbp_reply_count_hidden":0,"_bbp_forum_subforum_count":0,"footnotes":""},"class_list":["post-3101","page","type-page","status-publish","hentry"],"post_mailing_queue_ids":[],"_links":{"self":[{"href":"https:\/\/agora.xtec.cat\/escola-torreforta\/wp-json\/wp\/v2\/pages\/3101","targetHints":{"allow":["GET"]}}],"collection":[{"href":"https:\/\/agora.xtec.cat\/escola-torreforta\/wp-json\/wp\/v2\/pages"}],"about":[{"href":"https:\/\/agora.xtec.cat\/escola-torreforta\/wp-json\/wp\/v2\/types\/page"}],"author":[{"embeddable":true,"href":"https:\/\/agora.xtec.cat\/escola-torreforta\/wp-json\/wp\/v2\/users\/1"}],"replies":[{"embeddable":true,"href":"https:\/\/agora.xtec.cat\/escola-torreforta\/wp-json\/wp\/v2\/comments?post=3101"}],"version-history":[{"count":4,"href":"https:\/\/agora.xtec.cat\/escola-torreforta\/wp-json\/wp\/v2\/pages\/3101\/revisions"}],"predecessor-version":[{"id":3125,"href":"https:\/\/agora.xtec.cat\/escola-torreforta\/wp-json\/wp\/v2\/pages\/3101\/revisions\/3125"}],"up":[{"embeddable":true,"href":"https:\/\/agora.xtec.cat\/escola-torreforta\/wp-json\/wp\/v2\/pages\/2157"}],"wp:attachment":[{"href":"https:\/\/agora.xtec.cat\/escola-torreforta\/wp-json\/wp\/v2\/media?parent=3101"}],"curies":[{"name":"wp","href":"https:\/\/api.w.org\/{rel}","templated":true}]}}

<p>L’alumnat de 6è de l’Escola Torreforta fan biblioteca tutoritzada<br />
setmanalment. Consisteix en un conjunt d&#8217;activitats d&#8217;aprenentatge que<br />
reforcen les tasques escolars relacionades amb l’àmbit lingüístic, amb la<br />
finalitat de millorar el rendiment de l’alumnat.<br />
Aquesta actuació afavoreix la inclusió educativa, ampliant el temps<br />
d&#8217;aprenentatge mitjançant diverses activitats (lectures col·lectives,<br />
recomanacions de llibres, suport en la realització de deures a través d&#8217;activitats<br />
orientades cap a l&#8217;aprenentatge instrumental&#8230;)<br />
.<br />
És una de les activitat que l’escola Torreforta proposarà durant aquest curs<br />
aprofitant el Programa per l’orientació, avanç i enriquiment PROA+.</p>
<p>&nbsp;</p>
<p><a href="https://agora.xtec.cat/escola-torreforta/wp-content/uploads/usu181/2024/03/WhatsApp-Image-2024-03-15-at-11.25.26-1.jpeg"><img loading="lazy" decoding="async" class="alignnone wp-image-3117" src="https://agora.xtec.cat/escola-torreforta/wp-content/uploads/usu181/2024/03/WhatsApp-Image-2024-03-15-at-11.25.26-1-1024x768.jpeg" alt="" width="383" height="287" srcset="https://agora.xtec.cat/escola-torreforta/wp-content/uploads/usu181/2024/03/WhatsApp-Image-2024-03-15-at-11.25.26-1-1024x768.jpeg 1024w, https://agora.xtec.cat/escola-torreforta/wp-content/uploads/usu181/2024/03/WhatsApp-Image-2024-03-15-at-11.25.26-1-300x225.jpeg 300w, https://agora.xtec.cat/escola-torreforta/wp-content/uploads/usu181/2024/03/WhatsApp-Image-2024-03-15-at-11.25.26-1-768x576.jpeg 768w, https://agora.xtec.cat/escola-torreforta/wp-content/uploads/usu181/2024/03/WhatsApp-Image-2024-03-15-at-11.25.26-1-1536x1152.jpeg 1536w, https://agora.xtec.cat/escola-torreforta/wp-content/uploads/usu181/2024/03/WhatsApp-Image-2024-03-15-at-11.25.26-1-200x150.jpeg 200w, https://agora.xtec.cat/escola-torreforta/wp-content/uploads/usu181/2024/03/WhatsApp-Image-2024-03-15-at-11.25.26-1.jpeg 1600w" sizes="auto, (max-width: 383px) 100vw, 383px" /></a> <a href="https://agora.xtec.cat/escola-torreforta/wp-content/uploads/usu181/2024/03/WhatsApp-Image-2024-03-15-at-11.25.26-2.jpeg"><img loading="lazy" decoding="async" class="alignnone wp-image-3118" src="https://agora.xtec.cat/escola-torreforta/wp-content/uploads/usu181/2024/03/WhatsApp-Image-2024-03-15-at-11.25.26-2-1024x768.jpeg" alt="" width="386" height="290" srcset="https://agora.xtec.cat/escola-torreforta/wp-content/uploads/usu181/2024/03/WhatsApp-Image-2024-03-15-at-11.25.26-2-1024x768.jpeg 1024w, https://agora.xtec.cat/escola-torreforta/wp-content/uploads/usu181/2024/03/WhatsApp-Image-2024-03-15-at-11.25.26-2-300x225.jpeg 300w, https://agora.xtec.cat/escola-torreforta/wp-content/uploads/usu181/2024/03/WhatsApp-Image-2024-03-15-at-11.25.26-2-768x576.jpeg 768w, https://agora.xtec.cat/escola-torreforta/wp-content/uploads/usu181/2024/03/WhatsApp-Image-2024-03-15-at-11.25.26-2-1536x1152.jpeg 1536w, https://agora.xtec.cat/escola-torreforta/wp-content/uploads/usu181/2024/03/WhatsApp-Image-2024-03-15-at-11.25.26-2-200x150.jpeg 200w, https://agora.xtec.cat/escola-torreforta/wp-content/uploads/usu181/2024/03/WhatsApp-Image-2024-03-15-at-11.25.26-2.jpeg 1600w" sizes="auto, (max-width: 386px) 100vw, 386px" /></a></p>
<p><a href="https://agora.xtec.cat/escola-torreforta/wp-content/uploads/usu181/2024/03/WhatsApp-Image-2024-03-15-at-11.28.02-1.jpeg"><img loading="lazy" decoding="async" class="alignnone wp-image-3120" src="https://agora.xtec.cat/escola-torreforta/wp-content/uploads/usu181/2024/03/WhatsApp-Image-2024-03-15-at-11.28.02-1-1024x768.jpeg" alt="" width="391" height="294" srcset="https://agora.xtec.cat/escola-torreforta/wp-content/uploads/usu181/2024/03/WhatsApp-Image-2024-03-15-at-11.28.02-1-1024x768.jpeg 1024w, https://agora.xtec.cat/escola-torreforta/wp-content/uploads/usu181/2024/03/WhatsApp-Image-2024-03-15-at-11.28.02-1-300x225.jpeg 300w, https://agora.xtec.cat/escola-torreforta/wp-content/uploads/usu181/2024/03/WhatsApp-Image-2024-03-15-at-11.28.02-1-768x576.jpeg 768w, https://agora.xtec.cat/escola-torreforta/wp-content/uploads/usu181/2024/03/WhatsApp-Image-2024-03-15-at-11.28.02-1-1536x1152.jpeg 1536w, https://agora.xtec.cat/escola-torreforta/wp-content/uploads/usu181/2024/03/WhatsApp-Image-2024-03-15-at-11.28.02-1-200x150.jpeg 200w, https://agora.xtec.cat/escola-torreforta/wp-content/uploads/usu181/2024/03/WhatsApp-Image-2024-03-15-at-11.28.02-1.jpeg 1600w" sizes="auto, (max-width: 391px) 100vw, 391px" /></a> <a href="https://agora.xtec.cat/escola-torreforta/wp-content/uploads/usu181/2024/03/WhatsApp-Image-2024-03-15-at-11.28.02.jpeg"><img loading="lazy" decoding="async" class="alignnone wp-image-3121" src="https://agora.xtec.cat/escola-torreforta/wp-content/uploads/usu181/2024/03/WhatsApp-Image-2024-03-15-at-11.28.02-768x1024.jpeg" alt="" width="379" height="505" srcset="https://agora.xtec.cat/escola-torreforta/wp-content/uploads/usu181/2024/03/WhatsApp-Image-2024-03-15-at-11.28.02-768x1024.jpeg 768w, https://agora.xtec.cat/escola-torreforta/wp-content/uploads/usu181/2024/03/WhatsApp-Image-2024-03-15-at-11.28.02-225x300.jpeg 225w, https://agora.xtec.cat/escola-torreforta/wp-content/uploads/usu181/2024/03/WhatsApp-Image-2024-03-15-at-11.28.02-1152x1536.jpeg 1152w, https://agora.xtec.cat/escola-torreforta/wp-content/uploads/usu181/2024/03/WhatsApp-Image-2024-03-15-at-11.28.02.jpeg 1200w" sizes="auto, (max-width: 379px) 100vw, 379px" /></a></p>
<p>&nbsp;</p>
<p><a href="https://agora.xtec.cat/escola-torreforta/wp-content/uploads/usu181/2024/02/Proa.png"><img loading="lazy" decoding="async" class="alignnone size-large wp-image-3056" src="https://agora.xtec.cat/escola-torreforta/wp-content/uploads/usu181/2024/02/Proa-1024x68.png" alt="" width="1024" height="68" srcset="https://agora.xtec.cat/escola-torreforta/wp-content/uploads/usu181/2024/02/Proa-1024x68.png 1024w, https://agora.xtec.cat/escola-torreforta/wp-content/uploads/usu181/2024/02/Proa-300x20.png 300w, https://agora.xtec.cat/escola-torreforta/wp-content/uploads/usu181/2024/02/Proa-768x51.png 768w, https://agora.xtec.cat/escola-torreforta/wp-content/uploads/usu181/2024/02/Proa.png 1129w" sizes="auto, (max-width: 1024px) 100vw, 1024px" /></a></p>

<p>L’alumnat de 6è de l’Escola Torreforta fan biblioteca tutoritzada<br />
setmanalment. Consisteix en un conjunt d&#8217;activitats d&#8217;aprenentatge que<br />
reforcen les tasques escolars relacionades amb l’àmbit lingüístic, amb la<br />
finalitat de millorar el rendiment de l’alumnat.<br />
Aquesta actuació afavoreix la inclusió educativa, ampliant el temps<br />
d&#8217;aprenentatge mitjançant diverses activitats (lectures col·lectives,<br />
recomanacions de&hellip;  <a href="https://agora.xtec.cat/escola-torreforta/altres-activitats-de-lescola/biblioteca-tutoritzada/" title="Read Biblioteca tutoritzada">Llegeix més»</a></p>
