{"id":2973,"date":"2024-02-05T10:49:14","date_gmt":"2024-02-05T09:49:14","guid":{"rendered":"https:\/\/agora.xtec.cat\/escola-torreforta\/?page_id=2973"},"modified":"2025-10-17T16:26:49","modified_gmt":"2025-10-17T14:26:49","slug":"proa","status":"publish","type":"page","link":"https:\/\/agora.xtec.cat\/escola-torreforta\/proa-2\/proa\/","title":{"rendered":"PROA +"},"content":{"rendered":"<p>L\u2019escola Torreforta aprofitar\u00e0 durant aquest curs el Programa per l\u2019orientaci\u00f3, avan\u00e7 i enriquiment PROA+, per oferir suport i orientaci\u00f3, millorar les oportunitat educatives de l\u2019alumnat en situaci\u00f3 vulnerable i refor\u00e7ar el suport a les fam\u00edlies.<br \/>\nOBJECTIUS:<br \/>\n&#8211; Eliminar barreres per fomentar l\u2019equitat.<br \/>\n&#8211; Oferir formaci\u00f3 a les fam\u00edlies.<br \/>\n&#8211; Proposar activitats extraescolars per a l\u2019alumnat m\u00e9s vulnerable de diferents nivells per tal de fomentar l\u2019\u00e8xit educatiu i socioemocional.<br \/>\n&#8211; Proposar un canvi metodol\u00f2gic a nivell de centre per afavorir l\u2019aprenentatge competencial i socioemocional.<br \/>\n&#8211; Fomentar activitats i tallers per a treballar les ODS.<br \/>\n&#8211; Facilitat a l\u2019alumnat l\u2019acc\u00e9s a diferents fonts d\u2019informaci\u00f3.<br \/>\n&#8211; Apropar les tradicions populars a les fam\u00edlies i a l\u2019alumnat.<br \/>\n&#8211; Participar a les reunions de coordinaci\u00f3, formaci\u00f3 i intercanvi entre centres aportant les pr\u00e0ctiques i reflexions del propi centre creant xarxes educatives.<\/p>\n<p>La previsi\u00f3 d\u2019activitats per aquest nou curs escolar es basen en dos factors: en les valoracions recollides en la mem\u00f2ria avaluativa del curs 2024-2025 i en les necessitats recollides per part dels \/ de les mestres, educadora social i TIS del centre.<\/p>\n<p>Com a previsi\u00f3, podrien ser modificades per necessitats del centre o per altres problemes a l\u2019hora de portar-les a terme.<a href=\"https:\/\/agora.xtec.cat\/escola-torreforta\/wp-content\/uploads\/usu181\/2024\/02\/PROA.jpg\"><img loading=\"lazy\" decoding=\"async\" class=\"size-full wp-image-2974 aligncenter\" src=\"https:\/\/agora.xtec.cat\/escola-torreforta\/wp-content\/uploads\/usu181\/2024\/02\/PROA.jpg\" alt=\"\" width=\"778\" height=\"407\" srcset=\"https:\/\/agora.xtec.cat\/escola-torreforta\/wp-content\/uploads\/usu181\/2024\/02\/PROA.jpg 778w, https:\/\/agora.xtec.cat\/escola-torreforta\/wp-content\/uploads\/usu181\/2024\/02\/PROA-300x157.jpg 300w, https:\/\/agora.xtec.cat\/escola-torreforta\/wp-content\/uploads\/usu181\/2024\/02\/PROA-768x402.jpg 768w\" sizes=\"auto, (max-width: 778px) 100vw, 778px\" \/><\/a><\/p>\n<p><a href=\"https:\/\/agora.xtec.cat\/escola-torreforta\/wp-content\/uploads\/usu181\/2024\/02\/WhatsApp-Image-2024-02-19-at-11.14.16.jpeg\"><img loading=\"lazy\" decoding=\"async\" class=\"alignnone size-large wp-image-3065\" src=\"https:\/\/agora.xtec.cat\/escola-torreforta\/wp-content\/uploads\/usu181\/2024\/02\/WhatsApp-Image-2024-02-19-at-11.14.16-1024x576.jpeg\" alt=\"\" width=\"1024\" height=\"576\" srcset=\"https:\/\/agora.xtec.cat\/escola-torreforta\/wp-content\/uploads\/usu181\/2024\/02\/WhatsApp-Image-2024-02-19-at-11.14.16-1024x576.jpeg 1024w, https:\/\/agora.xtec.cat\/escola-torreforta\/wp-content\/uploads\/usu181\/2024\/02\/WhatsApp-Image-2024-02-19-at-11.14.16-300x169.jpeg 300w, https:\/\/agora.xtec.cat\/escola-torreforta\/wp-content\/uploads\/usu181\/2024\/02\/WhatsApp-Image-2024-02-19-at-11.14.16-768x432.jpeg 768w, https:\/\/agora.xtec.cat\/escola-torreforta\/wp-content\/uploads\/usu181\/2024\/02\/WhatsApp-Image-2024-02-19-at-11.14.16-1536x864.jpeg 1536w, https:\/\/agora.xtec.cat\/escola-torreforta\/wp-content\/uploads\/usu181\/2024\/02\/WhatsApp-Image-2024-02-19-at-11.14.16.jpeg 1920w\" sizes=\"auto, (max-width: 1024px) 100vw, 1024px\" \/><\/a><\/p>\n<p><a href=\"https:\/\/agora.xtec.cat\/escola-torreforta\/wp-content\/uploads\/usu181\/2024\/02\/WhatsApp-Image-2024-02-14-at-07.32.00.jpeg\"><img loading=\"lazy\" decoding=\"async\" class=\"alignnone wp-image-3052\" src=\"https:\/\/agora.xtec.cat\/escola-torreforta\/wp-content\/uploads\/usu181\/2024\/02\/WhatsApp-Image-2024-02-14-at-07.32.00-768x1024.jpeg\" alt=\"\" width=\"357\" height=\"476\" srcset=\"https:\/\/agora.xtec.cat\/escola-torreforta\/wp-content\/uploads\/usu181\/2024\/02\/WhatsApp-Image-2024-02-14-at-07.32.00-768x1024.jpeg 768w, https:\/\/agora.xtec.cat\/escola-torreforta\/wp-content\/uploads\/usu181\/2024\/02\/WhatsApp-Image-2024-02-14-at-07.32.00-225x300.jpeg 225w, https:\/\/agora.xtec.cat\/escola-torreforta\/wp-content\/uploads\/usu181\/2024\/02\/WhatsApp-Image-2024-02-14-at-07.32.00-1152x1536.jpeg 1152w, https:\/\/agora.xtec.cat\/escola-torreforta\/wp-content\/uploads\/usu181\/2024\/02\/WhatsApp-Image-2024-02-14-at-07.32.00.jpeg 1500w\" sizes=\"auto, (max-width: 357px) 100vw, 357px\" \/>\u00a0 \u00a0 <\/a><a href=\"https:\/\/agora.xtec.cat\/escola-torreforta\/wp-content\/uploads\/usu181\/2024\/02\/WhatsApp-Image-2024-02-14-at-07.32.53.jpeg\"><img loading=\"lazy\" decoding=\"async\" class=\"alignnone wp-image-3051\" src=\"https:\/\/agora.xtec.cat\/escola-torreforta\/wp-content\/uploads\/usu181\/2024\/02\/WhatsApp-Image-2024-02-14-at-07.32.53-768x1024.jpeg\" alt=\"\" width=\"357\" height=\"476\" srcset=\"https:\/\/agora.xtec.cat\/escola-torreforta\/wp-content\/uploads\/usu181\/2024\/02\/WhatsApp-Image-2024-02-14-at-07.32.53-768x1024.jpeg 768w, https:\/\/agora.xtec.cat\/escola-torreforta\/wp-content\/uploads\/usu181\/2024\/02\/WhatsApp-Image-2024-02-14-at-07.32.53-225x300.jpeg 225w, https:\/\/agora.xtec.cat\/escola-torreforta\/wp-content\/uploads\/usu181\/2024\/02\/WhatsApp-Image-2024-02-14-at-07.32.53-1152x1536.jpeg 1152w, https:\/\/agora.xtec.cat\/escola-torreforta\/wp-content\/uploads\/usu181\/2024\/02\/WhatsApp-Image-2024-02-14-at-07.32.53.jpeg 1500w\" sizes=\"auto, (max-width: 357px) 100vw, 357px\" \/><\/a><\/p>\n<p><a href=\"https:\/\/agora.xtec.cat\/escola-torreforta\/wp-content\/uploads\/usu181\/2024\/02\/WhatsApp-Image-2024-02-14-at-07.30.59.jpeg\"><img loading=\"lazy\" decoding=\"async\" class=\"wp-image-3053 alignleft\" src=\"https:\/\/agora.xtec.cat\/escola-torreforta\/wp-content\/uploads\/usu181\/2024\/02\/WhatsApp-Image-2024-02-14-at-07.30.59-1024x768.jpeg\" alt=\"\" width=\"485\" height=\"364\" srcset=\"https:\/\/agora.xtec.cat\/escola-torreforta\/wp-content\/uploads\/usu181\/2024\/02\/WhatsApp-Image-2024-02-14-at-07.30.59-1024x768.jpeg 1024w, https:\/\/agora.xtec.cat\/escola-torreforta\/wp-content\/uploads\/usu181\/2024\/02\/WhatsApp-Image-2024-02-14-at-07.30.59-300x225.jpeg 300w, https:\/\/agora.xtec.cat\/escola-torreforta\/wp-content\/uploads\/usu181\/2024\/02\/WhatsApp-Image-2024-02-14-at-07.30.59-768x576.jpeg 768w, https:\/\/agora.xtec.cat\/escola-torreforta\/wp-content\/uploads\/usu181\/2024\/02\/WhatsApp-Image-2024-02-14-at-07.30.59-1536x1152.jpeg 1536w, https:\/\/agora.xtec.cat\/escola-torreforta\/wp-content\/uploads\/usu181\/2024\/02\/WhatsApp-Image-2024-02-14-at-07.30.59-200x150.jpeg 200w, https:\/\/agora.xtec.cat\/escola-torreforta\/wp-content\/uploads\/usu181\/2024\/02\/WhatsApp-Image-2024-02-14-at-07.30.59.jpeg 2000w\" sizes=\"auto, (max-width: 485px) 100vw, 485px\" \/><\/a><\/p>\n<p>&nbsp;<\/p>\n<p>&nbsp;<\/p>\n<p>&nbsp;<\/p>\n<p>&nbsp;<\/p>\n<p>&nbsp;<\/p>\n<p>&nbsp;<\/p>\n<p>&nbsp;<\/p>\n<p>&nbsp;<\/p>\n<p>&nbsp;<\/p>\n<p><a href=\"https:\/\/agora.xtec.cat\/escola-torreforta\/wp-content\/uploads\/usu181\/2024\/02\/Proa.png\"><img loading=\"lazy\" decoding=\"async\" class=\"alignnone size-large wp-image-3056\" src=\"https:\/\/agora.xtec.cat\/escola-torreforta\/wp-content\/uploads\/usu181\/2024\/02\/Proa-1024x68.png\" alt=\"\" width=\"1024\" height=\"68\" srcset=\"https:\/\/agora.xtec.cat\/escola-torreforta\/wp-content\/uploads\/usu181\/2024\/02\/Proa-1024x68.png 1024w, https:\/\/agora.xtec.cat\/escola-torreforta\/wp-content\/uploads\/usu181\/2024\/02\/Proa-300x20.png 300w, https:\/\/agora.xtec.cat\/escola-torreforta\/wp-content\/uploads\/usu181\/2024\/02\/Proa-768x51.png 768w, https:\/\/agora.xtec.cat\/escola-torreforta\/wp-content\/uploads\/usu181\/2024\/02\/Proa.png 1129w\" sizes=\"auto, (max-width: 1024px) 100vw, 1024px\" \/><\/a><\/p>\n<p>&nbsp;<\/p>\n<p>&nbsp;<\/p>\n","protected":false},"excerpt":{"rendered":"<p>L\u2019escola Torreforta aprofitar\u00e0 durant aquest curs el Programa per l\u2019orientaci\u00f3, avan\u00e7 i enriquiment PROA+, per oferir suport i orientaci\u00f3, millorar les oportunitat educatives de l\u2019alumnat en situaci\u00f3 vulnerable i refor\u00e7ar el suport a les fam\u00edlies.<br \/>\nOBJECTIUS:<br \/>\n&#8211; Eliminar barreres per fomentar l\u2019equitat.<br \/>\n&#8211; Oferir formaci\u00f3 a les fam\u00edlies.<br \/>\n&#8211;&hellip;  <a href=\"https:\/\/agora.xtec.cat\/escola-torreforta\/proa-2\/proa\/\" title=\"Read PROA +\">Llegeix m\u00e9s\u00bb<\/a><\/p>\n","protected":false},"author":1,"featured_media":0,"parent":3576,"menu_order":0,"comment_status":"closed","ping_status":"closed","template":"page-templates\/side-menu.php","meta":{"_bbp_topic_count":0,"_bbp_reply_count":0,"_bbp_total_topic_count":0,"_bbp_total_reply_count":0,"_bbp_voice_count":0,"_bbp_anonymous_reply_count":0,"_bbp_topic_count_hidden":0,"_bbp_reply_count_hidden":0,"_bbp_forum_subforum_count":0,"footnotes":""},"class_list":["post-2973","page","type-page","status-publish","hentry"],"post_mailing_queue_ids":[],"_links":{"self":[{"href":"https:\/\/agora.xtec.cat\/escola-torreforta\/wp-json\/wp\/v2\/pages\/2973","targetHints":{"allow":["GET"]}}],"collection":[{"href":"https:\/\/agora.xtec.cat\/escola-torreforta\/wp-json\/wp\/v2\/pages"}],"about":[{"href":"https:\/\/agora.xtec.cat\/escola-torreforta\/wp-json\/wp\/v2\/types\/page"}],"author":[{"embeddable":true,"href":"https:\/\/agora.xtec.cat\/escola-torreforta\/wp-json\/wp\/v2\/users\/1"}],"replies":[{"embeddable":true,"href":"https:\/\/agora.xtec.cat\/escola-torreforta\/wp-json\/wp\/v2\/comments?post=2973"}],"version-history":[{"count":7,"href":"https:\/\/agora.xtec.cat\/escola-torreforta\/wp-json\/wp\/v2\/pages\/2973\/revisions"}],"predecessor-version":[{"id":3273,"href":"https:\/\/agora.xtec.cat\/escola-torreforta\/wp-json\/wp\/v2\/pages\/2973\/revisions\/3273"}],"up":[{"embeddable":true,"href":"https:\/\/agora.xtec.cat\/escola-torreforta\/wp-json\/wp\/v2\/pages\/3576"}],"wp:attachment":[{"href":"https:\/\/agora.xtec.cat\/escola-torreforta\/wp-json\/wp\/v2\/media?parent=2973"}],"curies":[{"name":"wp","href":"https:\/\/api.w.org\/{rel}","templated":true}]}}

<p>L’escola Torreforta aprofitarà durant aquest curs el Programa per l’orientació, avanç i enriquiment PROA+, per oferir suport i orientació, millorar les oportunitat educatives de l’alumnat en situació vulnerable i reforçar el suport a les famílies.<br />
OBJECTIUS:<br />
&#8211; Eliminar barreres per fomentar l’equitat.<br />
&#8211; Oferir formació a les famílies.<br />
&#8211; Proposar activitats extraescolars per a l’alumnat més vulnerable de diferents nivells per tal de fomentar l’èxit educatiu i socioemocional.<br />
&#8211; Proposar un canvi metodològic a nivell de centre per afavorir l’aprenentatge competencial i socioemocional.<br />
&#8211; Fomentar activitats i tallers per a treballar les ODS.<br />
&#8211; Facilitat a l’alumnat l’accés a diferents fonts d’informació.<br />
&#8211; Apropar les tradicions populars a les famílies i a l’alumnat.<br />
&#8211; Participar a les reunions de coordinació, formació i intercanvi entre centres aportant les pràctiques i reflexions del propi centre creant xarxes educatives.</p>
<p>La previsió d’activitats per aquest nou curs escolar es basen en dos factors: en les valoracions recollides en la memòria avaluativa del curs 2024-2025 i en les necessitats recollides per part dels / de les mestres, educadora social i TIS del centre.</p>
<p>Com a previsió, podrien ser modificades per necessitats del centre o per altres problemes a l’hora de portar-les a terme.<a href="https://agora.xtec.cat/escola-torreforta/wp-content/uploads/usu181/2024/02/PROA.jpg"><img loading="lazy" decoding="async" class="size-full wp-image-2974 aligncenter" src="https://agora.xtec.cat/escola-torreforta/wp-content/uploads/usu181/2024/02/PROA.jpg" alt="" width="778" height="407" srcset="https://agora.xtec.cat/escola-torreforta/wp-content/uploads/usu181/2024/02/PROA.jpg 778w, https://agora.xtec.cat/escola-torreforta/wp-content/uploads/usu181/2024/02/PROA-300x157.jpg 300w, https://agora.xtec.cat/escola-torreforta/wp-content/uploads/usu181/2024/02/PROA-768x402.jpg 768w" sizes="auto, (max-width: 778px) 100vw, 778px" /></a></p>
<p><a href="https://agora.xtec.cat/escola-torreforta/wp-content/uploads/usu181/2024/02/WhatsApp-Image-2024-02-19-at-11.14.16.jpeg"><img loading="lazy" decoding="async" class="alignnone size-large wp-image-3065" src="https://agora.xtec.cat/escola-torreforta/wp-content/uploads/usu181/2024/02/WhatsApp-Image-2024-02-19-at-11.14.16-1024x576.jpeg" alt="" width="1024" height="576" srcset="https://agora.xtec.cat/escola-torreforta/wp-content/uploads/usu181/2024/02/WhatsApp-Image-2024-02-19-at-11.14.16-1024x576.jpeg 1024w, https://agora.xtec.cat/escola-torreforta/wp-content/uploads/usu181/2024/02/WhatsApp-Image-2024-02-19-at-11.14.16-300x169.jpeg 300w, https://agora.xtec.cat/escola-torreforta/wp-content/uploads/usu181/2024/02/WhatsApp-Image-2024-02-19-at-11.14.16-768x432.jpeg 768w, https://agora.xtec.cat/escola-torreforta/wp-content/uploads/usu181/2024/02/WhatsApp-Image-2024-02-19-at-11.14.16-1536x864.jpeg 1536w, https://agora.xtec.cat/escola-torreforta/wp-content/uploads/usu181/2024/02/WhatsApp-Image-2024-02-19-at-11.14.16.jpeg 1920w" sizes="auto, (max-width: 1024px) 100vw, 1024px" /></a></p>
<p><a href="https://agora.xtec.cat/escola-torreforta/wp-content/uploads/usu181/2024/02/WhatsApp-Image-2024-02-14-at-07.32.00.jpeg"><img loading="lazy" decoding="async" class="alignnone wp-image-3052" src="https://agora.xtec.cat/escola-torreforta/wp-content/uploads/usu181/2024/02/WhatsApp-Image-2024-02-14-at-07.32.00-768x1024.jpeg" alt="" width="357" height="476" srcset="https://agora.xtec.cat/escola-torreforta/wp-content/uploads/usu181/2024/02/WhatsApp-Image-2024-02-14-at-07.32.00-768x1024.jpeg 768w, https://agora.xtec.cat/escola-torreforta/wp-content/uploads/usu181/2024/02/WhatsApp-Image-2024-02-14-at-07.32.00-225x300.jpeg 225w, https://agora.xtec.cat/escola-torreforta/wp-content/uploads/usu181/2024/02/WhatsApp-Image-2024-02-14-at-07.32.00-1152x1536.jpeg 1152w, https://agora.xtec.cat/escola-torreforta/wp-content/uploads/usu181/2024/02/WhatsApp-Image-2024-02-14-at-07.32.00.jpeg 1500w" sizes="auto, (max-width: 357px) 100vw, 357px" />    </a><a href="https://agora.xtec.cat/escola-torreforta/wp-content/uploads/usu181/2024/02/WhatsApp-Image-2024-02-14-at-07.32.53.jpeg"><img loading="lazy" decoding="async" class="alignnone wp-image-3051" src="https://agora.xtec.cat/escola-torreforta/wp-content/uploads/usu181/2024/02/WhatsApp-Image-2024-02-14-at-07.32.53-768x1024.jpeg" alt="" width="357" height="476" srcset="https://agora.xtec.cat/escola-torreforta/wp-content/uploads/usu181/2024/02/WhatsApp-Image-2024-02-14-at-07.32.53-768x1024.jpeg 768w, https://agora.xtec.cat/escola-torreforta/wp-content/uploads/usu181/2024/02/WhatsApp-Image-2024-02-14-at-07.32.53-225x300.jpeg 225w, https://agora.xtec.cat/escola-torreforta/wp-content/uploads/usu181/2024/02/WhatsApp-Image-2024-02-14-at-07.32.53-1152x1536.jpeg 1152w, https://agora.xtec.cat/escola-torreforta/wp-content/uploads/usu181/2024/02/WhatsApp-Image-2024-02-14-at-07.32.53.jpeg 1500w" sizes="auto, (max-width: 357px) 100vw, 357px" /></a></p>
<p><a href="https://agora.xtec.cat/escola-torreforta/wp-content/uploads/usu181/2024/02/WhatsApp-Image-2024-02-14-at-07.30.59.jpeg"><img loading="lazy" decoding="async" class="wp-image-3053 alignleft" src="https://agora.xtec.cat/escola-torreforta/wp-content/uploads/usu181/2024/02/WhatsApp-Image-2024-02-14-at-07.30.59-1024x768.jpeg" alt="" width="485" height="364" srcset="https://agora.xtec.cat/escola-torreforta/wp-content/uploads/usu181/2024/02/WhatsApp-Image-2024-02-14-at-07.30.59-1024x768.jpeg 1024w, https://agora.xtec.cat/escola-torreforta/wp-content/uploads/usu181/2024/02/WhatsApp-Image-2024-02-14-at-07.30.59-300x225.jpeg 300w, https://agora.xtec.cat/escola-torreforta/wp-content/uploads/usu181/2024/02/WhatsApp-Image-2024-02-14-at-07.30.59-768x576.jpeg 768w, https://agora.xtec.cat/escola-torreforta/wp-content/uploads/usu181/2024/02/WhatsApp-Image-2024-02-14-at-07.30.59-1536x1152.jpeg 1536w, https://agora.xtec.cat/escola-torreforta/wp-content/uploads/usu181/2024/02/WhatsApp-Image-2024-02-14-at-07.30.59-200x150.jpeg 200w, https://agora.xtec.cat/escola-torreforta/wp-content/uploads/usu181/2024/02/WhatsApp-Image-2024-02-14-at-07.30.59.jpeg 2000w" sizes="auto, (max-width: 485px) 100vw, 485px" /></a></p>
<p>&nbsp;</p>
<p>&nbsp;</p>
<p>&nbsp;</p>
<p>&nbsp;</p>
<p>&nbsp;</p>
<p>&nbsp;</p>
<p>&nbsp;</p>
<p>&nbsp;</p>
<p>&nbsp;</p>
<p><a href="https://agora.xtec.cat/escola-torreforta/wp-content/uploads/usu181/2024/02/Proa.png"><img loading="lazy" decoding="async" class="alignnone size-large wp-image-3056" src="https://agora.xtec.cat/escola-torreforta/wp-content/uploads/usu181/2024/02/Proa-1024x68.png" alt="" width="1024" height="68" srcset="https://agora.xtec.cat/escola-torreforta/wp-content/uploads/usu181/2024/02/Proa-1024x68.png 1024w, https://agora.xtec.cat/escola-torreforta/wp-content/uploads/usu181/2024/02/Proa-300x20.png 300w, https://agora.xtec.cat/escola-torreforta/wp-content/uploads/usu181/2024/02/Proa-768x51.png 768w, https://agora.xtec.cat/escola-torreforta/wp-content/uploads/usu181/2024/02/Proa.png 1129w" sizes="auto, (max-width: 1024px) 100vw, 1024px" /></a></p>
<p>&nbsp;</p>
<p>&nbsp;</p>

<p>L’escola Torreforta aprofitarà durant aquest curs el Programa per l’orientació, avanç i enriquiment PROA+, per oferir suport i orientació, millorar les oportunitat educatives de l’alumnat en situació vulnerable i reforçar el suport a les famílies.<br />
OBJECTIUS:<br />
&#8211; Eliminar barreres per fomentar l’equitat.<br />
&#8211; Oferir formació a les famílies.<br />
&#8211;&hellip;  <a href="https://agora.xtec.cat/escola-torreforta/proa-2/proa/" title="Read PROA +">Llegeix més»</a></p>
