{"id":26,"date":"2014-09-18T12:24:32","date_gmt":"2014-09-18T11:24:32","guid":{"rendered":"http:\/\/agora.xtec.cat\/escola-torreforta\/?page_id=26"},"modified":"2016-11-21T14:46:29","modified_gmt":"2016-11-21T13:46:29","slug":"historia","status":"publish","type":"page","link":"https:\/\/agora.xtec.cat\/escola-torreforta\/lescola\/historia\/","title":{"rendered":"Hist\u00f2ria"},"content":{"rendered":"<p>L&#8217;Escola Torreforta (antic CEIP Gual Villalb\u00ed) es troba ubicat al barri de Torreforta a Tarragona.<\/p>\n<p>Des del curs acad\u00e8mic 1956-57, que comen\u00e7\u00e0 a funcionar, fins el curs 60-61 la doc\u00e8ncia es realitza en aules habilitades distribu\u00efdes per diversos indrets de Torreforta: C\/ Ebre- 15 baixos, C\/ Tortosa- 18 baixos, C\/ Falset- 7 baixos, cor i sagristia de l\u2019esgl\u00e9sia de Sant Josep.<\/p>\n<p>L\u2019any 1958 es construeixen els primers edificis de \u201cpisos\u201d (constru\u00efts per A.D.I.G.S.A) i amb l\u2019arribada de nova gent al barri es veu necessari la construcci\u00f3 d\u2019un nou edifici escolar.<\/p>\n<p>El 25 de setembre de 1960 va assistir a l\u2019obertura de classes, al nou edifici anomenat \u201cGrupo Escolar Gual Villalb\u00ed\u201d, empla\u00e7at ja en el carrer Tortosa, el Ministre d\u2019Educaci\u00f3 Nacional Sr. Jes\u00fas Rubio. L\u2019arquitecte del nou edifici fou en Juan Zaragoza Albi.<\/p>\n<p>El 3 de febrer de 1961 va tenir lloc la inauguraci\u00f3 oficial de l\u2019edifici, assistint a la mateixa el Ministre President del consell d\u2019Economia Nacional Pedro Gual Villalb\u00ed (nascut a Tarragona el 21\/11\/1885 i mort a Barcelona el 12\/03\/1968).<\/p>\n<p>Des de la seva inauguraci\u00f3 ha sofert dues ampliacions importants: la primera realitzada a l\u2019ala dreta de d\u2019edifici quan es constru\u00ed la sala d\u2019actes i damunt de la mateixa dues aules i diverses depend\u00e8ncies; la segona, inaugurada el 08\/11\/1990 pel Conseller d\u2019Ensenyament Sr. Josep Laporte, consist\u00ed en aixecar una segona planta en el cos central de l\u2019edifici.<\/p>\n<p>&nbsp;<\/p>\n","protected":false},"excerpt":{"rendered":"<p>L&#8217;Escola Torreforta (antic CEIP Gual Villalb\u00ed) es troba ubicat al barri de Torreforta a Tarragona.<br \/>\nDes del curs acad\u00e8mic 1956-57, que comen\u00e7\u00e0 a funcionar, fins el curs 60-61 la doc\u00e8ncia es realitza en aules habilitades distribu\u00efdes per diversos indrets de Torreforta: C\/ Ebre- 15 baixos, C\/&hellip;  <a href=\"https:\/\/agora.xtec.cat\/escola-torreforta\/lescola\/historia\/\" title=\"Read Hist\u00f2ria\">Llegeix m\u00e9s\u00bb<\/a><\/p>\n","protected":false},"author":1,"featured_media":0,"parent":22,"menu_order":20,"comment_status":"closed","ping_status":"closed","template":"page-templates\/side-menu.php","meta":{"_bbp_topic_count":0,"_bbp_reply_count":0,"_bbp_total_topic_count":0,"_bbp_total_reply_count":0,"_bbp_voice_count":0,"_bbp_anonymous_reply_count":0,"_bbp_topic_count_hidden":0,"_bbp_reply_count_hidden":0,"_bbp_forum_subforum_count":0,"footnotes":""},"class_list":["post-26","page","type-page","status-publish","hentry"],"post_mailing_queue_ids":[],"_links":{"self":[{"href":"https:\/\/agora.xtec.cat\/escola-torreforta\/wp-json\/wp\/v2\/pages\/26","targetHints":{"allow":["GET"]}}],"collection":[{"href":"https:\/\/agora.xtec.cat\/escola-torreforta\/wp-json\/wp\/v2\/pages"}],"about":[{"href":"https:\/\/agora.xtec.cat\/escola-torreforta\/wp-json\/wp\/v2\/types\/page"}],"author":[{"embeddable":true,"href":"https:\/\/agora.xtec.cat\/escola-torreforta\/wp-json\/wp\/v2\/users\/1"}],"replies":[{"embeddable":true,"href":"https:\/\/agora.xtec.cat\/escola-torreforta\/wp-json\/wp\/v2\/comments?post=26"}],"version-history":[{"count":3,"href":"https:\/\/agora.xtec.cat\/escola-torreforta\/wp-json\/wp\/v2\/pages\/26\/revisions"}],"predecessor-version":[{"id":481,"href":"https:\/\/agora.xtec.cat\/escola-torreforta\/wp-json\/wp\/v2\/pages\/26\/revisions\/481"}],"up":[{"embeddable":true,"href":"https:\/\/agora.xtec.cat\/escola-torreforta\/wp-json\/wp\/v2\/pages\/22"}],"wp:attachment":[{"href":"https:\/\/agora.xtec.cat\/escola-torreforta\/wp-json\/wp\/v2\/media?parent=26"}],"curies":[{"name":"wp","href":"https:\/\/api.w.org\/{rel}","templated":true}]}}

Història

<p>L&#8217;Escola Torreforta (antic CEIP Gual Villalbí) es troba ubicat al barri de Torreforta a Tarragona.</p>
<p>Des del curs acadèmic 1956-57, que començà a funcionar, fins el curs 60-61 la docència es realitza en aules habilitades distribuïdes per diversos indrets de Torreforta: C/ Ebre- 15 baixos, C/ Tortosa- 18 baixos, C/ Falset- 7 baixos, cor i sagristia de l’església de Sant Josep.</p>
<p>L’any 1958 es construeixen els primers edificis de “pisos” (construïts per A.D.I.G.S.A) i amb l’arribada de nova gent al barri es veu necessari la construcció d’un nou edifici escolar.</p>
<p>El 25 de setembre de 1960 va assistir a l’obertura de classes, al nou edifici anomenat “Grupo Escolar Gual Villalbí”, emplaçat ja en el carrer Tortosa, el Ministre d’Educació Nacional Sr. Jesús Rubio. L’arquitecte del nou edifici fou en Juan Zaragoza Albi.</p>
<p>El 3 de febrer de 1961 va tenir lloc la inauguració oficial de l’edifici, assistint a la mateixa el Ministre President del consell d’Economia Nacional Pedro Gual Villalbí (nascut a Tarragona el 21/11/1885 i mort a Barcelona el 12/03/1968).</p>
<p>Des de la seva inauguració ha sofert dues ampliacions importants: la primera realitzada a l’ala dreta de d’edifici quan es construí la sala d’actes i damunt de la mateixa dues aules i diverses dependències; la segona, inaugurada el 08/11/1990 pel Conseller d’Ensenyament Sr. Josep Laporte, consistí en aixecar una segona planta en el cos central de l’edifici.</p>
<p>&nbsp;</p>

<p>L&#8217;Escola Torreforta (antic CEIP Gual Villalbí) es troba ubicat al barri de Torreforta a Tarragona.<br />
Des del curs acadèmic 1956-57, que començà a funcionar, fins el curs 60-61 la docència es realitza en aules habilitades distribuïdes per diversos indrets de Torreforta: C/ Ebre- 15 baixos, C/&hellip;  <a href="https://agora.xtec.cat/escola-torreforta/lescola/historia/" title="Read Història">Llegeix més»</a></p>
