{"id":2447,"date":"2022-06-16T11:39:08","date_gmt":"2022-06-16T09:39:08","guid":{"rendered":"https:\/\/agora.xtec.cat\/escola-torreforta\/?page_id=2447"},"modified":"2024-02-28T10:07:47","modified_gmt":"2024-02-28T09:07:47","slug":"estrategia-digital-de-centre","status":"publish","type":"page","link":"https:\/\/agora.xtec.cat\/escola-torreforta\/projecte-educatiu\/estrategia-digital-de-centre\/","title":{"rendered":"ESTRAT\u00c8GIA DIGITAL DE CENTRE"},"content":{"rendered":"<p dir=\"ltr\">L\u2019Estrat\u00e8gia Digital de Centre (EDC) \u00e9s un document que recull totes les accions que es realitzen en un centre i\u00a0 les que es realitzaran a mitj\u00e0 termini, per aconseguir la m\u00e0xima compet\u00e8ncia digital de l\u2019alumnat, del professorat i del centre educatiu. Ha de tenir com a referent el Pla d\u2019educaci\u00f3 digital de Catalunya (PEDC), on s\u2019indica la necessitat d\u2019assolir la fita d\u2019una societat digitalment competent, fent \u00e8mfasi en l\u2019equitat i tenint en compte l\u2019evoluci\u00f3 del context social i tecnol\u00f2gic.<\/p>\n<p><a href=\"https:\/\/sites.google.com\/xtec.cat\/edc-escola-torreforta\/inici\"><img loading=\"lazy\" decoding=\"async\" class=\"wp-image-2453 aligncenter\" src=\"https:\/\/agora.xtec.cat\/escola-torreforta\/wp-content\/uploads\/usu181\/2022\/06\/PORTADA.png\" alt=\"\" width=\"482\" height=\"292\" srcset=\"https:\/\/agora.xtec.cat\/escola-torreforta\/wp-content\/uploads\/usu181\/2022\/06\/PORTADA.png 636w, https:\/\/agora.xtec.cat\/escola-torreforta\/wp-content\/uploads\/usu181\/2022\/06\/PORTADA-300x182.png 300w\" sizes=\"auto, (max-width: 482px) 100vw, 482px\" \/><\/a><\/p>\n","protected":false},"excerpt":{"rendered":"<p>L\u2019Estrat\u00e8gia Digital de Centre (EDC) \u00e9s un document que recull totes les accions que es realitzen en un centre i\u00a0 les que es realitzaran a mitj\u00e0 termini, per aconseguir la m\u00e0xima compet\u00e8ncia digital de l\u2019alumnat, del professorat i del centre educatiu. Ha de tenir com&hellip;  <a href=\"https:\/\/agora.xtec.cat\/escola-torreforta\/projecte-educatiu\/estrategia-digital-de-centre\/\" title=\"Read ESTRAT\u00c8GIA DIGITAL DE CENTRE\">Llegeix m\u00e9s\u00bb<\/a><\/p>\n","protected":false},"author":6,"featured_media":0,"parent":64,"menu_order":0,"comment_status":"closed","ping_status":"closed","template":"page-templates\/side-menu.php","meta":{"_bbp_topic_count":0,"_bbp_reply_count":0,"_bbp_total_topic_count":0,"_bbp_total_reply_count":0,"_bbp_voice_count":0,"_bbp_anonymous_reply_count":0,"_bbp_topic_count_hidden":0,"_bbp_reply_count_hidden":0,"_bbp_forum_subforum_count":0,"footnotes":""},"class_list":["post-2447","page","type-page","status-publish","hentry"],"post_mailing_queue_ids":[],"_links":{"self":[{"href":"https:\/\/agora.xtec.cat\/escola-torreforta\/wp-json\/wp\/v2\/pages\/2447","targetHints":{"allow":["GET"]}}],"collection":[{"href":"https:\/\/agora.xtec.cat\/escola-torreforta\/wp-json\/wp\/v2\/pages"}],"about":[{"href":"https:\/\/agora.xtec.cat\/escola-torreforta\/wp-json\/wp\/v2\/types\/page"}],"author":[{"embeddable":true,"href":"https:\/\/agora.xtec.cat\/escola-torreforta\/wp-json\/wp\/v2\/users\/6"}],"replies":[{"embeddable":true,"href":"https:\/\/agora.xtec.cat\/escola-torreforta\/wp-json\/wp\/v2\/comments?post=2447"}],"version-history":[{"count":3,"href":"https:\/\/agora.xtec.cat\/escola-torreforta\/wp-json\/wp\/v2\/pages\/2447\/revisions"}],"predecessor-version":[{"id":2457,"href":"https:\/\/agora.xtec.cat\/escola-torreforta\/wp-json\/wp\/v2\/pages\/2447\/revisions\/2457"}],"up":[{"embeddable":true,"href":"https:\/\/agora.xtec.cat\/escola-torreforta\/wp-json\/wp\/v2\/pages\/64"}],"wp:attachment":[{"href":"https:\/\/agora.xtec.cat\/escola-torreforta\/wp-json\/wp\/v2\/media?parent=2447"}],"curies":[{"name":"wp","href":"https:\/\/api.w.org\/{rel}","templated":true}]}}

ESTRATÈGIA DIGITAL DE CENTRE

<p dir="ltr">L’Estratègia Digital de Centre (EDC) és un document que recull totes les accions que es realitzen en un centre i  les que es realitzaran a mitjà termini, per aconseguir la màxima competència digital de l’alumnat, del professorat i del centre educatiu. Ha de tenir com a referent el Pla d’educació digital de Catalunya (PEDC), on s’indica la necessitat d’assolir la fita d’una societat digitalment competent, fent èmfasi en l’equitat i tenint en compte l’evolució del context social i tecnològic.</p>
<p><a href="https://sites.google.com/xtec.cat/edc-escola-torreforta/inici"><img loading="lazy" decoding="async" class="wp-image-2453 aligncenter" src="https://agora.xtec.cat/escola-torreforta/wp-content/uploads/usu181/2022/06/PORTADA.png" alt="" width="482" height="292" srcset="https://agora.xtec.cat/escola-torreforta/wp-content/uploads/usu181/2022/06/PORTADA.png 636w, https://agora.xtec.cat/escola-torreforta/wp-content/uploads/usu181/2022/06/PORTADA-300x182.png 300w" sizes="auto, (max-width: 482px) 100vw, 482px" /></a></p>

<p>L’Estratègia Digital de Centre (EDC) és un document que recull totes les accions que es realitzen en un centre i  les que es realitzaran a mitjà termini, per aconseguir la màxima competència digital de l’alumnat, del professorat i del centre educatiu. Ha de tenir com&hellip;  <a href="https://agora.xtec.cat/escola-torreforta/projecte-educatiu/estrategia-digital-de-centre/" title="Read ESTRATÈGIA DIGITAL DE CENTRE">Llegeix més»</a></p>
