{"id":2258,"date":"2022-02-24T09:23:41","date_gmt":"2022-02-24T08:23:41","guid":{"rendered":"https:\/\/agora.xtec.cat\/escola-torreforta\/?page_id=2258"},"modified":"2024-03-11T11:20:33","modified_gmt":"2024-03-11T10:20:33","slug":"tutoria-entre-iguals","status":"publish","type":"page","link":"https:\/\/agora.xtec.cat\/escola-torreforta\/altres-activitats-de-lescola\/tutoria-entre-iguals\/","title":{"rendered":"Tutor\u00eda entre iguals"},"content":{"rendered":"<p>\u00c9s un programa de conviv\u00e8ncia per a la prevenci\u00f3 de la viol\u00e8ncia i l\u2019assetjament<br \/>\nescolar.<br \/>\nEs basa en la tutorizaci\u00f3 emocional entre iguals, l\u2019alumnat de cinqu\u00e8 tutoritza<br \/>\nemocionalment als seus companys de tercer.<\/p>\n<p><a href=\"https:\/\/agora.xtec.cat\/escola-torreforta\/wp-content\/uploads\/usu181\/2024\/02\/WhatsApp-Image-2024-02-07-at-15.50.40.jpeg\"><img loading=\"lazy\" decoding=\"async\" class=\"alignnone wp-image-3016\" src=\"https:\/\/agora.xtec.cat\/escola-torreforta\/wp-content\/uploads\/usu181\/2024\/02\/WhatsApp-Image-2024-02-07-at-15.50.40-1024x768.jpeg\" alt=\"\" width=\"387\" height=\"290\" srcset=\"https:\/\/agora.xtec.cat\/escola-torreforta\/wp-content\/uploads\/usu181\/2024\/02\/WhatsApp-Image-2024-02-07-at-15.50.40-1024x768.jpeg 1024w, https:\/\/agora.xtec.cat\/escola-torreforta\/wp-content\/uploads\/usu181\/2024\/02\/WhatsApp-Image-2024-02-07-at-15.50.40-300x225.jpeg 300w, https:\/\/agora.xtec.cat\/escola-torreforta\/wp-content\/uploads\/usu181\/2024\/02\/WhatsApp-Image-2024-02-07-at-15.50.40-768x576.jpeg 768w, https:\/\/agora.xtec.cat\/escola-torreforta\/wp-content\/uploads\/usu181\/2024\/02\/WhatsApp-Image-2024-02-07-at-15.50.40-1536x1152.jpeg 1536w, https:\/\/agora.xtec.cat\/escola-torreforta\/wp-content\/uploads\/usu181\/2024\/02\/WhatsApp-Image-2024-02-07-at-15.50.40-200x150.jpeg 200w, https:\/\/agora.xtec.cat\/escola-torreforta\/wp-content\/uploads\/usu181\/2024\/02\/WhatsApp-Image-2024-02-07-at-15.50.40.jpeg 1600w\" sizes=\"auto, (max-width: 387px) 100vw, 387px\" \/>\u00a0 \u00a0 <\/a><a href=\"https:\/\/agora.xtec.cat\/escola-torreforta\/wp-content\/uploads\/usu181\/2024\/02\/WhatsApp-Image-2024-02-07-at-15.51.09.jpeg\"><img loading=\"lazy\" decoding=\"async\" class=\"alignnone wp-image-3017\" src=\"https:\/\/agora.xtec.cat\/escola-torreforta\/wp-content\/uploads\/usu181\/2024\/02\/WhatsApp-Image-2024-02-07-at-15.51.09-768x1024.jpeg\" alt=\"\" width=\"364\" height=\"486\" srcset=\"https:\/\/agora.xtec.cat\/escola-torreforta\/wp-content\/uploads\/usu181\/2024\/02\/WhatsApp-Image-2024-02-07-at-15.51.09-768x1024.jpeg 768w, https:\/\/agora.xtec.cat\/escola-torreforta\/wp-content\/uploads\/usu181\/2024\/02\/WhatsApp-Image-2024-02-07-at-15.51.09-225x300.jpeg 225w, https:\/\/agora.xtec.cat\/escola-torreforta\/wp-content\/uploads\/usu181\/2024\/02\/WhatsApp-Image-2024-02-07-at-15.51.09-1152x1536.jpeg 1152w, https:\/\/agora.xtec.cat\/escola-torreforta\/wp-content\/uploads\/usu181\/2024\/02\/WhatsApp-Image-2024-02-07-at-15.51.09.jpeg 1200w\" sizes=\"auto, (max-width: 364px) 100vw, 364px\" \/><\/a><\/p>\n<p><a href=\"https:\/\/agora.xtec.cat\/escola-torreforta\/wp-content\/uploads\/usu181\/2024\/02\/WhatsApp-Image-2024-02-07-at-15.51.31.jpeg\"><img loading=\"lazy\" decoding=\"async\" class=\"alignnone wp-image-3018\" src=\"https:\/\/agora.xtec.cat\/escola-torreforta\/wp-content\/uploads\/usu181\/2024\/02\/WhatsApp-Image-2024-02-07-at-15.51.31-768x1024.jpeg\" alt=\"\" width=\"380\" height=\"507\" srcset=\"https:\/\/agora.xtec.cat\/escola-torreforta\/wp-content\/uploads\/usu181\/2024\/02\/WhatsApp-Image-2024-02-07-at-15.51.31-768x1024.jpeg 768w, https:\/\/agora.xtec.cat\/escola-torreforta\/wp-content\/uploads\/usu181\/2024\/02\/WhatsApp-Image-2024-02-07-at-15.51.31-225x300.jpeg 225w, https:\/\/agora.xtec.cat\/escola-torreforta\/wp-content\/uploads\/usu181\/2024\/02\/WhatsApp-Image-2024-02-07-at-15.51.31-1152x1536.jpeg 1152w, https:\/\/agora.xtec.cat\/escola-torreforta\/wp-content\/uploads\/usu181\/2024\/02\/WhatsApp-Image-2024-02-07-at-15.51.31.jpeg 1200w\" sizes=\"auto, (max-width: 380px) 100vw, 380px\" \/> \u00a0<\/a><a href=\"https:\/\/agora.xtec.cat\/escola-torreforta\/wp-content\/uploads\/usu181\/2024\/02\/WhatsApp-Image-2024-02-07-at-15.52.11.jpeg\"><img loading=\"lazy\" decoding=\"async\" class=\"alignnone wp-image-3019\" src=\"https:\/\/agora.xtec.cat\/escola-torreforta\/wp-content\/uploads\/usu181\/2024\/02\/WhatsApp-Image-2024-02-07-at-15.52.11-768x1024.jpeg\" alt=\"\" width=\"380\" height=\"506\" srcset=\"https:\/\/agora.xtec.cat\/escola-torreforta\/wp-content\/uploads\/usu181\/2024\/02\/WhatsApp-Image-2024-02-07-at-15.52.11-768x1024.jpeg 768w, https:\/\/agora.xtec.cat\/escola-torreforta\/wp-content\/uploads\/usu181\/2024\/02\/WhatsApp-Image-2024-02-07-at-15.52.11-225x300.jpeg 225w, https:\/\/agora.xtec.cat\/escola-torreforta\/wp-content\/uploads\/usu181\/2024\/02\/WhatsApp-Image-2024-02-07-at-15.52.11-1152x1536.jpeg 1152w, https:\/\/agora.xtec.cat\/escola-torreforta\/wp-content\/uploads\/usu181\/2024\/02\/WhatsApp-Image-2024-02-07-at-15.52.11.jpeg 1200w\" sizes=\"auto, (max-width: 380px) 100vw, 380px\" \/><\/a><\/p>\n","protected":false},"excerpt":{"rendered":"<p>\u00c9s un programa de conviv\u00e8ncia per a la prevenci\u00f3 de la viol\u00e8ncia i l\u2019assetjament<br \/>\nescolar.<br \/>\nEs basa en la tutorizaci\u00f3 emocional entre iguals, l\u2019alumnat de cinqu\u00e8 tutoritza<br \/>\nemocionalment als seus companys de tercer.<br \/>\n<a href=\"https:\/\/agora.xtec.cat\/escola-torreforta\/wp-content\/uploads\/usu181\/2024\/02\/WhatsApp-Image-2024-02-07-at-15.50.40.jpeg\">\u00a0 \u00a0 <\/a><a href=\"https:\/\/agora.xtec.cat\/escola-torreforta\/wp-content\/uploads\/usu181\/2024\/02\/WhatsApp-Image-2024-02-07-at-15.51.09.jpeg\"><\/a><br \/>\n<a href=\"https:\/\/agora.xtec.cat\/escola-torreforta\/wp-content\/uploads\/usu181\/2024\/02\/WhatsApp-Image-2024-02-07-at-15.51.31.jpeg\"> \u00a0<\/a><a href=\"https:\/\/agora.xtec.cat\/escola-torreforta\/wp-content\/uploads\/usu181\/2024\/02\/WhatsApp-Image-2024-02-07-at-15.52.11.jpeg\"><\/a><\/p>\n","protected":false},"author":6,"featured_media":0,"parent":2157,"menu_order":3,"comment_status":"closed","ping_status":"closed","template":"page-templates\/side-menu.php","meta":{"_bbp_topic_count":0,"_bbp_reply_count":0,"_bbp_total_topic_count":0,"_bbp_total_reply_count":0,"_bbp_voice_count":0,"_bbp_anonymous_reply_count":0,"_bbp_topic_count_hidden":0,"_bbp_reply_count_hidden":0,"_bbp_forum_subforum_count":0,"footnotes":""},"class_list":["post-2258","page","type-page","status-publish","hentry"],"post_mailing_queue_ids":[],"_links":{"self":[{"href":"https:\/\/agora.xtec.cat\/escola-torreforta\/wp-json\/wp\/v2\/pages\/2258","targetHints":{"allow":["GET"]}}],"collection":[{"href":"https:\/\/agora.xtec.cat\/escola-torreforta\/wp-json\/wp\/v2\/pages"}],"about":[{"href":"https:\/\/agora.xtec.cat\/escola-torreforta\/wp-json\/wp\/v2\/types\/page"}],"author":[{"embeddable":true,"href":"https:\/\/agora.xtec.cat\/escola-torreforta\/wp-json\/wp\/v2\/users\/6"}],"replies":[{"embeddable":true,"href":"https:\/\/agora.xtec.cat\/escola-torreforta\/wp-json\/wp\/v2\/comments?post=2258"}],"version-history":[{"count":5,"href":"https:\/\/agora.xtec.cat\/escola-torreforta\/wp-json\/wp\/v2\/pages\/2258\/revisions"}],"predecessor-version":[{"id":3023,"href":"https:\/\/agora.xtec.cat\/escola-torreforta\/wp-json\/wp\/v2\/pages\/2258\/revisions\/3023"}],"up":[{"embeddable":true,"href":"https:\/\/agora.xtec.cat\/escola-torreforta\/wp-json\/wp\/v2\/pages\/2157"}],"wp:attachment":[{"href":"https:\/\/agora.xtec.cat\/escola-torreforta\/wp-json\/wp\/v2\/media?parent=2258"}],"curies":[{"name":"wp","href":"https:\/\/api.w.org\/{rel}","templated":true}]}}

Tutoría entre iguals

<p>És un programa de convivència per a la prevenció de la violència i l’assetjament<br />
escolar.<br />
Es basa en la tutorizació emocional entre iguals, l’alumnat de cinquè tutoritza<br />
emocionalment als seus companys de tercer.</p>
<p><a href="https://agora.xtec.cat/escola-torreforta/wp-content/uploads/usu181/2024/02/WhatsApp-Image-2024-02-07-at-15.50.40.jpeg"><img loading="lazy" decoding="async" class="alignnone wp-image-3016" src="https://agora.xtec.cat/escola-torreforta/wp-content/uploads/usu181/2024/02/WhatsApp-Image-2024-02-07-at-15.50.40-1024x768.jpeg" alt="" width="387" height="290" srcset="https://agora.xtec.cat/escola-torreforta/wp-content/uploads/usu181/2024/02/WhatsApp-Image-2024-02-07-at-15.50.40-1024x768.jpeg 1024w, https://agora.xtec.cat/escola-torreforta/wp-content/uploads/usu181/2024/02/WhatsApp-Image-2024-02-07-at-15.50.40-300x225.jpeg 300w, https://agora.xtec.cat/escola-torreforta/wp-content/uploads/usu181/2024/02/WhatsApp-Image-2024-02-07-at-15.50.40-768x576.jpeg 768w, https://agora.xtec.cat/escola-torreforta/wp-content/uploads/usu181/2024/02/WhatsApp-Image-2024-02-07-at-15.50.40-1536x1152.jpeg 1536w, https://agora.xtec.cat/escola-torreforta/wp-content/uploads/usu181/2024/02/WhatsApp-Image-2024-02-07-at-15.50.40-200x150.jpeg 200w, https://agora.xtec.cat/escola-torreforta/wp-content/uploads/usu181/2024/02/WhatsApp-Image-2024-02-07-at-15.50.40.jpeg 1600w" sizes="auto, (max-width: 387px) 100vw, 387px" />    </a><a href="https://agora.xtec.cat/escola-torreforta/wp-content/uploads/usu181/2024/02/WhatsApp-Image-2024-02-07-at-15.51.09.jpeg"><img loading="lazy" decoding="async" class="alignnone wp-image-3017" src="https://agora.xtec.cat/escola-torreforta/wp-content/uploads/usu181/2024/02/WhatsApp-Image-2024-02-07-at-15.51.09-768x1024.jpeg" alt="" width="364" height="486" srcset="https://agora.xtec.cat/escola-torreforta/wp-content/uploads/usu181/2024/02/WhatsApp-Image-2024-02-07-at-15.51.09-768x1024.jpeg 768w, https://agora.xtec.cat/escola-torreforta/wp-content/uploads/usu181/2024/02/WhatsApp-Image-2024-02-07-at-15.51.09-225x300.jpeg 225w, https://agora.xtec.cat/escola-torreforta/wp-content/uploads/usu181/2024/02/WhatsApp-Image-2024-02-07-at-15.51.09-1152x1536.jpeg 1152w, https://agora.xtec.cat/escola-torreforta/wp-content/uploads/usu181/2024/02/WhatsApp-Image-2024-02-07-at-15.51.09.jpeg 1200w" sizes="auto, (max-width: 364px) 100vw, 364px" /></a></p>
<p><a href="https://agora.xtec.cat/escola-torreforta/wp-content/uploads/usu181/2024/02/WhatsApp-Image-2024-02-07-at-15.51.31.jpeg"><img loading="lazy" decoding="async" class="alignnone wp-image-3018" src="https://agora.xtec.cat/escola-torreforta/wp-content/uploads/usu181/2024/02/WhatsApp-Image-2024-02-07-at-15.51.31-768x1024.jpeg" alt="" width="380" height="507" srcset="https://agora.xtec.cat/escola-torreforta/wp-content/uploads/usu181/2024/02/WhatsApp-Image-2024-02-07-at-15.51.31-768x1024.jpeg 768w, https://agora.xtec.cat/escola-torreforta/wp-content/uploads/usu181/2024/02/WhatsApp-Image-2024-02-07-at-15.51.31-225x300.jpeg 225w, https://agora.xtec.cat/escola-torreforta/wp-content/uploads/usu181/2024/02/WhatsApp-Image-2024-02-07-at-15.51.31-1152x1536.jpeg 1152w, https://agora.xtec.cat/escola-torreforta/wp-content/uploads/usu181/2024/02/WhatsApp-Image-2024-02-07-at-15.51.31.jpeg 1200w" sizes="auto, (max-width: 380px) 100vw, 380px" />  </a><a href="https://agora.xtec.cat/escola-torreforta/wp-content/uploads/usu181/2024/02/WhatsApp-Image-2024-02-07-at-15.52.11.jpeg"><img loading="lazy" decoding="async" class="alignnone wp-image-3019" src="https://agora.xtec.cat/escola-torreforta/wp-content/uploads/usu181/2024/02/WhatsApp-Image-2024-02-07-at-15.52.11-768x1024.jpeg" alt="" width="380" height="506" srcset="https://agora.xtec.cat/escola-torreforta/wp-content/uploads/usu181/2024/02/WhatsApp-Image-2024-02-07-at-15.52.11-768x1024.jpeg 768w, https://agora.xtec.cat/escola-torreforta/wp-content/uploads/usu181/2024/02/WhatsApp-Image-2024-02-07-at-15.52.11-225x300.jpeg 225w, https://agora.xtec.cat/escola-torreforta/wp-content/uploads/usu181/2024/02/WhatsApp-Image-2024-02-07-at-15.52.11-1152x1536.jpeg 1152w, https://agora.xtec.cat/escola-torreforta/wp-content/uploads/usu181/2024/02/WhatsApp-Image-2024-02-07-at-15.52.11.jpeg 1200w" sizes="auto, (max-width: 380px) 100vw, 380px" /></a></p>

<p>És un programa de convivència per a la prevenció de la violència i l’assetjament<br />
escolar.<br />
Es basa en la tutorizació emocional entre iguals, l’alumnat de cinquè tutoritza<br />
emocionalment als seus companys de tercer.<br />
<a href="https://agora.xtec.cat/escola-torreforta/wp-content/uploads/usu181/2024/02/WhatsApp-Image-2024-02-07-at-15.50.40.jpeg">    </a><a href="https://agora.xtec.cat/escola-torreforta/wp-content/uploads/usu181/2024/02/WhatsApp-Image-2024-02-07-at-15.51.09.jpeg"></a><br />
<a href="https://agora.xtec.cat/escola-torreforta/wp-content/uploads/usu181/2024/02/WhatsApp-Image-2024-02-07-at-15.51.31.jpeg">  </a><a href="https://agora.xtec.cat/escola-torreforta/wp-content/uploads/usu181/2024/02/WhatsApp-Image-2024-02-07-at-15.52.11.jpeg"></a></p>
