{"id":2094,"date":"2022-02-14T14:00:48","date_gmt":"2022-02-14T13:00:48","guid":{"rendered":"https:\/\/agora.xtec.cat\/escola-torreforta\/?page_id=2094"},"modified":"2025-02-17T13:19:56","modified_gmt":"2025-02-17T12:19:56","slug":"projecte-linguistic-2","status":"publish","type":"page","link":"https:\/\/agora.xtec.cat\/escola-torreforta\/projecte-educatiu\/projecte-linguistic-2\/","title":{"rendered":"PROJECTE LING\u00dc\u00cdSTIC"},"content":{"rendered":"<p>El projecte ling\u00fc\u00edstic \u00e9s el document que recull els aspectes relatius a l&#8217;ensenyament i a l&#8217;\u00fas de les lleng\u00fces en el centre educatiu.<\/p>\n<p>En aquest document queden definits el tractament de la llengua catalana i, si escau, de l&#8217;aran\u00e8s com a llengua vehicular i d&#8217;aprenentatge, el proc\u00e9s d&#8217;ensenyament i aprenentatge de la llengua castellana, les diferents opcions amb refer\u00e8ncia a les lleng\u00fces estrangeres i els criteris generals per a les adequacions de les lleng\u00fces a la realitat socioling\u00fc\u00edstica del centre.<\/p>\n<p>Els centres p\u00fablics i els centres privats concertats elaboren el projecte ling\u00fc\u00edstic, que forma part del projecte educatiu de centre.<\/p>\n<p><a href=\"https:\/\/drive.google.com\/file\/d\/1irGiFIwHL7SRhRgRuMGu7baGLRys92hh\/view?usp=sharing\"><img loading=\"lazy\" decoding=\"async\" class=\"aligncenter wp-image-2960\" src=\"https:\/\/agora.xtec.cat\/escola-torreforta\/wp-content\/uploads\/usu181\/2024\/02\/Projecte-linguistic-2023-2024.png\" alt=\"\" width=\"423\" height=\"464\" srcset=\"https:\/\/agora.xtec.cat\/escola-torreforta\/wp-content\/uploads\/usu181\/2024\/02\/Projecte-linguistic-2023-2024.png 590w, https:\/\/agora.xtec.cat\/escola-torreforta\/wp-content\/uploads\/usu181\/2024\/02\/Projecte-linguistic-2023-2024-274x300.png 274w\" sizes=\"auto, (max-width: 423px) 100vw, 423px\" \/><\/a><\/p>\n<p>&nbsp;<\/p>\n","protected":false},"excerpt":{"rendered":"<p>El projecte ling\u00fc\u00edstic \u00e9s el document que recull els aspectes relatius a l&#8217;ensenyament i a l&#8217;\u00fas de les lleng\u00fces en el centre educatiu.<br \/>\nEn aquest document queden definits el tractament de la llengua catalana i, si escau, de l&#8217;aran\u00e8s com a llengua vehicular i d&#8217;aprenentatge, el&hellip;  <a href=\"https:\/\/agora.xtec.cat\/escola-torreforta\/projecte-educatiu\/projecte-linguistic-2\/\" title=\"Read PROJECTE LING\u00dc\u00cdSTIC\">Llegeix m\u00e9s\u00bb<\/a><\/p>\n","protected":false},"author":5,"featured_media":0,"parent":64,"menu_order":0,"comment_status":"closed","ping_status":"closed","template":"page-templates\/side-menu.php","meta":{"_bbp_topic_count":0,"_bbp_reply_count":0,"_bbp_total_topic_count":0,"_bbp_total_reply_count":0,"_bbp_voice_count":0,"_bbp_anonymous_reply_count":0,"_bbp_topic_count_hidden":0,"_bbp_reply_count_hidden":0,"_bbp_forum_subforum_count":0,"footnotes":""},"class_list":["post-2094","page","type-page","status-publish","hentry"],"post_mailing_queue_ids":[],"_links":{"self":[{"href":"https:\/\/agora.xtec.cat\/escola-torreforta\/wp-json\/wp\/v2\/pages\/2094","targetHints":{"allow":["GET"]}}],"collection":[{"href":"https:\/\/agora.xtec.cat\/escola-torreforta\/wp-json\/wp\/v2\/pages"}],"about":[{"href":"https:\/\/agora.xtec.cat\/escola-torreforta\/wp-json\/wp\/v2\/types\/page"}],"author":[{"embeddable":true,"href":"https:\/\/agora.xtec.cat\/escola-torreforta\/wp-json\/wp\/v2\/users\/5"}],"replies":[{"embeddable":true,"href":"https:\/\/agora.xtec.cat\/escola-torreforta\/wp-json\/wp\/v2\/comments?post=2094"}],"version-history":[{"count":7,"href":"https:\/\/agora.xtec.cat\/escola-torreforta\/wp-json\/wp\/v2\/pages\/2094\/revisions"}],"predecessor-version":[{"id":3388,"href":"https:\/\/agora.xtec.cat\/escola-torreforta\/wp-json\/wp\/v2\/pages\/2094\/revisions\/3388"}],"up":[{"embeddable":true,"href":"https:\/\/agora.xtec.cat\/escola-torreforta\/wp-json\/wp\/v2\/pages\/64"}],"wp:attachment":[{"href":"https:\/\/agora.xtec.cat\/escola-torreforta\/wp-json\/wp\/v2\/media?parent=2094"}],"curies":[{"name":"wp","href":"https:\/\/api.w.org\/{rel}","templated":true}]}}

PROJECTE LINGÜÍSTIC

<p>El projecte lingüístic és el document que recull els aspectes relatius a l&#8217;ensenyament i a l&#8217;ús de les llengües en el centre educatiu.</p>
<p>En aquest document queden definits el tractament de la llengua catalana i, si escau, de l&#8217;aranès com a llengua vehicular i d&#8217;aprenentatge, el procés d&#8217;ensenyament i aprenentatge de la llengua castellana, les diferents opcions amb referència a les llengües estrangeres i els criteris generals per a les adequacions de les llengües a la realitat sociolingüística del centre.</p>
<p>Els centres públics i els centres privats concertats elaboren el projecte lingüístic, que forma part del projecte educatiu de centre.</p>
<p><a href="https://drive.google.com/file/d/1irGiFIwHL7SRhRgRuMGu7baGLRys92hh/view?usp=sharing"><img loading="lazy" decoding="async" class="aligncenter wp-image-2960" src="https://agora.xtec.cat/escola-torreforta/wp-content/uploads/usu181/2024/02/Projecte-linguistic-2023-2024.png" alt="" width="423" height="464" srcset="https://agora.xtec.cat/escola-torreforta/wp-content/uploads/usu181/2024/02/Projecte-linguistic-2023-2024.png 590w, https://agora.xtec.cat/escola-torreforta/wp-content/uploads/usu181/2024/02/Projecte-linguistic-2023-2024-274x300.png 274w" sizes="auto, (max-width: 423px) 100vw, 423px" /></a></p>
<p>&nbsp;</p>

<p>El projecte lingüístic és el document que recull els aspectes relatius a l&#8217;ensenyament i a l&#8217;ús de les llengües en el centre educatiu.<br />
En aquest document queden definits el tractament de la llengua catalana i, si escau, de l&#8217;aranès com a llengua vehicular i d&#8217;aprenentatge, el&hellip;  <a href="https://agora.xtec.cat/escola-torreforta/projecte-educatiu/projecte-linguistic-2/" title="Read PROJECTE LINGÜÍSTIC">Llegeix més»</a></p>
