{"id":525,"date":"2020-06-22T18:05:12","date_gmt":"2020-06-22T16:05:12","guid":{"rendered":"https:\/\/agora.xtec.cat\/escola-teresamiquelipamies\/?page_id=525"},"modified":"2024-07-16T12:54:54","modified_gmt":"2024-07-16T10:54:54","slug":"trets-didentitat","status":"publish","type":"page","link":"https:\/\/agora.xtec.cat\/escola-teresamiquelipamies\/lescola\/qui-som\/trets-didentitat\/","title":{"rendered":"Trets d\u2019identitat"},"content":{"rendered":"<p>&nbsp;<\/p>\n<p><a href=\"https:\/\/agora.xtec.cat\/escola-teresamiquelipamies\/wp-content\/uploads\/usu2106\/2020\/09\/Trets-didentitat.pdf\">Trets d&#8217;identitat<\/a><\/p>\n<p><span style=\"font-weight: 400;\">El Teresa Miquel \u00e9s un centre p\u00fablic d\u2019educaci\u00f3 infantil i prim\u00e0ria, depenent del Departament d\u2019Educaci\u00f3 de la Generalitat de Catalunya, de 2 l\u00ednies i de m\u00e0xima complexitat. Al curs 2024-2025 el Departament ens ha incrementat un grup a 5\u00e8.<\/span><\/p>\n<p><span style=\"font-weight: 400;\">El nostre centre de secund\u00e0ria de refer\u00e8ncia \u00e9s l\u2019IES Salvador Vila-seca.\u00a0<\/span><\/p>\n<p><span style=\"font-weight: 400;\">L\u2019escola Teresa Miquel i P\u00e0mies es defineix com un centre p\u00fablic, laic, catal\u00e0, inclusiu, acollidor i respectu\u00f3s amb la diversitat i pluralitat existent.<\/span><\/p>\n<p><span style=\"font-weight: 400;\">Som un centre promotor de valors, d\u2019h\u00e0bits saludables i de respecte al medi ambient.<\/span><\/p>\n<p><span style=\"font-weight: 400;\">Som una escola oberta a l\u2019entorn, treballem la coeducaci\u00f3 promovent la igualtat de les persones i democr\u00e0tic. Valorem la participaci\u00f3 i les aportacions de tots els membres de la comunitat educativa.<\/span><\/p>\n<p><span style=\"font-weight: 400;\">Treballem per la qualitat i l\u2019equitat combinades per reduir les desigualtats socials.<\/span><\/p>\n<p><span style=\"font-weight: 400;\">Fomentem el treball cooperatiu i l\u2019\u00fas de les tecnologies.<\/span><\/p>\n<p>&nbsp;<\/p>\n<p>&nbsp;<\/p>\n<p>&nbsp;<\/p>\n<p>&nbsp;<\/p>\n<p>&nbsp;<\/p>\n<p>&nbsp;<\/p>\n<p>&nbsp;<\/p>\n<p>&nbsp;<\/p>\n<p>&nbsp;<\/p>\n<p>&nbsp;<\/p>\n","protected":false},"excerpt":{"rendered":"<p>&nbsp;<br \/>\n<a href=\"https:\/\/agora.xtec.cat\/escola-teresamiquelipamies\/wp-content\/uploads\/usu2106\/2020\/09\/Trets-didentitat.pdf\">Trets d&#8217;identitat<\/a><br \/>\nEl Teresa Miquel \u00e9s un centre p\u00fablic d\u2019educaci\u00f3 infantil i prim\u00e0ria, depenent del Departament d\u2019Educaci\u00f3 de la Generalitat de Catalunya, de 2 l\u00ednies i de m\u00e0xima complexitat. Al curs 2024-2025 el Departament ens ha incrementat un grup a 5\u00e8.<br \/>\nEl nostre centre de secund\u00e0ria&hellip;  <a href=\"https:\/\/agora.xtec.cat\/escola-teresamiquelipamies\/lescola\/qui-som\/trets-didentitat\/\" title=\"Read Trets d\u2019identitat\">Llegeix m\u00e9s\u00bb<\/a><\/p>\n","protected":false},"author":1,"featured_media":0,"parent":482,"menu_order":0,"comment_status":"closed","ping_status":"closed","template":"page-templates\/side-menu.php","meta":{"_bbp_topic_count":0,"_bbp_reply_count":0,"_bbp_total_topic_count":0,"_bbp_total_reply_count":0,"_bbp_voice_count":0,"_bbp_anonymous_reply_count":0,"_bbp_topic_count_hidden":0,"_bbp_reply_count_hidden":0,"_bbp_forum_subforum_count":0,"footnotes":""},"class_list":["post-525","page","type-page","status-publish","hentry"],"post_mailing_queue_ids":[],"_links":{"self":[{"href":"https:\/\/agora.xtec.cat\/escola-teresamiquelipamies\/wp-json\/wp\/v2\/pages\/525","targetHints":{"allow":["GET"]}}],"collection":[{"href":"https:\/\/agora.xtec.cat\/escola-teresamiquelipamies\/wp-json\/wp\/v2\/pages"}],"about":[{"href":"https:\/\/agora.xtec.cat\/escola-teresamiquelipamies\/wp-json\/wp\/v2\/types\/page"}],"author":[{"embeddable":true,"href":"https:\/\/agora.xtec.cat\/escola-teresamiquelipamies\/wp-json\/wp\/v2\/users\/1"}],"replies":[{"embeddable":true,"href":"https:\/\/agora.xtec.cat\/escola-teresamiquelipamies\/wp-json\/wp\/v2\/comments?post=525"}],"version-history":[{"count":4,"href":"https:\/\/agora.xtec.cat\/escola-teresamiquelipamies\/wp-json\/wp\/v2\/pages\/525\/revisions"}],"predecessor-version":[{"id":3996,"href":"https:\/\/agora.xtec.cat\/escola-teresamiquelipamies\/wp-json\/wp\/v2\/pages\/525\/revisions\/3996"}],"up":[{"embeddable":true,"href":"https:\/\/agora.xtec.cat\/escola-teresamiquelipamies\/wp-json\/wp\/v2\/pages\/482"}],"wp:attachment":[{"href":"https:\/\/agora.xtec.cat\/escola-teresamiquelipamies\/wp-json\/wp\/v2\/media?parent=525"}],"curies":[{"name":"wp","href":"https:\/\/api.w.org\/{rel}","templated":true}]}}

<p>&nbsp;</p>
<p><a href="https://agora.xtec.cat/escola-teresamiquelipamies/wp-content/uploads/usu2106/2020/09/Trets-didentitat.pdf">Trets d&#8217;identitat</a></p>
<p><span style="font-weight: 400;">El Teresa Miquel és un centre públic d’educació infantil i primària, depenent del Departament d’Educació de la Generalitat de Catalunya, de 2 línies i de màxima complexitat. Al curs 2024-2025 el Departament ens ha incrementat un grup a 5è.</span></p>
<p><span style="font-weight: 400;">El nostre centre de secundària de referència és l’IES Salvador Vila-seca. </span></p>
<p><span style="font-weight: 400;">L’escola Teresa Miquel i Pàmies es defineix com un centre públic, laic, català, inclusiu, acollidor i respectuós amb la diversitat i pluralitat existent.</span></p>
<p><span style="font-weight: 400;">Som un centre promotor de valors, d’hàbits saludables i de respecte al medi ambient.</span></p>
<p><span style="font-weight: 400;">Som una escola oberta a l’entorn, treballem la coeducació promovent la igualtat de les persones i democràtic. Valorem la participació i les aportacions de tots els membres de la comunitat educativa.</span></p>
<p><span style="font-weight: 400;">Treballem per la qualitat i l’equitat combinades per reduir les desigualtats socials.</span></p>
<p><span style="font-weight: 400;">Fomentem el treball cooperatiu i l’ús de les tecnologies.</span></p>
<p>&nbsp;</p>
<p>&nbsp;</p>
<p>&nbsp;</p>
<p>&nbsp;</p>
<p>&nbsp;</p>
<p>&nbsp;</p>
<p>&nbsp;</p>
<p>&nbsp;</p>
<p>&nbsp;</p>
<p>&nbsp;</p>

<p>&nbsp;<br />
<a href="https://agora.xtec.cat/escola-teresamiquelipamies/wp-content/uploads/usu2106/2020/09/Trets-didentitat.pdf">Trets d&#8217;identitat</a><br />
El Teresa Miquel és un centre públic d’educació infantil i primària, depenent del Departament d’Educació de la Generalitat de Catalunya, de 2 línies i de màxima complexitat. Al curs 2024-2025 el Departament ens ha incrementat un grup a 5è.<br />
El nostre centre de secundària&hellip;  <a href="https://agora.xtec.cat/escola-teresamiquelipamies/lescola/qui-som/trets-didentitat/" title="Read Trets d’identitat">Llegeix més»</a></p>
