{"id":3882,"date":"2024-03-13T12:17:00","date_gmt":"2024-03-13T11:17:00","guid":{"rendered":"https:\/\/agora.xtec.cat\/escola-teresamiquelipamies\/?page_id=3882"},"modified":"2024-03-13T12:35:54","modified_gmt":"2024-03-13T11:35:54","slug":"programa-tecnics-dintegracio-social-i-educadors-socials","status":"publish","type":"page","link":"https:\/\/agora.xtec.cat\/escola-teresamiquelipamies\/programa-tecnics-dintegracio-social-i-educadors-socials\/","title":{"rendered":"Programa t\u00e8cnics d&#8217;integraci\u00f3 social i educadors socials"},"content":{"rendered":"<p><strong>Programa T\u00e8cnics d\u2019integraci\u00f3 social i educadors socials<\/strong><\/p>\n<p>L\u2019escola Teresa Miquel I P\u00e0mies disposa de professionals d\u2019atenci\u00f3 educativa amb la finalitat de<br \/>\ngarantir l\u2019equitat en l\u2019acc\u00e9s a l\u2019educaci\u00f3: T\u00e8cnic d\u2019integraci\u00f3 social \/ (i Educador Social si<br \/>\ns\u2019escau).<\/p>\n<p>La contractaci\u00f3 d\u2019aquests professionals est\u00e0 cofinan\u00e7at en un 40% per la Uni\u00f3 Europea i la<br \/>\nresta pel Departament d\u2019Educaci\u00f3 aix\u00f2 comporta el compliment d\u2019unes mesures de publicitat i<br \/>\ncomunicaci\u00f3.<\/p>\n<p>La incorporaci\u00f3 de t\u00e8cnics d\u2019integraci\u00f3 social i educador socials t\u00e9 com a objecte suplementar<br \/>\namb professionals d&#8217;atenci\u00f3 educativa l&#8217;activitat que es presta en els centres docents, amb la<br \/>\nfinalitat de garantir l&#8217;equitat en l&#8217;acc\u00e9s a l\u2019educaci\u00f3.<\/p>\n<p>Els objectius del Programa de t\u00e8cnics\/ques d\u2019integraci\u00f3 social i els educadors\/es socials<br \/>\ncofinan\u00e7at per la Uni\u00f3 Europea s\u00f3n:<br \/>\n&#8211; Prevenir l\u2019abandonament prematur i el frac\u00e0s escolar Procurar el benestar emocional dels<br \/>\nalumnes<br \/>\n&#8211; Facilitar una bona conviv\u00e8ncia en els centres educatius.<br \/>\n&#8211; Contribuir a l\u2019orientaci\u00f3 dels alumnes.<br \/>\n&#8211; Fomentar la implicaci\u00f3 de les fam\u00edlies.<br \/>\n&#8211; Fomentar el vincle entre l\u2019escola i el seu entorn.<br \/>\n&#8211; Contribuir al desenvolupament de plans d\u2019\u00e0mbit comunitari.<\/p>\n<p>El resultat esperat del programa \u00e9s reduir l\u2019absentisme escolar i l\u2019abandonament prematur.<\/p>\n<p>&nbsp;<\/p>\n<p><a href=\"https:\/\/agora.xtec.cat\/escola-teresamiquelipamies\/wp-content\/uploads\/usu2106\/2024\/03\/prov.jpg\"><img loading=\"lazy\" decoding=\"async\" class=\"aligncenter wp-image-3886 size-full\" src=\"https:\/\/agora.xtec.cat\/escola-teresamiquelipamies\/wp-content\/uploads\/usu2106\/2024\/03\/prov.jpg\" alt=\"\" width=\"587\" height=\"70\" srcset=\"https:\/\/agora.xtec.cat\/escola-teresamiquelipamies\/wp-content\/uploads\/usu2106\/2024\/03\/prov.jpg 587w, https:\/\/agora.xtec.cat\/escola-teresamiquelipamies\/wp-content\/uploads\/usu2106\/2024\/03\/prov-300x36.jpg 300w\" sizes=\"auto, (max-width: 587px) 100vw, 587px\" \/><\/a><\/p>\n","protected":false},"excerpt":{"rendered":"<p>Programa T\u00e8cnics d\u2019integraci\u00f3 social i educadors socials<br \/>\nL\u2019escola Teresa Miquel I P\u00e0mies disposa de professionals d\u2019atenci\u00f3 educativa amb la finalitat de<br \/>\ngarantir l\u2019equitat en l\u2019acc\u00e9s a l\u2019educaci\u00f3: T\u00e8cnic d\u2019integraci\u00f3 social \/ (i Educador Social si<br \/>\ns\u2019escau).<br \/>\nLa contractaci\u00f3 d\u2019aquests professionals est\u00e0 cofinan\u00e7at en un 40% per la Uni\u00f3 Europea&hellip;  <a href=\"https:\/\/agora.xtec.cat\/escola-teresamiquelipamies\/programa-tecnics-dintegracio-social-i-educadors-socials\/\" title=\"Read Programa t\u00e8cnics d&#8217;integraci\u00f3 social i educadors socials\">Llegeix m\u00e9s\u00bb<\/a><\/p>\n","protected":false},"author":1,"featured_media":0,"parent":0,"menu_order":0,"comment_status":"closed","ping_status":"closed","template":"","meta":{"_bbp_topic_count":0,"_bbp_reply_count":0,"_bbp_total_topic_count":0,"_bbp_total_reply_count":0,"_bbp_voice_count":0,"_bbp_anonymous_reply_count":0,"_bbp_topic_count_hidden":0,"_bbp_reply_count_hidden":0,"_bbp_forum_subforum_count":0,"footnotes":""},"class_list":["post-3882","page","type-page","status-publish","hentry"],"post_mailing_queue_ids":[],"_links":{"self":[{"href":"https:\/\/agora.xtec.cat\/escola-teresamiquelipamies\/wp-json\/wp\/v2\/pages\/3882","targetHints":{"allow":["GET"]}}],"collection":[{"href":"https:\/\/agora.xtec.cat\/escola-teresamiquelipamies\/wp-json\/wp\/v2\/pages"}],"about":[{"href":"https:\/\/agora.xtec.cat\/escola-teresamiquelipamies\/wp-json\/wp\/v2\/types\/page"}],"author":[{"embeddable":true,"href":"https:\/\/agora.xtec.cat\/escola-teresamiquelipamies\/wp-json\/wp\/v2\/users\/1"}],"replies":[{"embeddable":true,"href":"https:\/\/agora.xtec.cat\/escola-teresamiquelipamies\/wp-json\/wp\/v2\/comments?post=3882"}],"version-history":[{"count":3,"href":"https:\/\/agora.xtec.cat\/escola-teresamiquelipamies\/wp-json\/wp\/v2\/pages\/3882\/revisions"}],"predecessor-version":[{"id":3887,"href":"https:\/\/agora.xtec.cat\/escola-teresamiquelipamies\/wp-json\/wp\/v2\/pages\/3882\/revisions\/3887"}],"wp:attachment":[{"href":"https:\/\/agora.xtec.cat\/escola-teresamiquelipamies\/wp-json\/wp\/v2\/media?parent=3882"}],"curies":[{"name":"wp","href":"https:\/\/api.w.org\/{rel}","templated":true}]}}

Programa tècnics d&#8217;integració social i educadors socials

<p><strong>Programa Tècnics d’integració social i educadors socials</strong></p>
<p>L’escola Teresa Miquel I Pàmies disposa de professionals d’atenció educativa amb la finalitat de<br />
garantir l’equitat en l’accés a l’educació: Tècnic d’integració social / (i Educador Social si<br />
s’escau).</p>
<p>La contractació d’aquests professionals està cofinançat en un 40% per la Unió Europea i la<br />
resta pel Departament d’Educació això comporta el compliment d’unes mesures de publicitat i<br />
comunicació.</p>
<p>La incorporació de tècnics d’integració social i educador socials té com a objecte suplementar<br />
amb professionals d&#8217;atenció educativa l&#8217;activitat que es presta en els centres docents, amb la<br />
finalitat de garantir l&#8217;equitat en l&#8217;accés a l’educació.</p>
<p>Els objectius del Programa de tècnics/ques d’integració social i els educadors/es socials<br />
cofinançat per la Unió Europea són:<br />
&#8211; Prevenir l’abandonament prematur i el fracàs escolar Procurar el benestar emocional dels<br />
alumnes<br />
&#8211; Facilitar una bona convivència en els centres educatius.<br />
&#8211; Contribuir a l’orientació dels alumnes.<br />
&#8211; Fomentar la implicació de les famílies.<br />
&#8211; Fomentar el vincle entre l’escola i el seu entorn.<br />
&#8211; Contribuir al desenvolupament de plans d’àmbit comunitari.</p>
<p>El resultat esperat del programa és reduir l’absentisme escolar i l’abandonament prematur.</p>
<p>&nbsp;</p>
<p><a href="https://agora.xtec.cat/escola-teresamiquelipamies/wp-content/uploads/usu2106/2024/03/prov.jpg"><img loading="lazy" decoding="async" class="aligncenter wp-image-3886 size-full" src="https://agora.xtec.cat/escola-teresamiquelipamies/wp-content/uploads/usu2106/2024/03/prov.jpg" alt="" width="587" height="70" srcset="https://agora.xtec.cat/escola-teresamiquelipamies/wp-content/uploads/usu2106/2024/03/prov.jpg 587w, https://agora.xtec.cat/escola-teresamiquelipamies/wp-content/uploads/usu2106/2024/03/prov-300x36.jpg 300w" sizes="auto, (max-width: 587px) 100vw, 587px" /></a></p>

<p>Programa Tècnics d’integració social i educadors socials<br />
L’escola Teresa Miquel I Pàmies disposa de professionals d’atenció educativa amb la finalitat de<br />
garantir l’equitat en l’accés a l’educació: Tècnic d’integració social / (i Educador Social si<br />
s’escau).<br />
La contractació d’aquests professionals està cofinançat en un 40% per la Unió Europea&hellip;  <a href="https://agora.xtec.cat/escola-teresamiquelipamies/programa-tecnics-dintegracio-social-i-educadors-socials/" title="Read Programa tècnics d&#8217;integració social i educadors socials">Llegeix més»</a></p>
