{"id":34,"date":"2014-09-18T12:32:18","date_gmt":"2014-09-18T11:32:18","guid":{"rendered":"http:\/\/agora.xtec.cat\/escola-teresamiquelipamies\/?page_id=34"},"modified":"2025-09-04T14:43:14","modified_gmt":"2025-09-04T12:43:14","slug":"oferta-educativa","status":"publish","type":"page","link":"https:\/\/agora.xtec.cat\/escola-teresamiquelipamies\/lescola\/oferta-educativa\/","title":{"rendered":"Oferta educativa"},"content":{"rendered":"<p>&nbsp;<\/p>\n<p>L\u2019Escola Teresa Miquel i P\u00e0mies \u00e9s una escola p\u00fablica del Departament d\u2019Educaci\u00f3 de la Generalitat de Catalunya.<\/p>\n<p>Els nivells educatius que tenim s\u00f3n:<\/p>\n<ul>\n<li>Educaci\u00f3 Infantil : I3 &#8211; I4 &#8211; I5<\/li>\n<li>Educaci\u00f3 Prim\u00e0ria: 1r \u2013 2n \u2013 3r \u2013 4t \u2013 5\u00e8 \u2013 6\u00e8<\/li>\n<\/ul>\n<p>&nbsp;<\/p>\n<p>\u00c9s una escola de dues l\u00ednies, per tant tenim dues aules de cada nivell, excepte a 6\u00e8 que aquest curs 2025-2026 tenim tres aules.<\/p>\n<p>Per a l&#8217;alumnat que acaba 6\u00e8, el nostre institut de refer\u00e8ncia \u00e9s l&#8217;IES \u201cSalvador Vilaseca\u201d.<\/p>\n","protected":false},"excerpt":{"rendered":"<p>&nbsp;<br \/>\nL\u2019Escola Teresa Miquel i P\u00e0mies \u00e9s una escola p\u00fablica del Departament d\u2019Educaci\u00f3 de la Generalitat de Catalunya.<br \/>\nEls nivells educatius que tenim s\u00f3n:<\/p>\n<ul>\n<li>Educaci\u00f3 Infantil : I3 &#8211; I4 &#8211; I5<\/li>\n<li>Educaci\u00f3 Prim\u00e0ria: 1r \u2013 2n \u2013 3r \u2013 4t \u2013 5\u00e8 \u2013 6\u00e8<\/li>\n<\/ul>\n<p>&nbsp;<br \/>\n\u00c9s una escola de dues&hellip;  <a href=\"https:\/\/agora.xtec.cat\/escola-teresamiquelipamies\/lescola\/oferta-educativa\/\" title=\"Read Oferta educativa\">Llegeix m\u00e9s\u00bb<\/a><\/p>\n","protected":false},"author":1,"featured_media":0,"parent":22,"menu_order":60,"comment_status":"closed","ping_status":"closed","template":"page-templates\/side-menu.php","meta":{"_bbp_topic_count":0,"_bbp_reply_count":0,"_bbp_total_topic_count":0,"_bbp_total_reply_count":0,"_bbp_voice_count":0,"_bbp_anonymous_reply_count":0,"_bbp_topic_count_hidden":0,"_bbp_reply_count_hidden":0,"_bbp_forum_subforum_count":0,"footnotes":""},"class_list":["post-34","page","type-page","status-publish","hentry"],"post_mailing_queue_ids":[],"_links":{"self":[{"href":"https:\/\/agora.xtec.cat\/escola-teresamiquelipamies\/wp-json\/wp\/v2\/pages\/34","targetHints":{"allow":["GET"]}}],"collection":[{"href":"https:\/\/agora.xtec.cat\/escola-teresamiquelipamies\/wp-json\/wp\/v2\/pages"}],"about":[{"href":"https:\/\/agora.xtec.cat\/escola-teresamiquelipamies\/wp-json\/wp\/v2\/types\/page"}],"author":[{"embeddable":true,"href":"https:\/\/agora.xtec.cat\/escola-teresamiquelipamies\/wp-json\/wp\/v2\/users\/1"}],"replies":[{"embeddable":true,"href":"https:\/\/agora.xtec.cat\/escola-teresamiquelipamies\/wp-json\/wp\/v2\/comments?post=34"}],"version-history":[{"count":5,"href":"https:\/\/agora.xtec.cat\/escola-teresamiquelipamies\/wp-json\/wp\/v2\/pages\/34\/revisions"}],"predecessor-version":[{"id":4257,"href":"https:\/\/agora.xtec.cat\/escola-teresamiquelipamies\/wp-json\/wp\/v2\/pages\/34\/revisions\/4257"}],"up":[{"embeddable":true,"href":"https:\/\/agora.xtec.cat\/escola-teresamiquelipamies\/wp-json\/wp\/v2\/pages\/22"}],"wp:attachment":[{"href":"https:\/\/agora.xtec.cat\/escola-teresamiquelipamies\/wp-json\/wp\/v2\/media?parent=34"}],"curies":[{"name":"wp","href":"https:\/\/api.w.org\/{rel}","templated":true}]}}

<p>&nbsp;</p>
<p>L’Escola Teresa Miquel i Pàmies és una escola pública del Departament d’Educació de la Generalitat de Catalunya.</p>
<p>Els nivells educatius que tenim són:</p>
<ul>
<li>Educació Infantil : I3 &#8211; I4 &#8211; I5</li>
<li>Educació Primària: 1r – 2n – 3r – 4t – 5è – 6è</li>
</ul>
<p>&nbsp;</p>
<p>És una escola de dues línies, per tant tenim dues aules de cada nivell, excepte a 6è que aquest curs 2025-2026 tenim tres aules.</p>
<p>Per a l&#8217;alumnat que acaba 6è, el nostre institut de referència és l&#8217;IES “Salvador Vilaseca”.</p>

<p>&nbsp;<br />
L’Escola Teresa Miquel i Pàmies és una escola pública del Departament d’Educació de la Generalitat de Catalunya.<br />
Els nivells educatius que tenim són:</p>
<ul>
<li>Educació Infantil : I3 &#8211; I4 &#8211; I5</li>
<li>Educació Primària: 1r – 2n – 3r – 4t – 5è – 6è</li>
</ul>
<p>&nbsp;<br />
És una escola de dues&hellip;  <a href="https://agora.xtec.cat/escola-teresamiquelipamies/lescola/oferta-educativa/" title="Read Oferta educativa">Llegeix més»</a></p>
