{"id":32,"date":"2014-09-18T12:31:33","date_gmt":"2014-09-18T11:31:33","guid":{"rendered":"http:\/\/agora.xtec.cat\/escola-teresamiquelipamies\/?page_id=32"},"modified":"2025-09-04T14:39:44","modified_gmt":"2025-09-04T12:39:44","slug":"calendari-del-curs","status":"publish","type":"page","link":"https:\/\/agora.xtec.cat\/escola-teresamiquelipamies\/lescola\/calendari-del-curs\/","title":{"rendered":"Calendari del curs"},"content":{"rendered":"<h4><strong>Inici de curs:<\/strong><\/h4>\n<p>8 de setembre de 2025<\/p>\n<h4><strong>Vacances:<\/strong><\/h4>\n<p>Del 22 de desembre de 2025 al 7 de gener de 2026\u00a0 (ambd\u00f3s inclosos)<\/p>\n<p>Del 30 de mar\u00e7\u00a0 al 6 d\u2019abril de 2026 (ambd\u00f3s inclosos)<\/p>\n<p>A partir del 22 de juny de 2026<\/p>\n<h4><strong>Dies festius locals:<\/strong><\/h4>\n<p>25 de setembre de 2025: Mare de D\u00e9u de Miseric\u00f2rdia (dijous)<\/p>\n<p>29 de juny de 2026: Sant Pere (dilluns)<\/p>\n<h4><strong>Dies festius de lliure disposici\u00f3:<\/strong><\/h4>\n<p>31 d&#8217;octubre de 2025<\/p>\n<p>5 de desembre de 2025<\/p>\n<p>16 i 17 de febrer de 2026<\/p>\n<p>30 d&#8217;abril de 2026<\/p>\n<h4><strong>Jornada compactada:<\/strong><\/h4>\n<p>19 de desembre de 2025 i del 8 al 19 de juny de\u00a0 2026 (ambd\u00f3s inclosos)<\/p>\n<p>&nbsp;<\/p>\n<p>L\u2019<b>horari lectiu<\/b> del centre \u00e9s de 8:30 a 12 h i de 14:30 a 16:00 h per a tots l&#8217;alumnat del centre. El dia 19 de desembre i a partir del 8 de juny de 2026 es realitza horari compactat de 8:30 a 12:30h. (L&#8217;alumnat que utilitzi el servei de menjador surt a les 14:45h.)<\/p>\n<p>Per l&#8217;alumnat que inicia l\u2019escolaritzaci\u00f3 a I3 s\u2019organitza un breu per\u00edode d\u2019adaptaci\u00f3 que suposa una certa modificaci\u00f3 dels horaris els tres primers dies de classe, i que es fa saber a les fam\u00edlies en les reunions pr\u00e8vies corresponents.<\/p>\n<p>&nbsp;<\/p>\n<p><a href=\"https:\/\/agora.xtec.cat\/escola-teresamiquelipamies\/wp-content\/uploads\/usu2106\/2025\/09\/Calendari-2025-26_page-0001.jpg\"><img loading=\"lazy\" decoding=\"async\" class=\"aligncenter wp-image-4252 size-full\" src=\"https:\/\/agora.xtec.cat\/escola-teresamiquelipamies\/wp-content\/uploads\/usu2106\/2025\/09\/Calendari-2025-26_page-0001.jpg\" alt=\"\" width=\"1755\" height=\"1240\" srcset=\"https:\/\/agora.xtec.cat\/escola-teresamiquelipamies\/wp-content\/uploads\/usu2106\/2025\/09\/Calendari-2025-26_page-0001.jpg 1755w, https:\/\/agora.xtec.cat\/escola-teresamiquelipamies\/wp-content\/uploads\/usu2106\/2025\/09\/Calendari-2025-26_page-0001-300x212.jpg 300w, https:\/\/agora.xtec.cat\/escola-teresamiquelipamies\/wp-content\/uploads\/usu2106\/2025\/09\/Calendari-2025-26_page-0001-1024x724.jpg 1024w, https:\/\/agora.xtec.cat\/escola-teresamiquelipamies\/wp-content\/uploads\/usu2106\/2025\/09\/Calendari-2025-26_page-0001-768x543.jpg 768w, https:\/\/agora.xtec.cat\/escola-teresamiquelipamies\/wp-content\/uploads\/usu2106\/2025\/09\/Calendari-2025-26_page-0001-1536x1085.jpg 1536w\" sizes=\"auto, (max-width: 1755px) 100vw, 1755px\" \/><\/a><\/p>\n<p>&nbsp;<\/p>\n","protected":false},"excerpt":{"rendered":"<p>Inici de curs:<br \/>\n8 de setembre de 2025<br \/>\nVacances:<br \/>\nDel 22 de desembre de 2025 al 7 de gener de 2026\u00a0 (ambd\u00f3s inclosos)<br \/>\nDel 30 de mar\u00e7\u00a0 al 6 d\u2019abril de 2026 (ambd\u00f3s inclosos)<br \/>\nA partir del 22 de juny de 2026<br \/>\nDies festius locals:<br \/>\n25 de setembre de 2025: Mare de&hellip;  <a href=\"https:\/\/agora.xtec.cat\/escola-teresamiquelipamies\/lescola\/calendari-del-curs\/\" title=\"Read Calendari del curs\">Llegeix m\u00e9s\u00bb<\/a><\/p>\n","protected":false},"author":1,"featured_media":0,"parent":22,"menu_order":50,"comment_status":"closed","ping_status":"closed","template":"page-templates\/side-menu.php","meta":{"_bbp_topic_count":0,"_bbp_reply_count":0,"_bbp_total_topic_count":0,"_bbp_total_reply_count":0,"_bbp_voice_count":0,"_bbp_anonymous_reply_count":0,"_bbp_topic_count_hidden":0,"_bbp_reply_count_hidden":0,"_bbp_forum_subforum_count":0,"footnotes":""},"class_list":["post-32","page","type-page","status-publish","hentry"],"post_mailing_queue_ids":[],"_links":{"self":[{"href":"https:\/\/agora.xtec.cat\/escola-teresamiquelipamies\/wp-json\/wp\/v2\/pages\/32","targetHints":{"allow":["GET"]}}],"collection":[{"href":"https:\/\/agora.xtec.cat\/escola-teresamiquelipamies\/wp-json\/wp\/v2\/pages"}],"about":[{"href":"https:\/\/agora.xtec.cat\/escola-teresamiquelipamies\/wp-json\/wp\/v2\/types\/page"}],"author":[{"embeddable":true,"href":"https:\/\/agora.xtec.cat\/escola-teresamiquelipamies\/wp-json\/wp\/v2\/users\/1"}],"replies":[{"embeddable":true,"href":"https:\/\/agora.xtec.cat\/escola-teresamiquelipamies\/wp-json\/wp\/v2\/comments?post=32"}],"version-history":[{"count":6,"href":"https:\/\/agora.xtec.cat\/escola-teresamiquelipamies\/wp-json\/wp\/v2\/pages\/32\/revisions"}],"predecessor-version":[{"id":4255,"href":"https:\/\/agora.xtec.cat\/escola-teresamiquelipamies\/wp-json\/wp\/v2\/pages\/32\/revisions\/4255"}],"up":[{"embeddable":true,"href":"https:\/\/agora.xtec.cat\/escola-teresamiquelipamies\/wp-json\/wp\/v2\/pages\/22"}],"wp:attachment":[{"href":"https:\/\/agora.xtec.cat\/escola-teresamiquelipamies\/wp-json\/wp\/v2\/media?parent=32"}],"curies":[{"name":"wp","href":"https:\/\/api.w.org\/{rel}","templated":true}]}}

<h4><strong>Inici de curs:</strong></h4>
<p>8 de setembre de 2025</p>
<h4><strong>Vacances:</strong></h4>
<p>Del 22 de desembre de 2025 al 7 de gener de 2026  (ambdós inclosos)</p>
<p>Del 30 de març  al 6 d’abril de 2026 (ambdós inclosos)</p>
<p>A partir del 22 de juny de 2026</p>
<h4><strong>Dies festius locals:</strong></h4>
<p>25 de setembre de 2025: Mare de Déu de Misericòrdia (dijous)</p>
<p>29 de juny de 2026: Sant Pere (dilluns)</p>
<h4><strong>Dies festius de lliure disposició:</strong></h4>
<p>31 d&#8217;octubre de 2025</p>
<p>5 de desembre de 2025</p>
<p>16 i 17 de febrer de 2026</p>
<p>30 d&#8217;abril de 2026</p>
<h4><strong>Jornada compactada:</strong></h4>
<p>19 de desembre de 2025 i del 8 al 19 de juny de  2026 (ambdós inclosos)</p>
<p>&nbsp;</p>
<p>L’<b>horari lectiu</b> del centre és de 8:30 a 12 h i de 14:30 a 16:00 h per a tots l&#8217;alumnat del centre. El dia 19 de desembre i a partir del 8 de juny de 2026 es realitza horari compactat de 8:30 a 12:30h. (L&#8217;alumnat que utilitzi el servei de menjador surt a les 14:45h.)</p>
<p>Per l&#8217;alumnat que inicia l’escolarització a I3 s’organitza un breu període d’adaptació que suposa una certa modificació dels horaris els tres primers dies de classe, i que es fa saber a les famílies en les reunions prèvies corresponents.</p>
<p>&nbsp;</p>
<p><a href="https://agora.xtec.cat/escola-teresamiquelipamies/wp-content/uploads/usu2106/2025/09/Calendari-2025-26_page-0001.jpg"><img loading="lazy" decoding="async" class="aligncenter wp-image-4252 size-full" src="https://agora.xtec.cat/escola-teresamiquelipamies/wp-content/uploads/usu2106/2025/09/Calendari-2025-26_page-0001.jpg" alt="" width="1755" height="1240" srcset="https://agora.xtec.cat/escola-teresamiquelipamies/wp-content/uploads/usu2106/2025/09/Calendari-2025-26_page-0001.jpg 1755w, https://agora.xtec.cat/escola-teresamiquelipamies/wp-content/uploads/usu2106/2025/09/Calendari-2025-26_page-0001-300x212.jpg 300w, https://agora.xtec.cat/escola-teresamiquelipamies/wp-content/uploads/usu2106/2025/09/Calendari-2025-26_page-0001-1024x724.jpg 1024w, https://agora.xtec.cat/escola-teresamiquelipamies/wp-content/uploads/usu2106/2025/09/Calendari-2025-26_page-0001-768x543.jpg 768w, https://agora.xtec.cat/escola-teresamiquelipamies/wp-content/uploads/usu2106/2025/09/Calendari-2025-26_page-0001-1536x1085.jpg 1536w" sizes="auto, (max-width: 1755px) 100vw, 1755px" /></a></p>
<p>&nbsp;</p>

<p>Inici de curs:<br />
8 de setembre de 2025<br />
Vacances:<br />
Del 22 de desembre de 2025 al 7 de gener de 2026  (ambdós inclosos)<br />
Del 30 de març  al 6 d’abril de 2026 (ambdós inclosos)<br />
A partir del 22 de juny de 2026<br />
Dies festius locals:<br />
25 de setembre de 2025: Mare de&hellip;  <a href="https://agora.xtec.cat/escola-teresamiquelipamies/lescola/calendari-del-curs/" title="Read Calendari del curs">Llegeix més»</a></p>
