{"id":26,"date":"2014-09-18T12:24:32","date_gmt":"2014-09-18T10:24:32","guid":{"rendered":"http:\/\/agora.xtec.cat\/escola-teresamiquelipamies\/?page_id=26"},"modified":"2024-09-03T12:45:17","modified_gmt":"2024-09-03T10:45:17","slug":"historia","status":"publish","type":"page","link":"https:\/\/agora.xtec.cat\/escola-teresamiquelipamies\/lescola\/qui-som\/historia\/","title":{"rendered":"Hist\u00f2ria"},"content":{"rendered":"<p><span style=\"font-weight: 400;\">L\u2019escola p\u00fablica Teresa Miquel i P\u00e0mies va n\u00e9ixer el 1985, amb una l\u00ednia, com una extensi\u00f3 del Col\u00b7legi Prat de la Riba. Abans de l\u2019actual ubicaci\u00f3 estava situada a <\/span><span style=\"font-weight: 400;\">l\u2019avinguda Pa\u00efsos Catalans, a l\u2019al\u00e7ada de la carretera d\u2019Alcolea. Va estar en aquest indret durant 19 anys, en forma de m\u00f2duls prefabricats. Actualment est\u00e0 situada al Passeig de Miseric\u00f2rdia, de Reus, com un centre educatiu de dues l\u00ednies completes. L\u2019edifici actual va ser inaugurat amb una l\u00ednia (part groga) el dia 12 de novembre de 2004, i dos anys m\u00e9s tard (2006) es va inaugurar la segona fase de l\u2019edifici per donar cabuda a la segona l\u00ednia (part blanca).<\/span><\/p>\n<p><span style=\"font-weight: 400;\">La Sra. Teresa Miquel i P\u00e0mies fou una professora reusenca que estimava la seva tasca docent i defensora de la llengua catalana (1900-1988). Va ser deixeble de Pompeu Fabra. A t\u00edtol p\u00f2stum va rebre la medalla d\u2019honor de la ciutat. El nostre centre porta el seu nom , aix\u00ed com tamb\u00e9 una pla\u00e7a de la nostra ciutat.<\/span><\/p>\n<p><a href=\"https:\/\/agora.xtec.cat\/escola-teresamiquelipamies\/wp-content\/uploads\/usu2106\/2024\/09\/Teresa-Miquel_page-0001-Copy-1.jpg\"><img loading=\"lazy\" decoding=\"async\" class=\"aligncenter wp-image-4006 size-full\" src=\"https:\/\/agora.xtec.cat\/escola-teresamiquelipamies\/wp-content\/uploads\/usu2106\/2024\/09\/Teresa-Miquel_page-0001-Copy-1.jpg\" alt=\"\" width=\"453\" height=\"627\" srcset=\"https:\/\/agora.xtec.cat\/escola-teresamiquelipamies\/wp-content\/uploads\/usu2106\/2024\/09\/Teresa-Miquel_page-0001-Copy-1.jpg 453w, https:\/\/agora.xtec.cat\/escola-teresamiquelipamies\/wp-content\/uploads\/usu2106\/2024\/09\/Teresa-Miquel_page-0001-Copy-1-217x300.jpg 217w\" sizes=\"auto, (max-width: 453px) 100vw, 453px\" \/><\/a><\/p>\n<p>&nbsp;<\/p>\n<p>&nbsp;<\/p>\n<p style=\"text-align: center;\"><a href=\"https:\/\/agora.xtec.cat\/escola-teresamiquelipamies\/wp-content\/uploads\/usu2106\/2020\/09\/HISTORIA-ESCOLA.jpg\"><img loading=\"lazy\" decoding=\"async\" class=\"alignnone size-full wp-image-741\" src=\"https:\/\/agora.xtec.cat\/escola-teresamiquelipamies\/wp-content\/uploads\/usu2106\/2020\/09\/HISTORIA-ESCOLA.jpg\" alt=\"\" width=\"461\" height=\"237\" srcset=\"https:\/\/agora.xtec.cat\/escola-teresamiquelipamies\/wp-content\/uploads\/usu2106\/2020\/09\/HISTORIA-ESCOLA.jpg 461w, https:\/\/agora.xtec.cat\/escola-teresamiquelipamies\/wp-content\/uploads\/usu2106\/2020\/09\/HISTORIA-ESCOLA-300x154.jpg 300w\" sizes=\"auto, (max-width: 461px) 100vw, 461px\" \/><\/a><\/p>\n","protected":false},"excerpt":{"rendered":"<p>L\u2019escola p\u00fablica Teresa Miquel i P\u00e0mies va n\u00e9ixer el 1985, amb una l\u00ednia, com una extensi\u00f3 del Col\u00b7legi Prat de la Riba. Abans de l\u2019actual ubicaci\u00f3 estava situada a l\u2019avinguda Pa\u00efsos Catalans, a l\u2019al\u00e7ada de la carretera d\u2019Alcolea. Va estar en aquest indret durant 19&hellip;  <a href=\"https:\/\/agora.xtec.cat\/escola-teresamiquelipamies\/lescola\/qui-som\/historia\/\" title=\"Read Hist\u00f2ria\">Llegeix m\u00e9s\u00bb<\/a><\/p>\n","protected":false},"author":1,"featured_media":0,"parent":482,"menu_order":20,"comment_status":"closed","ping_status":"closed","template":"page-templates\/side-menu.php","meta":{"_bbp_topic_count":0,"_bbp_reply_count":0,"_bbp_total_topic_count":0,"_bbp_total_reply_count":0,"_bbp_voice_count":0,"_bbp_anonymous_reply_count":0,"_bbp_topic_count_hidden":0,"_bbp_reply_count_hidden":0,"_bbp_forum_subforum_count":0,"footnotes":""},"class_list":["post-26","page","type-page","status-publish","hentry"],"post_mailing_queue_ids":[],"_links":{"self":[{"href":"https:\/\/agora.xtec.cat\/escola-teresamiquelipamies\/wp-json\/wp\/v2\/pages\/26","targetHints":{"allow":["GET"]}}],"collection":[{"href":"https:\/\/agora.xtec.cat\/escola-teresamiquelipamies\/wp-json\/wp\/v2\/pages"}],"about":[{"href":"https:\/\/agora.xtec.cat\/escola-teresamiquelipamies\/wp-json\/wp\/v2\/types\/page"}],"author":[{"embeddable":true,"href":"https:\/\/agora.xtec.cat\/escola-teresamiquelipamies\/wp-json\/wp\/v2\/users\/1"}],"replies":[{"embeddable":true,"href":"https:\/\/agora.xtec.cat\/escola-teresamiquelipamies\/wp-json\/wp\/v2\/comments?post=26"}],"version-history":[{"count":5,"href":"https:\/\/agora.xtec.cat\/escola-teresamiquelipamies\/wp-json\/wp\/v2\/pages\/26\/revisions"}],"predecessor-version":[{"id":4007,"href":"https:\/\/agora.xtec.cat\/escola-teresamiquelipamies\/wp-json\/wp\/v2\/pages\/26\/revisions\/4007"}],"up":[{"embeddable":true,"href":"https:\/\/agora.xtec.cat\/escola-teresamiquelipamies\/wp-json\/wp\/v2\/pages\/482"}],"wp:attachment":[{"href":"https:\/\/agora.xtec.cat\/escola-teresamiquelipamies\/wp-json\/wp\/v2\/media?parent=26"}],"curies":[{"name":"wp","href":"https:\/\/api.w.org\/{rel}","templated":true}]}}

Història

<p><span style="font-weight: 400;">L’escola pública Teresa Miquel i Pàmies va néixer el 1985, amb una línia, com una extensió del Col·legi Prat de la Riba. Abans de l’actual ubicació estava situada a </span><span style="font-weight: 400;">l’avinguda Països Catalans, a l’alçada de la carretera d’Alcolea. Va estar en aquest indret durant 19 anys, en forma de mòduls prefabricats. Actualment està situada al Passeig de Misericòrdia, de Reus, com un centre educatiu de dues línies completes. L’edifici actual va ser inaugurat amb una línia (part groga) el dia 12 de novembre de 2004, i dos anys més tard (2006) es va inaugurar la segona fase de l’edifici per donar cabuda a la segona línia (part blanca).</span></p>
<p><span style="font-weight: 400;">La Sra. Teresa Miquel i Pàmies fou una professora reusenca que estimava la seva tasca docent i defensora de la llengua catalana (1900-1988). Va ser deixeble de Pompeu Fabra. A títol pòstum va rebre la medalla d’honor de la ciutat. El nostre centre porta el seu nom , així com també una plaça de la nostra ciutat.</span></p>
<p><a href="https://agora.xtec.cat/escola-teresamiquelipamies/wp-content/uploads/usu2106/2024/09/Teresa-Miquel_page-0001-Copy-1.jpg"><img loading="lazy" decoding="async" class="aligncenter wp-image-4006 size-full" src="https://agora.xtec.cat/escola-teresamiquelipamies/wp-content/uploads/usu2106/2024/09/Teresa-Miquel_page-0001-Copy-1.jpg" alt="" width="453" height="627" srcset="https://agora.xtec.cat/escola-teresamiquelipamies/wp-content/uploads/usu2106/2024/09/Teresa-Miquel_page-0001-Copy-1.jpg 453w, https://agora.xtec.cat/escola-teresamiquelipamies/wp-content/uploads/usu2106/2024/09/Teresa-Miquel_page-0001-Copy-1-217x300.jpg 217w" sizes="auto, (max-width: 453px) 100vw, 453px" /></a></p>
<p>&nbsp;</p>
<p>&nbsp;</p>
<p style="text-align: center;"><a href="https://agora.xtec.cat/escola-teresamiquelipamies/wp-content/uploads/usu2106/2020/09/HISTORIA-ESCOLA.jpg"><img loading="lazy" decoding="async" class="alignnone size-full wp-image-741" src="https://agora.xtec.cat/escola-teresamiquelipamies/wp-content/uploads/usu2106/2020/09/HISTORIA-ESCOLA.jpg" alt="" width="461" height="237" srcset="https://agora.xtec.cat/escola-teresamiquelipamies/wp-content/uploads/usu2106/2020/09/HISTORIA-ESCOLA.jpg 461w, https://agora.xtec.cat/escola-teresamiquelipamies/wp-content/uploads/usu2106/2020/09/HISTORIA-ESCOLA-300x154.jpg 300w" sizes="auto, (max-width: 461px) 100vw, 461px" /></a></p>

<p>L’escola pública Teresa Miquel i Pàmies va néixer el 1985, amb una línia, com una extensió del Col·legi Prat de la Riba. Abans de l’actual ubicació estava situada a l’avinguda Països Catalans, a l’alçada de la carretera d’Alcolea. Va estar en aquest indret durant 19&hellip;  <a href="https://agora.xtec.cat/escola-teresamiquelipamies/lescola/qui-som/historia/" title="Read Història">Llegeix més»</a></p>
