{"id":38,"date":"2014-09-18T12:34:08","date_gmt":"2014-09-18T11:34:08","guid":{"rendered":"http:\/\/agora.xtec.cat\/escola-solivent\/?page_id=38"},"modified":"2020-09-20T10:13:47","modified_gmt":"2020-09-20T08:13:47","slug":"salut","status":"publish","type":"page","link":"https:\/\/agora.xtec.cat\/escola-solivent\/lescola\/salut\/","title":{"rendered":"Salut"},"content":{"rendered":"<p>&nbsp;<\/p>\n<p><a href=\"https:\/\/agora.xtec.cat\/escola-solivent\/wp-content\/uploads\/usu1558\/2020\/09\/Captura-de-Pantalla-2020-09-20-a-les-10.12.08.png\"><img loading=\"lazy\" decoding=\"async\" class=\"size-medium wp-image-3081 alignleft\" src=\"https:\/\/agora.xtec.cat\/escola-solivent\/wp-content\/uploads\/usu1558\/2020\/09\/Captura-de-Pantalla-2020-09-20-a-les-10.12.08-215x300.png\" alt=\"\" width=\"215\" height=\"300\" srcset=\"https:\/\/agora.xtec.cat\/escola-solivent\/wp-content\/uploads\/usu1558\/2020\/09\/Captura-de-Pantalla-2020-09-20-a-les-10.12.08-215x300.png 215w, https:\/\/agora.xtec.cat\/escola-solivent\/wp-content\/uploads\/usu1558\/2020\/09\/Captura-de-Pantalla-2020-09-20-a-les-10.12.08-768x1070.png 768w, https:\/\/agora.xtec.cat\/escola-solivent\/wp-content\/uploads\/usu1558\/2020\/09\/Captura-de-Pantalla-2020-09-20-a-les-10.12.08-735x1024.png 735w, https:\/\/agora.xtec.cat\/escola-solivent\/wp-content\/uploads\/usu1558\/2020\/09\/Captura-de-Pantalla-2020-09-20-a-les-10.12.08.png 1430w\" sizes=\"auto, (max-width: 215px) 100vw, 215px\" \/><\/a> <a href=\"https:\/\/agora.xtec.cat\/escola-solivent\/wp-content\/uploads\/usu1558\/2020\/09\/Captura-de-Pantalla-2020-09-20-a-les-10.12.17.png\"><img loading=\"lazy\" decoding=\"async\" class=\"size-medium wp-image-3082 alignleft\" src=\"https:\/\/agora.xtec.cat\/escola-solivent\/wp-content\/uploads\/usu1558\/2020\/09\/Captura-de-Pantalla-2020-09-20-a-les-10.12.17-210x300.png\" alt=\"\" width=\"210\" height=\"300\" srcset=\"https:\/\/agora.xtec.cat\/escola-solivent\/wp-content\/uploads\/usu1558\/2020\/09\/Captura-de-Pantalla-2020-09-20-a-les-10.12.17-210x300.png 210w, https:\/\/agora.xtec.cat\/escola-solivent\/wp-content\/uploads\/usu1558\/2020\/09\/Captura-de-Pantalla-2020-09-20-a-les-10.12.17-768x1095.png 768w, https:\/\/agora.xtec.cat\/escola-solivent\/wp-content\/uploads\/usu1558\/2020\/09\/Captura-de-Pantalla-2020-09-20-a-les-10.12.17-718x1024.png 718w, https:\/\/agora.xtec.cat\/escola-solivent\/wp-content\/uploads\/usu1558\/2020\/09\/Captura-de-Pantalla-2020-09-20-a-les-10.12.17.png 1426w\" sizes=\"auto, (max-width: 210px) 100vw, 210px\" \/><\/a><\/p>\n<p>&nbsp;<\/p>\n<p>&nbsp;<\/p>\n<p>&nbsp;<\/p>\n<p>&nbsp;<\/p>\n<p>&nbsp;<\/p>\n<p>&nbsp;<\/p>\n<p>&nbsp;<\/p>\n<p>&nbsp;<\/p>\n<ul>\n<li>Si un\/a alumne\/a t\u00e9 febre o un problema de salut amb risc de contagi, <strong>recordem que no pot assistir a l\u2019escola i que heu d\u2019avisar a la tutora del fet.<\/strong><\/li>\n<li>Si algun\/a alumne\/a no pot fer alguna activitat relacionada amb el curr\u00edculum escolar cal que porti el corresponent certificat metge.<\/li>\n<li>Si algun\/a alumne\/a ha de prendre algun medicament aconsellem que les pautes coincideixin fora de l\u2019horari escolar. Si aix\u00f2 no fos possible i s\u2019ha d\u2019administrar un medicament en horari escolar ser\u00e0 imprescindible l\u2019autoritzaci\u00f3 per escrit segons el model que podeu trobar a l&#8217;apartat de <a href=\"http:\/\/agora.xtec.cat\/escola-solivent\/docs\/\">documents<\/a>, dels pares i\/o tutors de l\u2019alumne\/a. Sense aquesta autoritzaci\u00f3 no s\u2019administrar\u00e0 cap medicament per part de l\u2019escola.<\/li>\n<li>Si algun alumne\/a es fa mal o es troba malament en jornada escolar es telefonar\u00e0 a la fam\u00edlia per a assabentar-los del fet i que ells mateixos vinguin a l\u2019escola per fer les gestions oportunes. Si es valora com un cas d\u2019urg\u00e8ncia o no es pot localitzar la fam\u00edlia es portar\u00e0 directament al Servei d\u2019Urg\u00e8ncies de l\u2019Hospital de Figueres o al CAP de Vilafant, fent \u00fas del corresponent Servei d&#8217;ambul\u00e0ncia.<\/li>\n<li>Volem recordar que peri\u00f2dicament es donen casos de polls. Cal que aneu vigilant el cabell del vostre fill\/a sobretot a la tardor i primavera. Si en detecteu cal que aviseu a l\u2019escola i feu el tractament oport\u00fa. Per a evitar contagis recordem que no pot assistir a l\u2019escola durant aquests dies.<\/li>\n<\/ul>\n<p>&nbsp;<\/p>\n<p>&nbsp;<\/p>\n<p>&nbsp;<\/p>\n<p>&nbsp;<\/p>\n","protected":false},"excerpt":{"rendered":"<p>&nbsp;<br \/>\n<a href=\"https:\/\/agora.xtec.cat\/escola-solivent\/wp-content\/uploads\/usu1558\/2020\/09\/Captura-de-Pantalla-2020-09-20-a-les-10.12.08.png\"><\/a> <a href=\"https:\/\/agora.xtec.cat\/escola-solivent\/wp-content\/uploads\/usu1558\/2020\/09\/Captura-de-Pantalla-2020-09-20-a-les-10.12.17.png\"><\/a><br \/>\n&nbsp;<br \/>\n&nbsp;<br \/>\n&nbsp;<br \/>\n&nbsp;<br \/>\n&nbsp;<br \/>\n&nbsp;<br \/>\n&nbsp;<br \/>\n&nbsp;<\/p>\n<ul>\n<li>Si un\/a alumne\/a t\u00e9 febre o un problema de salut amb risc de contagi, recordem que no pot assistir a l\u2019escola i que heu d\u2019avisar a la tutora del fet.<\/li>\n<li>Si algun\/a alumne\/a no pot fer alguna activitat relacionada amb el curr\u00edculum escolar&hellip;  <a href=\"https:\/\/agora.xtec.cat\/escola-solivent\/lescola\/salut\/\" title=\"Read Salut\">Llegeix m\u00e9s\u00bb<\/a><br \/>\n","protected":false},"author":1,"featured_media":0,"parent":22,"menu_order":80,"comment_status":"closed","ping_status":"closed","template":"page-templates\/side-menu.php","meta":{"_bbp_topic_count":0,"_bbp_reply_count":0,"_bbp_total_topic_count":0,"_bbp_total_reply_count":0,"_bbp_voice_count":0,"_bbp_anonymous_reply_count":0,"_bbp_topic_count_hidden":0,"_bbp_reply_count_hidden":0,"_bbp_forum_subforum_count":0,"footnotes":""},"class_list":["post-38","page","type-page","status-publish","hentry"],"post_mailing_queue_ids":[],"_links":{"self":[{"href":"https:\/\/agora.xtec.cat\/escola-solivent\/wp-json\/wp\/v2\/pages\/38","targetHints":{"allow":["GET"]}}],"collection":[{"href":"https:\/\/agora.xtec.cat\/escola-solivent\/wp-json\/wp\/v2\/pages"}],"about":[{"href":"https:\/\/agora.xtec.cat\/escola-solivent\/wp-json\/wp\/v2\/types\/page"}],"author":[{"embeddable":true,"href":"https:\/\/agora.xtec.cat\/escola-solivent\/wp-json\/wp\/v2\/users\/1"}],"replies":[{"embeddable":true,"href":"https:\/\/agora.xtec.cat\/escola-solivent\/wp-json\/wp\/v2\/comments?post=38"}],"version-history":[{"count":3,"href":"https:\/\/agora.xtec.cat\/escola-solivent\/wp-json\/wp\/v2\/pages\/38\/revisions"}],"predecessor-version":[{"id":3083,"href":"https:\/\/agora.xtec.cat\/escola-solivent\/wp-json\/wp\/v2\/pages\/38\/revisions\/3083"}],"up":[{"embeddable":true,"href":"https:\/\/agora.xtec.cat\/escola-solivent\/wp-json\/wp\/v2\/pages\/22"}],"wp:attachment":[{"href":"https:\/\/agora.xtec.cat\/escola-solivent\/wp-json\/wp\/v2\/media?parent=38"}],"curies":[{"name":"wp","href":"https:\/\/api.w.org\/{rel}","templated":true}]}}

<p>&nbsp;</p>
<p><a href="https://agora.xtec.cat/escola-solivent/wp-content/uploads/usu1558/2020/09/Captura-de-Pantalla-2020-09-20-a-les-10.12.08.png"><img loading="lazy" decoding="async" class="size-medium wp-image-3081 alignleft" src="https://agora.xtec.cat/escola-solivent/wp-content/uploads/usu1558/2020/09/Captura-de-Pantalla-2020-09-20-a-les-10.12.08-215x300.png" alt="" width="215" height="300" srcset="https://agora.xtec.cat/escola-solivent/wp-content/uploads/usu1558/2020/09/Captura-de-Pantalla-2020-09-20-a-les-10.12.08-215x300.png 215w, https://agora.xtec.cat/escola-solivent/wp-content/uploads/usu1558/2020/09/Captura-de-Pantalla-2020-09-20-a-les-10.12.08-768x1070.png 768w, https://agora.xtec.cat/escola-solivent/wp-content/uploads/usu1558/2020/09/Captura-de-Pantalla-2020-09-20-a-les-10.12.08-735x1024.png 735w, https://agora.xtec.cat/escola-solivent/wp-content/uploads/usu1558/2020/09/Captura-de-Pantalla-2020-09-20-a-les-10.12.08.png 1430w" sizes="auto, (max-width: 215px) 100vw, 215px" /></a> <a href="https://agora.xtec.cat/escola-solivent/wp-content/uploads/usu1558/2020/09/Captura-de-Pantalla-2020-09-20-a-les-10.12.17.png"><img loading="lazy" decoding="async" class="size-medium wp-image-3082 alignleft" src="https://agora.xtec.cat/escola-solivent/wp-content/uploads/usu1558/2020/09/Captura-de-Pantalla-2020-09-20-a-les-10.12.17-210x300.png" alt="" width="210" height="300" srcset="https://agora.xtec.cat/escola-solivent/wp-content/uploads/usu1558/2020/09/Captura-de-Pantalla-2020-09-20-a-les-10.12.17-210x300.png 210w, https://agora.xtec.cat/escola-solivent/wp-content/uploads/usu1558/2020/09/Captura-de-Pantalla-2020-09-20-a-les-10.12.17-768x1095.png 768w, https://agora.xtec.cat/escola-solivent/wp-content/uploads/usu1558/2020/09/Captura-de-Pantalla-2020-09-20-a-les-10.12.17-718x1024.png 718w, https://agora.xtec.cat/escola-solivent/wp-content/uploads/usu1558/2020/09/Captura-de-Pantalla-2020-09-20-a-les-10.12.17.png 1426w" sizes="auto, (max-width: 210px) 100vw, 210px" /></a></p>
<p>&nbsp;</p>
<p>&nbsp;</p>
<p>&nbsp;</p>
<p>&nbsp;</p>
<p>&nbsp;</p>
<p>&nbsp;</p>
<p>&nbsp;</p>
<p>&nbsp;</p>
<ul>
<li>Si un/a alumne/a té febre o un problema de salut amb risc de contagi, <strong>recordem que no pot assistir a l’escola i que heu d’avisar a la tutora del fet.</strong></li>
<li>Si algun/a alumne/a no pot fer alguna activitat relacionada amb el currículum escolar cal que porti el corresponent certificat metge.</li>
<li>Si algun/a alumne/a ha de prendre algun medicament aconsellem que les pautes coincideixin fora de l’horari escolar. Si això no fos possible i s’ha d’administrar un medicament en horari escolar serà imprescindible l’autorització per escrit segons el model que podeu trobar a l&#8217;apartat de <a href="http://agora.xtec.cat/escola-solivent/docs/">documents</a>, dels pares i/o tutors de l’alumne/a. Sense aquesta autorització no s’administrarà cap medicament per part de l’escola.</li>
<li>Si algun alumne/a es fa mal o es troba malament en jornada escolar es telefonarà a la família per a assabentar-los del fet i que ells mateixos vinguin a l’escola per fer les gestions oportunes. Si es valora com un cas d’urgència o no es pot localitzar la família es portarà directament al Servei d’Urgències de l’Hospital de Figueres o al CAP de Vilafant, fent ús del corresponent Servei d&#8217;ambulància.</li>
<li>Volem recordar que periòdicament es donen casos de polls. Cal que aneu vigilant el cabell del vostre fill/a sobretot a la tardor i primavera. Si en detecteu cal que aviseu a l’escola i feu el tractament oportú. Per a evitar contagis recordem que no pot assistir a l’escola durant aquests dies.</li>
</ul>
<p>&nbsp;</p>
<p>&nbsp;</p>
<p>&nbsp;</p>
<p>&nbsp;</p>

<p>&nbsp;<br />
<a href="https://agora.xtec.cat/escola-solivent/wp-content/uploads/usu1558/2020/09/Captura-de-Pantalla-2020-09-20-a-les-10.12.08.png"></a> <a href="https://agora.xtec.cat/escola-solivent/wp-content/uploads/usu1558/2020/09/Captura-de-Pantalla-2020-09-20-a-les-10.12.17.png"></a><br />
&nbsp;<br />
&nbsp;<br />
&nbsp;<br />
&nbsp;<br />
&nbsp;<br />
&nbsp;<br />
&nbsp;<br />
&nbsp;</p>
<ul>
<li>Si un/a alumne/a té febre o un problema de salut amb risc de contagi, recordem que no pot assistir a l’escola i que heu d’avisar a la tutora del fet.</li>
<li>Si algun/a alumne/a no pot fer alguna activitat relacionada amb el currículum escolar&hellip;  <a href="https://agora.xtec.cat/escola-solivent/lescola/salut/" title="Read Salut">Llegeix més»</a><br />
