{"id":9750,"date":"2022-09-12T14:27:33","date_gmt":"2022-09-12T12:27:33","guid":{"rendered":"https:\/\/agora.xtec.cat\/escola-santroc\/?page_id=9750"},"modified":"2022-09-15T15:16:25","modified_gmt":"2022-09-15T13:16:25","slug":"comissions","status":"publish","type":"page","link":"https:\/\/agora.xtec.cat\/escola-santroc\/lescola\/comissions\/","title":{"rendered":"Comissions"},"content":{"rendered":"<p>Era esc\u00f2la s&#8217;organize en comissions damb dispari\u00e8res foncions damb era finalitat d&#8217;amiar a t\u00e8rme iniciatives restacades damb eth s\u00f2n ambit.<\/p>\n<p>Damb eth nau proj\u00e8cte de direccion vigent, s&#8217;a impulsat era participacion des familhes damb era creacion des <strong>Comissions Mixtes<\/strong>, ent\u00e0 fomentar era participacion des familhes ena vida vidanta deth centre.<\/p>\n<ul>\n<li><a href=\"https:\/\/agora.xtec.cat\/escola-santroc\/lescola\/comissions\/escola-verda\/\">COMISSION <strong>MIXTA<\/strong> AMBIENTAU<\/a> (Esc\u00f2la Verda)<\/li>\n<li><a href=\"https:\/\/agora.xtec.cat\/escola-santroc\/lescola\/comissions\/biblioteca\/\">COMISSION <strong>MIXTA<\/strong> BIBLIOT\u00c8CA<\/a><\/li>\n<li><a href=\"https:\/\/agora.xtec.cat\/escola-santroc\/lescola\/comissions\/activa-2\/\">COMISSION <strong>MIXTA<\/strong> ACTIVA<\/a><\/li>\n<li><a href=\"https:\/\/agora.xtec.cat\/escola-santroc\/lescola\/comissions\/caei\/\">COMISSION ATENCION EDUCATIVA INCLUSIVA (CAEI)<\/a><\/li>\n<li><a href=\"https:\/\/agora.xtec.cat\/escola-santroc\/lescola\/comissions\/estrategia-digitau\/\">COMISSION D&#8217;ESTRAT\u00c9GIA DIGITAU<\/a><\/li>\n<\/ul>\n","protected":false},"excerpt":{"rendered":"<p>Era esc\u00f2la s&#8217;organize en comissions damb dispari\u00e8res foncions damb era finalitat d&#8217;amiar a t\u00e8rme iniciatives restacades damb eth s\u00f2n ambit.<br \/>\nDamb eth nau proj\u00e8cte de direccion vigent, s&#8217;a impulsat era participacion des familhes damb era creacion des Comissions Mixtes, ent\u00e0 fomentar era participacion des familhes ena&hellip;  <a href=\"https:\/\/agora.xtec.cat\/escola-santroc\/lescola\/comissions\/\" title=\"Read Comissions\">Llegeix m\u00e9s\u00bb<\/a><\/p>\n","protected":false},"author":1,"featured_media":0,"parent":22,"menu_order":35,"comment_status":"closed","ping_status":"closed","template":"page-templates\/side-menu.php","meta":{"_bbp_topic_count":0,"_bbp_reply_count":0,"_bbp_total_topic_count":0,"_bbp_total_reply_count":0,"_bbp_voice_count":0,"_bbp_anonymous_reply_count":0,"_bbp_topic_count_hidden":0,"_bbp_reply_count_hidden":0,"_bbp_forum_subforum_count":0,"footnotes":""},"class_list":["post-9750","page","type-page","status-publish","hentry"],"post_mailing_queue_ids":[],"_links":{"self":[{"href":"https:\/\/agora.xtec.cat\/escola-santroc\/wp-json\/wp\/v2\/pages\/9750","targetHints":{"allow":["GET"]}}],"collection":[{"href":"https:\/\/agora.xtec.cat\/escola-santroc\/wp-json\/wp\/v2\/pages"}],"about":[{"href":"https:\/\/agora.xtec.cat\/escola-santroc\/wp-json\/wp\/v2\/types\/page"}],"author":[{"embeddable":true,"href":"https:\/\/agora.xtec.cat\/escola-santroc\/wp-json\/wp\/v2\/users\/1"}],"replies":[{"embeddable":true,"href":"https:\/\/agora.xtec.cat\/escola-santroc\/wp-json\/wp\/v2\/comments?post=9750"}],"version-history":[{"count":3,"href":"https:\/\/agora.xtec.cat\/escola-santroc\/wp-json\/wp\/v2\/pages\/9750\/revisions"}],"predecessor-version":[{"id":9860,"href":"https:\/\/agora.xtec.cat\/escola-santroc\/wp-json\/wp\/v2\/pages\/9750\/revisions\/9860"}],"up":[{"embeddable":true,"href":"https:\/\/agora.xtec.cat\/escola-santroc\/wp-json\/wp\/v2\/pages\/22"}],"wp:attachment":[{"href":"https:\/\/agora.xtec.cat\/escola-santroc\/wp-json\/wp\/v2\/media?parent=9750"}],"curies":[{"name":"wp","href":"https:\/\/api.w.org\/{rel}","templated":true}]}}