{"id":4265,"date":"2019-09-18T10:53:42","date_gmt":"2019-09-18T08:53:42","guid":{"rendered":"http:\/\/agora.xtec.cat\/escola-santroc\/?page_id=4265"},"modified":"2022-09-15T11:57:44","modified_gmt":"2022-09-15T09:57:44","slug":"e-twinning-era-comunitat-europea-de-centres-educatius","status":"publish","type":"page","link":"https:\/\/agora.xtec.cat\/escola-santroc\/que-hem\/projectes-e-plans\/e-twinning-era-comunitat-europea-de-centres-educatius\/","title":{"rendered":"E-Twinning"},"content":{"rendered":"<p>E-Twinning ei era m\u00e8s grana plataforma educativa en l\u00ednia que met en contacte a l\u00e8u 700.000 m\u00e8stres e professors de 30 pa\u00efsi europ\u00e8us. Es docents i p\u00f2den cercar centres e persones e participar en proj\u00e8ctes de collaboracion.<\/p>\n<p>Es compet\u00e9ncies digitaus e comunicatives, a m\u00e8s deth trabalh cooperatiu, son era base des activitats. Es escolans an d&#8217;aplicar es s\u00f2ns coneishements digitaus e ling\u00fcistics ent\u00e0 comunicar-se damb d&#8217;auti companhs de tota Eur\u00f2pa.<\/p>\n<p>Eth cors 2018\/2019, es escolans de cicle miei particip\u00e8ren en un proj\u00e8cte collaboratiu damb un centre de Finlandia. Aguest cors, demoram en tot seguir ampliant eth n\u00f2ste orizon!<\/p>\n<p><img loading=\"lazy\" decoding=\"async\" class=\"alignleft\" src=\"https:\/\/www.etwinning.net\/images\/main-logo.svg\" alt=\"Logo\" width=\"187\" height=\"56\" \/><\/p>\n","protected":false},"excerpt":{"rendered":"<p>E-Twinning ei era m\u00e8s grana plataforma educativa en l\u00ednia que met en contacte a l\u00e8u 700.000 m\u00e8stres e professors de 30 pa\u00efsi europ\u00e8us. Es docents i p\u00f2den cercar centres e persones e participar en proj\u00e8ctes de collaboracion.<br \/>\nEs compet\u00e9ncies digitaus e comunicatives, a m\u00e8s deth trabalh&hellip;  <a href=\"https:\/\/agora.xtec.cat\/escola-santroc\/que-hem\/projectes-e-plans\/e-twinning-era-comunitat-europea-de-centres-educatius\/\" title=\"Read E-Twinning\">Llegeix m\u00e9s\u00bb<\/a><\/p>\n","protected":false},"author":1,"featured_media":0,"parent":1261,"menu_order":70,"comment_status":"closed","ping_status":"closed","template":"page-templates\/side-menu.php","meta":{"_bbp_topic_count":0,"_bbp_reply_count":0,"_bbp_total_topic_count":0,"_bbp_total_reply_count":0,"_bbp_voice_count":0,"_bbp_anonymous_reply_count":0,"_bbp_topic_count_hidden":0,"_bbp_reply_count_hidden":0,"_bbp_forum_subforum_count":0,"footnotes":""},"class_list":["post-4265","page","type-page","status-publish","hentry"],"post_mailing_queue_ids":[],"_links":{"self":[{"href":"https:\/\/agora.xtec.cat\/escola-santroc\/wp-json\/wp\/v2\/pages\/4265","targetHints":{"allow":["GET"]}}],"collection":[{"href":"https:\/\/agora.xtec.cat\/escola-santroc\/wp-json\/wp\/v2\/pages"}],"about":[{"href":"https:\/\/agora.xtec.cat\/escola-santroc\/wp-json\/wp\/v2\/types\/page"}],"author":[{"embeddable":true,"href":"https:\/\/agora.xtec.cat\/escola-santroc\/wp-json\/wp\/v2\/users\/1"}],"replies":[{"embeddable":true,"href":"https:\/\/agora.xtec.cat\/escola-santroc\/wp-json\/wp\/v2\/comments?post=4265"}],"version-history":[{"count":3,"href":"https:\/\/agora.xtec.cat\/escola-santroc\/wp-json\/wp\/v2\/pages\/4265\/revisions"}],"predecessor-version":[{"id":9855,"href":"https:\/\/agora.xtec.cat\/escola-santroc\/wp-json\/wp\/v2\/pages\/4265\/revisions\/9855"}],"up":[{"embeddable":true,"href":"https:\/\/agora.xtec.cat\/escola-santroc\/wp-json\/wp\/v2\/pages\/1261"}],"wp:attachment":[{"href":"https:\/\/agora.xtec.cat\/escola-santroc\/wp-json\/wp\/v2\/media?parent=4265"}],"curies":[{"name":"wp","href":"https:\/\/api.w.org\/{rel}","templated":true}]}}