{"id":9,"date":"2014-09-17T15:08:18","date_gmt":"2014-09-17T14:08:18","guid":{"rendered":"http:\/\/agora.xtec.cat\/escola-santacaterina-vinyols\/?page_id=9"},"modified":"2026-03-03T13:30:37","modified_gmt":"2026-03-03T12:30:37","slug":"pagina-dinici-buida","status":"publish","type":"page","link":"https:\/\/agora.xtec.cat\/escola-santacaterina-vinyols\/","title":{"rendered":"Preinscripci\u00f3 curs 2026-2027"},"content":{"rendered":"\n<p class=\"has-medium-font-size\" style=\"padding-top:0;padding-right:0;padding-bottom:0;padding-left:0\">A trav\u00e9s de <a href=\"https:\/\/preinscripcio.gencat.cat\/ca\/inici\/index.html\">l&#8217;enlla\u00e7<\/a>, per qualsevol dubte contacteu al 977768480.<\/p>\n\n\n\n<figure class=\"wp-block-image aligncenter size-large is-resized\"><a href=\"https:\/\/agora.xtec.cat\/escola-santacaterina-vinyols\/wp-content\/uploads\/usu964\/2026\/03\/Generalitat_Preinscripcio_Escolar_Infantil_Generalitat.jpg\"><img loading=\"lazy\" decoding=\"async\" width=\"724\" height=\"1024\" src=\"https:\/\/agora.xtec.cat\/escola-santacaterina-vinyols\/wp-content\/uploads\/usu964\/2026\/03\/Generalitat_Preinscripcio_Escolar_Infantil_Generalitat-724x1024.jpg\" alt=\"\" class=\"wp-image-5036\" style=\"width:229px;height:auto\" srcset=\"https:\/\/agora.xtec.cat\/escola-santacaterina-vinyols\/wp-content\/uploads\/usu964\/2026\/03\/Generalitat_Preinscripcio_Escolar_Infantil_Generalitat-724x1024.jpg 724w, https:\/\/agora.xtec.cat\/escola-santacaterina-vinyols\/wp-content\/uploads\/usu964\/2026\/03\/Generalitat_Preinscripcio_Escolar_Infantil_Generalitat-212x300.jpg 212w, https:\/\/agora.xtec.cat\/escola-santacaterina-vinyols\/wp-content\/uploads\/usu964\/2026\/03\/Generalitat_Preinscripcio_Escolar_Infantil_Generalitat-768x1086.jpg 768w, https:\/\/agora.xtec.cat\/escola-santacaterina-vinyols\/wp-content\/uploads\/usu964\/2026\/03\/Generalitat_Preinscripcio_Escolar_Infantil_Generalitat-1086x1536.jpg 1086w, https:\/\/agora.xtec.cat\/escola-santacaterina-vinyols\/wp-content\/uploads\/usu964\/2026\/03\/Generalitat_Preinscripcio_Escolar_Infantil_Generalitat-1448x2048.jpg 1448w, https:\/\/agora.xtec.cat\/escola-santacaterina-vinyols\/wp-content\/uploads\/usu964\/2026\/03\/Generalitat_Preinscripcio_Escolar_Infantil_Generalitat.jpg 1684w\" sizes=\"auto, (max-width: 724px) 100vw, 724px\" \/><\/a><\/figure>\n\n\n\n<p><strong><a href=\"https:\/\/drive.google.com\/file\/d\/1hidyRr-SZ7pWAur9-DaJMGXT3NdumuaN\/view?usp=sharing\">Calendari curs 2025-2026<\/a><\/strong><\/p>\n\n\n\n<h5 class=\"wp-block-heading\"><p>Reunions fam\u00edlies:<\/p><\/h5>\n\n\n\n<p><a href=\"https:\/\/drive.google.com\/file\/d\/1Y_FRBYVzX5WesT_yST8J29WCJFQJfNPL\/view?usp=sharing\">Grup I3<\/a> &#8211; <a href=\"https:\/\/drive.google.com\/file\/d\/13u8-pVjHwginlO8CJZ209s2X9Tfqp_E6\/view?usp=sharing\">Grup I4<\/a> &#8211; <a href=\"https:\/\/drive.google.com\/file\/d\/1kWjfouA5z7aNAcS7q1Oim-EBidJmjl9t\/view?usp=sharing\">Grup I5<\/a><\/p>\n\n\n\n<p><a href=\"https:\/\/drive.google.com\/file\/d\/1BIhgLhLncHH9TS4avMhKtsoNSvF1AFD3\/view?usp=sharing\">Grup 1r<\/a> &#8211; <a href=\"https:\/\/drive.google.com\/file\/d\/1JCCeidMVdXR1tj3-cc0lOT1GSIwCBu4m\/view?usp=sharing\">Grup 2n<\/a> &#8211; <a href=\"https:\/\/drive.google.com\/file\/d\/1Aqq_tpsjuQAhRtOFVpEhRL6x9KXSPwUi\/view?usp=sharing\">Grup 3r<\/a> <\/p>\n\n\n\n<p><a href=\"https:\/\/drive.google.com\/file\/d\/1h-9vTMQuDW8rNwUKLq2AJxrSU7w6gU_X\/view?usp=sharing\">Grup 4t<\/a> &#8211; <a href=\"https:\/\/drive.google.com\/file\/d\/1lB1WpGawovNRdWSNsWJIGtOrrRFIcPGg\/view?usp=sharing\">Grup 5\u00e8<\/a> &#8211; <a href=\"https:\/\/drive.google.com\/file\/d\/1i2L-_Zx05-ZOg9NcE1xHRhUeZLL7URJQ\/view?usp=sharing\">Grup 6\u00e8<\/a><\/p>\n\n\n\n<p><a href=\"https:\/\/drive.google.com\/file\/d\/1JKh6kjdCjpWbufL69zoIj-0BkRJ9aRnV\/view?usp=sharing\">Equip hum\u00e0 del centre curs 2025-2026<\/a><\/p>\n\n\n\n<p><span style=\"color: #808080;\"><em><strong>Tots som escola,&nbsp;<\/strong><\/em><\/span><strong><em><span style=\"color: #808080;\">preparats per viure i transformar el m\u00f3n!<\/span><\/em><\/strong><\/p>\n","protected":false},"excerpt":{"rendered":"<p>A trav\u00e9s de l&#8217;enlla\u00e7, per qualsevol dubte contacteu al 977768480. Calendari curs 2025-2026 Reunions fam\u00edlies: Grup I3 &#8211; Grup I4 &#8211; Grup I5 Grup 1r &#8211; Grup 2n &#8211; Grup 3r Grup 4t &#8211; Grup 5\u00e8 &#8211; Grup 6\u00e8 Equip hum\u00e0 del centre curs 2025-2026 Tots som escola,&nbsp;preparats per viure i transformar el m\u00f3n!<\/p>\n","protected":false},"author":1,"featured_media":0,"parent":7,"menu_order":0,"comment_status":"closed","ping_status":"closed","template":"","meta":{"_bbp_topic_count":0,"_bbp_reply_count":0,"_bbp_total_topic_count":0,"_bbp_total_reply_count":0,"_bbp_voice_count":0,"_bbp_anonymous_reply_count":0,"_bbp_topic_count_hidden":0,"_bbp_reply_count_hidden":0,"_bbp_forum_subforum_count":0,"site-sidebar-layout":"default","site-content-layout":"","ast-site-content-layout":"default","site-content-style":"default","site-sidebar-style":"default","ast-global-header-display":"","ast-banner-title-visibility":"","ast-main-header-display":"","ast-hfb-above-header-display":"","ast-hfb-below-header-display":"","ast-hfb-mobile-header-display":"","site-post-title":"","ast-breadcrumbs-content":"","ast-featured-img":"","footer-sml-layout":"","theme-transparent-header-meta":"","adv-header-id-meta":"","stick-header-meta":"","header-above-stick-meta":"","header-main-stick-meta":"","header-below-stick-meta":"","astra-migrate-meta-layouts":"set","ast-page-background-enabled":"default","ast-page-background-meta":{"desktop":{"background-color":"var(--ast-global-color-4)","background-image":"","background-repeat":"repeat","background-position":"center center","background-size":"auto","background-attachment":"scroll","background-type":"","background-media":"","overlay-type":"","overlay-color":"","overlay-opacity":"","overlay-gradient":""},"tablet":{"background-color":"","background-image":"","background-repeat":"repeat","background-position":"center center","background-size":"auto","background-attachment":"scroll","background-type":"","background-media":"","overlay-type":"","overlay-color":"","overlay-opacity":"","overlay-gradient":""},"mobile":{"background-color":"","background-image":"","background-repeat":"repeat","background-position":"center center","background-size":"auto","background-attachment":"scroll","background-type":"","background-media":"","overlay-type":"","overlay-color":"","overlay-opacity":"","overlay-gradient":""}},"ast-content-background-meta":{"desktop":{"background-color":"var(--ast-global-color-5)","background-image":"","background-repeat":"repeat","background-position":"center center","background-size":"auto","background-attachment":"scroll","background-type":"","background-media":"","overlay-type":"","overlay-color":"","overlay-opacity":"","overlay-gradient":""},"tablet":{"background-color":"var(--ast-global-color-5)","background-image":"","background-repeat":"repeat","background-position":"center center","background-size":"auto","background-attachment":"scroll","background-type":"","background-media":"","overlay-type":"","overlay-color":"","overlay-opacity":"","overlay-gradient":""},"mobile":{"background-color":"var(--ast-global-color-5)","background-image":"","background-repeat":"repeat","background-position":"center center","background-size":"auto","background-attachment":"scroll","background-type":"","background-media":"","overlay-type":"","overlay-color":"","overlay-opacity":"","overlay-gradient":""}},"footnotes":""},"class_list":["post-9","page","type-page","status-publish","hentry"],"post_mailing_queue_ids":[],"_links":{"self":[{"href":"https:\/\/agora.xtec.cat\/escola-santacaterina-vinyols\/wp-json\/wp\/v2\/pages\/9","targetHints":{"allow":["GET"]}}],"collection":[{"href":"https:\/\/agora.xtec.cat\/escola-santacaterina-vinyols\/wp-json\/wp\/v2\/pages"}],"about":[{"href":"https:\/\/agora.xtec.cat\/escola-santacaterina-vinyols\/wp-json\/wp\/v2\/types\/page"}],"author":[{"embeddable":true,"href":"https:\/\/agora.xtec.cat\/escola-santacaterina-vinyols\/wp-json\/wp\/v2\/users\/1"}],"replies":[{"embeddable":true,"href":"https:\/\/agora.xtec.cat\/escola-santacaterina-vinyols\/wp-json\/wp\/v2\/comments?post=9"}],"version-history":[{"count":6,"href":"https:\/\/agora.xtec.cat\/escola-santacaterina-vinyols\/wp-json\/wp\/v2\/pages\/9\/revisions"}],"predecessor-version":[{"id":5039,"href":"https:\/\/agora.xtec.cat\/escola-santacaterina-vinyols\/wp-json\/wp\/v2\/pages\/9\/revisions\/5039"}],"up":[{"embeddable":true,"href":"https:\/\/agora.xtec.cat\/escola-santacaterina-vinyols\/wp-json\/wp\/v2\/pages\/7"}],"wp:attachment":[{"href":"https:\/\/agora.xtec.cat\/escola-santacaterina-vinyols\/wp-json\/wp\/v2\/media?parent=9"}],"curies":[{"name":"wp","href":"https:\/\/api.w.org\/{rel}","templated":true}]}}

Preinscripció curs 2026-2027

<p class="has-medium-font-size" style="padding-top:0;padding-right:0;padding-bottom:0;padding-left:0">A través de <a href="https://preinscripcio.gencat.cat/ca/inici/index.html">l&#8217;enllaç</a>, per qualsevol dubte contacteu al 977768480.</p>



<figure class="wp-block-image aligncenter size-large is-resized"><a href="https://agora.xtec.cat/escola-santacaterina-vinyols/wp-content/uploads/usu964/2026/03/Generalitat_Preinscripcio_Escolar_Infantil_Generalitat.jpg"><img loading="lazy" decoding="async" width="724" height="1024" src="https://agora.xtec.cat/escola-santacaterina-vinyols/wp-content/uploads/usu964/2026/03/Generalitat_Preinscripcio_Escolar_Infantil_Generalitat-724x1024.jpg" alt="" class="wp-image-5036" style="width:229px;height:auto" srcset="https://agora.xtec.cat/escola-santacaterina-vinyols/wp-content/uploads/usu964/2026/03/Generalitat_Preinscripcio_Escolar_Infantil_Generalitat-724x1024.jpg 724w, https://agora.xtec.cat/escola-santacaterina-vinyols/wp-content/uploads/usu964/2026/03/Generalitat_Preinscripcio_Escolar_Infantil_Generalitat-212x300.jpg 212w, https://agora.xtec.cat/escola-santacaterina-vinyols/wp-content/uploads/usu964/2026/03/Generalitat_Preinscripcio_Escolar_Infantil_Generalitat-768x1086.jpg 768w, https://agora.xtec.cat/escola-santacaterina-vinyols/wp-content/uploads/usu964/2026/03/Generalitat_Preinscripcio_Escolar_Infantil_Generalitat-1086x1536.jpg 1086w, https://agora.xtec.cat/escola-santacaterina-vinyols/wp-content/uploads/usu964/2026/03/Generalitat_Preinscripcio_Escolar_Infantil_Generalitat-1448x2048.jpg 1448w, https://agora.xtec.cat/escola-santacaterina-vinyols/wp-content/uploads/usu964/2026/03/Generalitat_Preinscripcio_Escolar_Infantil_Generalitat.jpg 1684w" sizes="auto, (max-width: 724px) 100vw, 724px" /></a></figure>



<p><strong><a href="https://drive.google.com/file/d/1hidyRr-SZ7pWAur9-DaJMGXT3NdumuaN/view?usp=sharing">Calendari curs 2025-2026</a></strong></p>



<h5 class="wp-block-heading"><p>Reunions famílies:</p></h5>



<p><a href="https://drive.google.com/file/d/1Y_FRBYVzX5WesT_yST8J29WCJFQJfNPL/view?usp=sharing">Grup I3</a> &#8211; <a href="https://drive.google.com/file/d/13u8-pVjHwginlO8CJZ209s2X9Tfqp_E6/view?usp=sharing">Grup I4</a> &#8211; <a href="https://drive.google.com/file/d/1kWjfouA5z7aNAcS7q1Oim-EBidJmjl9t/view?usp=sharing">Grup I5</a></p>



<p><a href="https://drive.google.com/file/d/1BIhgLhLncHH9TS4avMhKtsoNSvF1AFD3/view?usp=sharing">Grup 1r</a> &#8211; <a href="https://drive.google.com/file/d/1JCCeidMVdXR1tj3-cc0lOT1GSIwCBu4m/view?usp=sharing">Grup 2n</a> &#8211; <a href="https://drive.google.com/file/d/1Aqq_tpsjuQAhRtOFVpEhRL6x9KXSPwUi/view?usp=sharing">Grup 3r</a> </p>



<p><a href="https://drive.google.com/file/d/1h-9vTMQuDW8rNwUKLq2AJxrSU7w6gU_X/view?usp=sharing">Grup 4t</a> &#8211; <a href="https://drive.google.com/file/d/1lB1WpGawovNRdWSNsWJIGtOrrRFIcPGg/view?usp=sharing">Grup 5è</a> &#8211; <a href="https://drive.google.com/file/d/1i2L-_Zx05-ZOg9NcE1xHRhUeZLL7URJQ/view?usp=sharing">Grup 6è</a></p>



<p><a href="https://drive.google.com/file/d/1JKh6kjdCjpWbufL69zoIj-0BkRJ9aRnV/view?usp=sharing">Equip humà del centre curs 2025-2026</a></p>



<p><span style="color: #808080;"><em><strong>Tots som escola,&nbsp;</strong></em></span><strong><em><span style="color: #808080;">preparats per viure i transformar el món!</span></em></strong></p>

<p>A través de l&#8217;enllaç, per qualsevol dubte contacteu al 977768480. Calendari curs 2025-2026 Reunions famílies: Grup I3 &#8211; Grup I4 &#8211; Grup I5 Grup 1r &#8211; Grup 2n &#8211; Grup 3r Grup 4t &#8211; Grup 5è &#8211; Grup 6è Equip humà del centre curs 2025-2026 Tots som escola,&nbsp;preparats per viure i transformar el món!</p>
