{"id":51,"date":"2012-03-15T00:27:22","date_gmt":"2012-03-14T22:27:22","guid":{"rendered":"http:\/\/blocs.xtec.cat\/escolasantacaterina\/?page_id=51"},"modified":"2025-09-30T10:15:58","modified_gmt":"2025-09-30T08:15:58","slug":"pla-catala","status":"publish","type":"page","link":"https:\/\/agora.xtec.cat\/escola-santacaterina-vinyols\/com-treballem\/pla-catala\/","title":{"rendered":"Pla Catal\u00e0 d&#8217;Esport a l&#8217;Escola \/ Educaci\u00f3 F\u00edsica"},"content":{"rendered":"<p>El <strong>Pla Catal\u00e0 de l\u2019Esport a l\u2019Escola<\/strong> \u00e9s un programa impulsat per la <strong>Generalitat de Catalunya<\/strong>, amb el suport del <strong>Consell Catal\u00e0 de l\u2019Esport<\/strong>, els <strong>ajuntaments<\/strong> i les <strong>escoles<\/strong>, que t\u00e9 com a objectiu principal <strong>fomentar la pr\u00e0ctica regular de l\u2019activitat f\u00edsica i l\u2019esport entre l\u2019alumnat en edat escolar<\/strong> fora de l\u2019horari lectiu.<\/p>\n<p><strong>Objectius principals<\/strong><\/p>\n<ul>\n<li><strong>Augmentar la pr\u00e0ctica esportiva<\/strong> entre els infants i joves de manera regular i saludable.<\/li>\n<li><strong>Fomentar els valors de l\u2019esport<\/strong>, com el respecte, la cooperaci\u00f3, l\u2019esfor\u00e7 i el joc net.<\/li>\n<li><strong>Afavorir la cohesi\u00f3 social i la igualtat d\u2019oportunitats<\/strong> mitjan\u00e7ant activitats obertes a tothom, independentment del nivell econ\u00f2mic o habilitat f\u00edsica.<\/li>\n<li><strong>Promoure h\u00e0bits de vida activa i saludable<\/strong>.<\/li>\n<li><strong>Fer de l\u2019escola un espai de promoci\u00f3 de l\u2019esport<\/strong>, m\u00e9s enll\u00e0 de l\u2019educaci\u00f3 f\u00edsica curricular.<\/li>\n<\/ul>\n<p><strong>Beneficis per a l\u2019escola i l\u2019alumnat<\/strong><\/p>\n<ul>\n<li>Millora de la <strong>salut f\u00edsica i emocional<\/strong> de l\u2019alumnat.<\/li>\n<li>Increment de la <strong>motivaci\u00f3 i el vincle amb l\u2019escola<\/strong>.<\/li>\n<li><strong>Inclusi\u00f3 social<\/strong> i participaci\u00f3 de tot l\u2019alumnat, sense discriminaci\u00f3.<\/li>\n<li>Promoci\u00f3 de <strong>valors educatius<\/strong> a trav\u00e9s de l\u2019activitat f\u00edsica.<\/li>\n<li>Enfortiment del <strong>teixit comunitari i esportiu<\/strong> local (escoles, clubs, fam\u00edlies&#8230;).<\/li>\n<\/ul>\n<p><img loading=\"lazy\" decoding=\"async\" class=\" wp-image-4869 alignleft\" src=\"https:\/\/agora.xtec.cat\/escola-santacaterina-vinyols\/wp-content\/uploads\/usu964\/2025\/09\/IMG_4753-768x1024.jpg\" alt=\"\" width=\"351\" height=\"468\" srcset=\"https:\/\/agora.xtec.cat\/escola-santacaterina-vinyols\/wp-content\/uploads\/usu964\/2025\/09\/IMG_4753-768x1024.jpg 768w, https:\/\/agora.xtec.cat\/escola-santacaterina-vinyols\/wp-content\/uploads\/usu964\/2025\/09\/IMG_4753-225x300.jpg 225w, https:\/\/agora.xtec.cat\/escola-santacaterina-vinyols\/wp-content\/uploads\/usu964\/2025\/09\/IMG_4753-1152x1536.jpg 1152w, https:\/\/agora.xtec.cat\/escola-santacaterina-vinyols\/wp-content\/uploads\/usu964\/2025\/09\/IMG_4753-1536x2048.jpg 1536w, https:\/\/agora.xtec.cat\/escola-santacaterina-vinyols\/wp-content\/uploads\/usu964\/2025\/09\/IMG_4753-scaled.jpg 1920w\" sizes=\"auto, (max-width: 351px) 100vw, 351px\" \/> <img loading=\"lazy\" decoding=\"async\" class=\"wp-image-4870 alignright\" src=\"https:\/\/agora.xtec.cat\/escola-santacaterina-vinyols\/wp-content\/uploads\/usu964\/2025\/09\/IMG20240424174530-1024x768.jpg\" alt=\"\" width=\"447\" height=\"335\" srcset=\"https:\/\/agora.xtec.cat\/escola-santacaterina-vinyols\/wp-content\/uploads\/usu964\/2025\/09\/IMG20240424174530-1024x768.jpg 1024w, https:\/\/agora.xtec.cat\/escola-santacaterina-vinyols\/wp-content\/uploads\/usu964\/2025\/09\/IMG20240424174530-300x225.jpg 300w, https:\/\/agora.xtec.cat\/escola-santacaterina-vinyols\/wp-content\/uploads\/usu964\/2025\/09\/IMG20240424174530-768x576.jpg 768w, https:\/\/agora.xtec.cat\/escola-santacaterina-vinyols\/wp-content\/uploads\/usu964\/2025\/09\/IMG20240424174530-1536x1152.jpg 1536w, https:\/\/agora.xtec.cat\/escola-santacaterina-vinyols\/wp-content\/uploads\/usu964\/2025\/09\/IMG20240424174530-2048x1536.jpg 2048w, https:\/\/agora.xtec.cat\/escola-santacaterina-vinyols\/wp-content\/uploads\/usu964\/2025\/09\/IMG20240424174530-200x150.jpg 200w\" sizes=\"auto, (max-width: 447px) 100vw, 447px\" \/><\/p>\n","protected":false},"excerpt":{"rendered":"<p>El Pla Catal\u00e0 de l\u2019Esport a l\u2019Escola \u00e9s un programa impulsat per la Generalitat de Catalunya, amb el suport del Consell Catal\u00e0 de l\u2019Esport, els ajuntaments i les escoles, que t\u00e9 com a objectiu principal fomentar la pr\u00e0ctica regular de l\u2019activitat f\u00edsica i l\u2019esport entre l\u2019alumnat en edat escolar fora de l\u2019horari lectiu. Objectius principals [&hellip;]<\/p>\n","protected":false},"author":1,"featured_media":0,"parent":2680,"menu_order":4,"comment_status":"closed","ping_status":"closed","template":"","meta":{"_bbp_topic_count":0,"_bbp_reply_count":0,"_bbp_total_topic_count":0,"_bbp_total_reply_count":0,"_bbp_voice_count":0,"_bbp_anonymous_reply_count":0,"_bbp_topic_count_hidden":0,"_bbp_reply_count_hidden":0,"_bbp_forum_subforum_count":0,"site-sidebar-layout":"default","site-content-layout":"","ast-site-content-layout":"","site-content-style":"default","site-sidebar-style":"default","ast-global-header-display":"","ast-banner-title-visibility":"","ast-main-header-display":"","ast-hfb-above-header-display":"","ast-hfb-below-header-display":"","ast-hfb-mobile-header-display":"","site-post-title":"","ast-breadcrumbs-content":"","ast-featured-img":"","footer-sml-layout":"","theme-transparent-header-meta":"","adv-header-id-meta":"","stick-header-meta":"","header-above-stick-meta":"","header-main-stick-meta":"","header-below-stick-meta":"","astra-migrate-meta-layouts":"default","ast-page-background-enabled":"default","ast-page-background-meta":{"desktop":{"background-color":"var(--ast-global-color-4)","background-image":"","background-repeat":"repeat","background-position":"center center","background-size":"auto","background-attachment":"scroll","background-type":"","background-media":"","overlay-type":"","overlay-color":"","overlay-opacity":"","overlay-gradient":""},"tablet":{"background-color":"","background-image":"","background-repeat":"repeat","background-position":"center center","background-size":"auto","background-attachment":"scroll","background-type":"","background-media":"","overlay-type":"","overlay-color":"","overlay-opacity":"","overlay-gradient":""},"mobile":{"background-color":"","background-image":"","background-repeat":"repeat","background-position":"center center","background-size":"auto","background-attachment":"scroll","background-type":"","background-media":"","overlay-type":"","overlay-color":"","overlay-opacity":"","overlay-gradient":""}},"ast-content-background-meta":{"desktop":{"background-color":"var(--ast-global-color-5)","background-image":"","background-repeat":"repeat","background-position":"center center","background-size":"auto","background-attachment":"scroll","background-type":"","background-media":"","overlay-type":"","overlay-color":"","overlay-opacity":"","overlay-gradient":""},"tablet":{"background-color":"var(--ast-global-color-5)","background-image":"","background-repeat":"repeat","background-position":"center center","background-size":"auto","background-attachment":"scroll","background-type":"","background-media":"","overlay-type":"","overlay-color":"","overlay-opacity":"","overlay-gradient":""},"mobile":{"background-color":"var(--ast-global-color-5)","background-image":"","background-repeat":"repeat","background-position":"center center","background-size":"auto","background-attachment":"scroll","background-type":"","background-media":"","overlay-type":"","overlay-color":"","overlay-opacity":"","overlay-gradient":""}},"footnotes":""},"class_list":["post-51","page","type-page","status-publish","hentry"],"post_mailing_queue_ids":[],"_links":{"self":[{"href":"https:\/\/agora.xtec.cat\/escola-santacaterina-vinyols\/wp-json\/wp\/v2\/pages\/51","targetHints":{"allow":["GET"]}}],"collection":[{"href":"https:\/\/agora.xtec.cat\/escola-santacaterina-vinyols\/wp-json\/wp\/v2\/pages"}],"about":[{"href":"https:\/\/agora.xtec.cat\/escola-santacaterina-vinyols\/wp-json\/wp\/v2\/types\/page"}],"author":[{"embeddable":true,"href":"https:\/\/agora.xtec.cat\/escola-santacaterina-vinyols\/wp-json\/wp\/v2\/users\/1"}],"replies":[{"embeddable":true,"href":"https:\/\/agora.xtec.cat\/escola-santacaterina-vinyols\/wp-json\/wp\/v2\/comments?post=51"}],"version-history":[{"count":6,"href":"https:\/\/agora.xtec.cat\/escola-santacaterina-vinyols\/wp-json\/wp\/v2\/pages\/51\/revisions"}],"predecessor-version":[{"id":4872,"href":"https:\/\/agora.xtec.cat\/escola-santacaterina-vinyols\/wp-json\/wp\/v2\/pages\/51\/revisions\/4872"}],"up":[{"embeddable":true,"href":"https:\/\/agora.xtec.cat\/escola-santacaterina-vinyols\/wp-json\/wp\/v2\/pages\/2680"}],"wp:attachment":[{"href":"https:\/\/agora.xtec.cat\/escola-santacaterina-vinyols\/wp-json\/wp\/v2\/media?parent=51"}],"curies":[{"name":"wp","href":"https:\/\/api.w.org\/{rel}","templated":true}]}}

Pla Català d&#8217;Esport a l&#8217;Escola / Educació Física

<p>El <strong>Pla Català de l’Esport a l’Escola</strong> és un programa impulsat per la <strong>Generalitat de Catalunya</strong>, amb el suport del <strong>Consell Català de l’Esport</strong>, els <strong>ajuntaments</strong> i les <strong>escoles</strong>, que té com a objectiu principal <strong>fomentar la pràctica regular de l’activitat física i l’esport entre l’alumnat en edat escolar</strong> fora de l’horari lectiu.</p>
<p><strong>Objectius principals</strong></p>
<ul>
<li><strong>Augmentar la pràctica esportiva</strong> entre els infants i joves de manera regular i saludable.</li>
<li><strong>Fomentar els valors de l’esport</strong>, com el respecte, la cooperació, l’esforç i el joc net.</li>
<li><strong>Afavorir la cohesió social i la igualtat d’oportunitats</strong> mitjançant activitats obertes a tothom, independentment del nivell econòmic o habilitat física.</li>
<li><strong>Promoure hàbits de vida activa i saludable</strong>.</li>
<li><strong>Fer de l’escola un espai de promoció de l’esport</strong>, més enllà de l’educació física curricular.</li>
</ul>
<p><strong>Beneficis per a l’escola i l’alumnat</strong></p>
<ul>
<li>Millora de la <strong>salut física i emocional</strong> de l’alumnat.</li>
<li>Increment de la <strong>motivació i el vincle amb l’escola</strong>.</li>
<li><strong>Inclusió social</strong> i participació de tot l’alumnat, sense discriminació.</li>
<li>Promoció de <strong>valors educatius</strong> a través de l’activitat física.</li>
<li>Enfortiment del <strong>teixit comunitari i esportiu</strong> local (escoles, clubs, famílies&#8230;).</li>
</ul>
<p><img loading="lazy" decoding="async" class=" wp-image-4869 alignleft" src="https://agora.xtec.cat/escola-santacaterina-vinyols/wp-content/uploads/usu964/2025/09/IMG_4753-768x1024.jpg" alt="" width="351" height="468" srcset="https://agora.xtec.cat/escola-santacaterina-vinyols/wp-content/uploads/usu964/2025/09/IMG_4753-768x1024.jpg 768w, https://agora.xtec.cat/escola-santacaterina-vinyols/wp-content/uploads/usu964/2025/09/IMG_4753-225x300.jpg 225w, https://agora.xtec.cat/escola-santacaterina-vinyols/wp-content/uploads/usu964/2025/09/IMG_4753-1152x1536.jpg 1152w, https://agora.xtec.cat/escola-santacaterina-vinyols/wp-content/uploads/usu964/2025/09/IMG_4753-1536x2048.jpg 1536w, https://agora.xtec.cat/escola-santacaterina-vinyols/wp-content/uploads/usu964/2025/09/IMG_4753-scaled.jpg 1920w" sizes="auto, (max-width: 351px) 100vw, 351px" /> <img loading="lazy" decoding="async" class="wp-image-4870 alignright" src="https://agora.xtec.cat/escola-santacaterina-vinyols/wp-content/uploads/usu964/2025/09/IMG20240424174530-1024x768.jpg" alt="" width="447" height="335" srcset="https://agora.xtec.cat/escola-santacaterina-vinyols/wp-content/uploads/usu964/2025/09/IMG20240424174530-1024x768.jpg 1024w, https://agora.xtec.cat/escola-santacaterina-vinyols/wp-content/uploads/usu964/2025/09/IMG20240424174530-300x225.jpg 300w, https://agora.xtec.cat/escola-santacaterina-vinyols/wp-content/uploads/usu964/2025/09/IMG20240424174530-768x576.jpg 768w, https://agora.xtec.cat/escola-santacaterina-vinyols/wp-content/uploads/usu964/2025/09/IMG20240424174530-1536x1152.jpg 1536w, https://agora.xtec.cat/escola-santacaterina-vinyols/wp-content/uploads/usu964/2025/09/IMG20240424174530-2048x1536.jpg 2048w, https://agora.xtec.cat/escola-santacaterina-vinyols/wp-content/uploads/usu964/2025/09/IMG20240424174530-200x150.jpg 200w" sizes="auto, (max-width: 447px) 100vw, 447px" /></p>

<p>El Pla Català de l’Esport a l’Escola és un programa impulsat per la Generalitat de Catalunya, amb el suport del Consell Català de l’Esport, els ajuntaments i les escoles, que té com a objectiu principal fomentar la pràctica regular de l’activitat física i l’esport entre l’alumnat en edat escolar fora de l’horari lectiu. Objectius principals [&hellip;]</p>
