{"id":2942,"date":"2020-03-19T22:42:47","date_gmt":"2020-03-19T21:42:47","guid":{"rendered":"http:\/\/agora.xtec.cat\/escola-santacaterina-vinyols\/?page_id=2942"},"modified":"2020-03-19T22:42:47","modified_gmt":"2020-03-19T21:42:47","slug":"recomanacions-cicle-superior","status":"publish","type":"page","link":"https:\/\/agora.xtec.cat\/escola-santacaterina-vinyols\/recomanacions-cicle-superior\/","title":{"rendered":"RECOMANACIONS CICLE SUPERIOR"},"content":{"rendered":"<p><i><span style=\"font-weight: 400;\">Hola a tots i a totes! Com van aquests dies? Segur que ja teniu moltes ganes de tornar a l\u2019escola!;)\u00a0<\/span><\/i><\/p>\n<p><i><span style=\"font-weight: 400;\">Per anar repassant aquests dies i no perdre el ritme del curs us passem un seguit d\u2019activitats. Aquestes les anirem ampliant, depenent dels dies que haguem d\u2019estar a casa. S\u00f3n recomanacions, no s\u00f3n activitats obligat\u00f2ries, per\u00f2 us ajudaran a passar una bona estona.<\/span><\/i><\/p>\n<p><i><span style=\"font-weight: 400;\">Esperem tornar-vos a veure ben aviat!<\/span><\/i><\/p>\n<p><i><span style=\"font-weight: 400;\">Mestres de Cicle Superior<\/span><\/i><\/p>\n<p><span style=\"color: #0000ff;\"><span style=\"font-weight: 400;\">Us recomanem fer un <\/span><b>horari <\/b><span style=\"font-weight: 400;\">on combineu;<\/span><\/span><\/p>\n<ul>\n<li><span style=\"font-weight: 400; color: #0000ff;\">tasques escolars<\/span><\/li>\n<li><span style=\"font-weight: 400; color: #0000ff;\">lectura<\/span><\/li>\n<li><span style=\"font-weight: 400; color: #0000ff;\">feines de casa (\u00e9s un bon moment per endre\u00e7ar i ajudar en les tasques dom\u00e8stiques)<\/span><\/li>\n<li><span style=\"font-weight: 400; color: #0000ff;\">televisi\u00f3<\/span><\/li>\n<li><span style=\"font-weight: 400; color: #0000ff;\">pantalles<\/span><\/li>\n<li><span style=\"font-weight: 400; color: #0000ff;\">jocs en fam\u00edlia<\/span><\/li>\n<li><span style=\"font-weight: 400; color: #0000ff;\">activitats de moviment (limitades, ja ho sabem)<\/span><\/li>\n<\/ul>\n<p>&nbsp;<\/p>\n<p><span style=\"font-weight: 400; color: #0000ff;\">Les activitats que us vam proposar des de l&#8217;escola s\u00f3n:<\/span><\/p>\n<ul>\n<li><span style=\"color: #0000ff;\"><span style=\"font-weight: 400;\">Fer un diari de confinament a la <\/span><b>llibreta d&#8217;Escriptura personal<\/b><\/span><\/li>\n<li><span style=\"color: #0000ff;\"><b>Lectura<\/b><span style=\"font-weight: 400;\"> (vau agafar llibres de l&#8217;escola, per\u00f2 segur que per casa en teniu m\u00e9s)<\/span><\/span><\/li>\n<li><span style=\"color: #0000ff;\"><span style=\"font-weight: 400;\">Llibreta de <\/span><b>tasques<\/b><span style=\"font-weight: 400;\">. Podeu fer les que us han quedat pendents d&#8217;altres mesos.<\/span><\/span><\/li>\n<\/ul>\n<p><b>NOVES RECOMANACIONS:<\/b><\/p>\n<p><strong>ACTIVITATS D&#8217;\u00c0MBIT MATEM\u00c0TIC:<\/strong><\/p>\n<ul>\n<li style=\"font-weight: 400;\"><a href=\"https:\/\/www.cangur.org\/telecangur\/\"><span style=\"font-weight: 400;\">https:\/\/www.cangur.org\/telecangur\/<\/span><\/a><span style=\"font-weight: 400;\">\u00a0 Des de la Comissi\u00f3 el <strong>Cangur<\/strong> han creat aquesta p\u00e0gina on es van publicant problemes. Es poden avaluar en l\u00ednia.<\/span><\/li>\n<li style=\"font-weight: 400;\"><span style=\"font-weight: 400;\">Muntatge de <strong>poliedres<\/strong>. Fer fitxa de cada poliedre. En aquesta fitxa hi ha d\u2019haver el nom, el n\u00famero de cares, el nombre de v\u00e8rtexs i el n\u00famero d\u2019arestes.<\/span><\/li>\n<li style=\"font-weight: 400;\"><span style=\"font-weight: 400;\">Practicar <strong>divisions<\/strong> d\u2019una i de dos xifres. Hi ha moltes p\u00e0gines on-line. Si no teniu internet es poden fer en un paper (<\/span><a href=\"http:\/\/matematiks.weebly.com\/5-divisions.html\"><span style=\"font-weight: 400;\">http:\/\/matematiks.weebly.com\/5-divisions.html<\/span><\/a><span style=\"font-weight: 400;\">).<\/span><\/li>\n<li style=\"font-weight: 400;\"><span style=\"font-weight: 400;\">Practicar operacions <strong>decimals<\/strong>. En aquesta p\u00e0gina, <\/span><a href=\"http:\/\/matematiks.weebly.com\/\"><span style=\"font-weight: 400;\">http:\/\/matematiks.weebly.com\/<\/span><\/a><span style=\"font-weight: 400;\">, podreu repassar molts dels continguts treballats en l&#8217;\u00e0rea de matem\u00e0tiques.Si no teniu internet, podeu fer-ho en un paper o en la llibreta de tasques.<\/span><\/li>\n<li style=\"font-weight: 400;\"><span style=\"font-weight: 400;\">Practicar l\u2019\u00fas del <strong>regle<\/strong>. Medeix diferents objectes que tinguis a casa. Escriu quan medeixen, d\u2019una manera simple (12 cm) i d\u2019una manera complexa (1cm 2mm). Pots utilitzar un regle o una cinta m\u00e8trica. <\/span><a href=\"http:\/\/genmagic.net\/repositorio\/displayimage.php?pos=-352\"><span style=\"font-weight: 400;\">http:\/\/genmagic.net\/repositorio\/displayimage.php?pos=-352<\/span><\/a><\/li>\n<li><span style=\"font-weight: 400;\">Alguns d\u2019aquests objectes els pots dibuixar en un full. Si l\u2019objecte \u00e9s massa gran, pots fer-ho a <strong>escala<\/strong>. <\/span><a href=\"http:\/\/www.edu365.cat\/primaria\/socials\/escala\/index.htm\"><span style=\"font-weight: 400;\">http:\/\/www.edu365.cat\/primaria\/socials\/escala\/index.htm<\/span><\/a><\/li>\n<li style=\"font-weight: 400;\"><span style=\"font-weight: 400;\">Agafa una poma. Parteix-la per la meitat. Quines <strong>fraccions<\/strong> obtens? <\/span>Parteix cada meitat. I ara? Torna a partir cada tros per la meitat, i ara, quines fraccions has obtingut? Fes diferents fraccions equivalents. Quan acabis te la pots menjar, i ja tens un berenar saludable!<\/li>\n<\/ul>\n<p>&nbsp;<\/p>\n<p><b>ACTIVITATS EXPERIMENTACI\u00d3 I ART<\/b><\/p>\n<ul>\n<li style=\"font-weight: 400;\"><span style=\"font-weight: 400;\">Jugar amb <strong>jocs de taula<\/strong>: parx\u00eds, oca, domino, escacs, cartes, tres\/quatre en ratlla, bingo, fer trencaclosques.<\/span><\/li>\n<li style=\"font-weight: 400;\"><span style=\"font-weight: 400;\">Escoltar una can\u00e7\u00f3 i inventar una <strong>coreografia<\/strong> ben divertida.<\/span><\/li>\n<li style=\"font-weight: 400;\"><span style=\"font-weight: 400;\">Crear un <strong>instrument<\/strong> musical amb material reciclat.<\/span><\/li>\n<li style=\"font-weight: 400;\"><span style=\"font-weight: 400;\">Aprendre la <strong>lletra<\/strong> de can\u00e7ons noves.<\/span><\/li>\n<li style=\"font-weight: 400;\"><span style=\"font-weight: 400;\">Elaborar <strong>punts de llibre<\/strong> ben originals.<\/span><\/li>\n<li style=\"font-weight: 400;\"><span style=\"font-weight: 400;\">Fer figures de <b>papirofl\u00e8xia<\/b>.<\/span><\/li>\n<li style=\"font-weight: 400;\"><span style=\"font-weight: 400;\">Fer <strong>figures de sal<\/strong>. Podeu mirar la recepta aqu\u00ed:\u00a0 <\/span><a href=\"https:\/\/quarcreixentalauladinfantil.wordpress.com\/2018\/05\/02\/fem-pasta-de-sal\/\"><span style=\"font-weight: 400;\">https:\/\/quarcreixentalauladinfantil.wordpress.com\/2018\/05\/02\/fem-pasta-de-sal\/<\/span><\/a><\/li>\n<li style=\"font-weight: 400;\"><a href=\"https:\/\/www.ccma.cat\/tv3\/super3\/dinamiks\/\"><span style=\"font-weight: 400;\">https:\/\/www.ccma.cat\/tv3\/super3\/dinamiks\/<\/span><\/a><span style=\"font-weight: 400;\"> Activitats <strong>d\u2019experimentaci\u00f3<\/strong>.<\/span><\/li>\n<li style=\"font-weight: 400;\"><span style=\"font-weight: 400;\">Escolta <\/span><b>m\u00fasica <\/b><span style=\"font-weight: 400;\">a la <strong>r\u00e0dio<\/strong>. <\/span><a href=\"http:\/\/radio.garden\"><span style=\"font-weight: 400;\">http:\/\/radio.garden<\/span><\/a><span style=\"font-weight: 400;\"> En aquesta p\u00e0gina trobar\u00e0s emisores d\u2019arreu del m\u00f3n.<\/span><\/li>\n<li><span style=\"font-weight: 400;\">Escolta una <strong>can\u00e7\u00f3<\/strong> que t&#8217;agradi sol\/a en la teva habitaci\u00f3. A partir de les paraules que hagis escoltat fer un poema amb el que tu sents. Aquest ha de tenir m\u00ednim dues estrofes i 4 versos cada estrofa. Aquest passa\u2019l a net, pot ser a ordinador o en un full blanc. Posa imatges o dibuixa alguna cosa pel voltant del full.<\/span><\/li>\n<\/ul>\n<p>&nbsp;<\/p>\n<p><strong>ACTIVITATS D&#8217;\u00c0MBIT LING\u00dc\u00cdSTIC<\/strong><\/p>\n<ul>\n<li style=\"font-weight: 400;\"><span style=\"font-weight: 400;\">Escriu <strong>hist\u00f2ries<\/strong>. Mira per la finestra i escriu alguna hist\u00f2ria amb el que veus. Si vols tamb\u00e9 pots fer servir story cubs <\/span><a href=\"https:\/\/rpg.nathanhare.net\/storygen\/\"><span style=\"font-weight: 400;\">https:\/\/rpg.nathanhare.net\/storygen\/<\/span><\/a><span style=\"font-weight: 400;\">\u00a0<\/span><\/li>\n<li style=\"font-weight: 400;\"><span style=\"font-weight: 400;\">Fer mots encreuats o jocs d\u2019estrat\u00e8gia <\/span><a style=\"font-family: inherit; font-size: 1em;\" href=\"http:\/\/www.xtec.cat\/~jjareno\/problemes\/geometrics\/4_colors_e.htm\">http:\/\/www.xtec.cat\/~jjareno\/problemes\/geometrics\/4_colors_e.htm<\/a><span style=\"font-weight: 400;\">\u00a0<\/span><\/li>\n<li style=\"font-weight: 400;\"><span style=\"font-weight: 400;\">Pots crear diferents <strong>g\u00e8neres textuals<\/strong> online: un c\u00f2mic <\/span><a href=\"https:\/\/www.pixton.com\/es\/\"><span style=\"font-weight: 400;\">https:\/\/www.pixton.com\/es\/<\/span><\/a><span style=\"font-weight: 400;\">, un conte <\/span><a href=\"https:\/\/storybird.com\/\"><span style=\"font-weight: 400;\">https:\/\/storybird.com\/<\/span><\/a><span style=\"font-weight: 400;\">, preguntes <\/span><a href=\"https:\/\/kahoot.com\/schools-u\/\"><span style=\"font-weight: 400;\">https:\/\/kahoot.com\/schools-u\/<\/span><\/a><span style=\"font-weight: 400;\"> o mirar una realitat aumentada amb el quiver\u00a0 <\/span><a href=\"http:\/\/www.quivervision.com\/\"><span style=\"font-weight: 400;\">http:\/\/www.quivervision.com\/<\/span><\/a><\/li>\n<li style=\"font-weight: 400;\"><span style=\"font-weight: 400;\">\u00a0Entra al youtube i escolta <strong>audiollibres\u00a0<\/strong> <\/span><a href=\"https:\/\/www.youtube.com\/watch?v=e0YU4RV9Dcc&amp;list=PLJ7AYWIz49zrxNeqmZV1gJhSxWFdi-w9l\"><span style=\"font-weight: 400;\">https:\/\/www.youtube.com\/watch?v=e0YU4RV9Dcc&amp;list=PLJ7AYWIz49zrxNeqmZV1gJhSxWFdi-w9l<\/span><\/a><span style=\"font-weight: 400;\">\u00a0<\/span><\/li>\n<li style=\"font-weight: 400;\"><span style=\"font-weight: 400;\">Visita youtube i escolta les <strong>endevinalles<\/strong> o \u201cacertijos\u201d\u00a0 <\/span><a href=\"https:\/\/www.youtube.com\/watch?v=nsQDVCU9RlU\"><span style=\"font-weight: 400;\">https:\/\/www.youtube.com\/watch?v=nsQDVCU9RlU<\/span><\/a> <a href=\"https:\/\/www.youtube.com\/watch?v=WTC9VFL27zc&amp;t=520s\"><span style=\"font-weight: 400;\">https:\/\/www.youtube.com\/watch?v=WTC9VFL27zc&amp;t=520s<\/span><\/a><\/li>\n<\/ul>\n<p>&nbsp;<\/p>\n<p><b>ACTIVITATS D\u2019ANGL\u00c8S:<\/b><\/p>\n<ul>\n<li style=\"font-weight: 400;\"><span style=\"font-weight: 400;\">A la p\u00e0gina <\/span><a href=\"http:\/\/www.koalatext.com\/public\/index.php\/indexgrades\"><span style=\"font-weight: 400;\">http:\/\/www.koalatext.com<\/span><\/a><span style=\"font-weight: 400;\"> trobar\u00e0s tot de jocs i activitats per repassar l\u2019angl\u00e8s. Anima\u2019t a entrar-hi!<\/span><\/li>\n<li style=\"font-weight: 400;\"><a href=\"https:\/\/learnenglishkids.britishcouncil.org\/es\"><span style=\"font-weight: 400;\">https:\/\/learnenglishkids.britishcouncil.org\/es<\/span><\/a><span style=\"font-weight: 400;\"> \u00e9s una p\u00e0gina web on podeu trobar tot d\u2019activitats agrupades per destreses.<\/span><\/li>\n<li style=\"font-weight: 400;\"><span style=\"font-weight: 400;\">Escolta les can\u00e7ons que m\u00e9s t\u2019agradin en angl\u00e8s i si pots, busca\u2019n la <strong>lletra<\/strong> per cantar-les.<\/span><\/li>\n<li style=\"font-weight: 400;\"><span style=\"font-weight: 400;\">Fes un<\/span><strong><i> storyasking<\/i><\/strong><span style=\"font-weight: 400;\"> a la llibreta de tasques. Ja saps com es fa (primer fas el mind map i despr\u00e9s per escrit), com els que fem a la classe\u00a0 \ud83d\ude09 Anima\u2019t a escriure en angl\u00e8s!<\/span><\/li>\n<li style=\"font-weight: 400;\"><span style=\"font-weight: 400;\">Tria un tema que et vingui de gust i fes un <strong>mind map<\/strong> amb totes les paraules que s\u00e0pigues sobre ell. Si vols, despr\u00e9s amb l\u2019ajuda d\u2019un diccionari mira de trobar noves paraules pel grup (Per exemple, ANIMALS: dog, hippo, elephant\u2026.) a veure quants mind maps diferents pots fer i quantes paraules saps!<\/span><\/li>\n<\/ul>\n<p>&nbsp;<\/p>\n<p><b>ACTIVITATS D&#8217;EDUCACI\u00d3 F\u00cdSICA:<\/b><\/p>\n<ul>\n<li><span style=\"font-weight: 400;\">Aquests dies podem aprofitar per fer un exercici senzill com s\u00f3n els <\/span><b>despla\u00e7aments<\/b><span style=\"font-weight: 400;\">: caminar, c\u00f3rrer, despla\u00e7aments laterals, salts, girs\u2026 ens servir\u00e0 com activitat aer\u00f2bica, sempre segons les nostres possibilitats.<\/span><\/li>\n<li><span style=\"font-weight: 400;\">Tamb\u00e9 podem fer petits <\/span><b>jocs <\/b><span style=\"font-weight: 400;\">com el pica paret, stop, equilibris, tocs amb pales, tennis taula al menjador, passes amb pilotes petites amb el peu o bra\u00e7\u2026<\/span><\/li>\n<li><span style=\"font-weight: 400;\">Un altre aspecte que cal cuidar \u00e9s la <\/span><b>flexibilitat<\/b><span style=\"font-weight: 400;\">. Us deixo uns links amb exercicis d\u2019estiraments:<\/span>\n<ul>\n<li><span style=\"font-weight: 400;\">\u00a0<\/span><a href=\"http:\/\/www.xtec.cat\/~rnietom\/mod6\/esports\/condicio%20fisica\/estiraments.htm\"><span style=\"font-weight: 400;\">http:\/\/www.xtec.cat\/~rnietom\/mod6\/esports\/condicio%20fisica\/estiraments.htm<\/span><\/a><\/li>\n<li><span style=\"font-weight: 400;\">\u00a0<\/span><a href=\"https:\/\/sd.ua.es\/va\/activitats\/condicionament-fisic\/exercicis-de-flexibilitat.html\"><span style=\"font-weight: 400;\">https:\/\/sd.ua.es\/va\/activitats\/condicionament-fisic\/exercicis-de-flexibilitat.html<\/span><\/a><\/li>\n<\/ul>\n<\/li>\n<li><span style=\"font-weight: 400;\">Tamb\u00e9 us enlla\u00e7o unes sessions de <\/span><b>ioga <\/b><span style=\"font-weight: 400;\">on utilitzen el joc de cartes de l\u2019Eduioga. Aquestes cartes les utilitzarem en algunes sessions d\u2019EF quan tornem a l\u2019escola. Les cartes del joc <\/span><b>Eduioga<\/b><span style=\"font-weight: 400;\"> fomenten valors i recuperen h\u00e0bits posturals sovint oblidats. Una manera f\u00e0cil i divertida de con\u00e8ixer el ioga.<\/span>\n<ul>\n<li><span style=\"font-weight: 400;\">P\u00c0GINA OFICIAL EDUIOGA: <\/span><a style=\"font-family: inherit; font-size: 1em;\" href=\"http:\/\/www.eduioga.com\/joc-ioga.php\">http:\/\/www.eduioga.com\/joc-ioga.php.\u00a0<\/a>Trobareu els dibuixos de les cartes a l\u2019apartat superior de la p\u00e0gina.<\/li>\n<li><span style=\"font-weight: 400;\">1 SESSI\u00d3 <\/span><a href=\"https:\/\/www.youtube.com\/watch?v=Oc1bHs1P-Qs\"><span style=\"font-weight: 400;\">https:\/\/www.youtube.com\/watch?v=Oc1bHs1P-Qs<\/span><\/a><\/li>\n<li><span style=\"font-weight: 400;\">2 SESSI\u00d3\u00a0 <\/span><a href=\"https:\/\/www.youtube.com\/watch?v=vLRqXSa2KAA\"><span style=\"font-weight: 400;\">https:\/\/www.youtube.com\/watch?v=vLRqXSa2KAA<\/span><\/a><\/li>\n<li><span style=\"font-weight: 400;\">3 SESSI\u00d3\u00a0 <\/span><a href=\"https:\/\/www.youtube.com\/watch?v=nBO-5b4k9tQ&amp;feature=youtu.be\"><span style=\"font-weight: 400;\">https:\/\/www.youtube.com\/watch?v=nBO-5b4k9tQ&amp;feature=youtu.be<\/span><\/a><\/li>\n<li><span style=\"font-weight: 400;\">V\u00cdDEO D\u2019UNA ESCOLA\u00a0 <\/span><a href=\"https:\/\/www.youtube.com\/watch?v=kCtwjEjGy5c\"><span style=\"font-weight: 400;\">https:\/\/www.youtube.com\/watch?v=kCtwjEjGy5c<\/span><\/a><\/li>\n<\/ul>\n<\/li>\n<\/ul>\n<ul>\n<li><span style=\"font-weight: 400;\">Tamb\u00e9 podeu recordar els dos exercicis de <\/span><b>respiracions Chi kung<\/b><span style=\"font-weight: 400;\"> que hem treballat a l\u2019escola.<\/span><\/li>\n<li><span style=\"font-weight: 400;\">Per finalitzar, si voleu fer algun exercici de <\/span><b>for\u00e7a <\/b><span style=\"font-weight: 400;\">podeu fer esquats (sentadetes), flexions amb genolls a terra, planxes sense moviment\u2026<\/span><\/li>\n<li><span style=\"font-weight: 400;\">Estaria b\u00e9 que port\u00e9ssiu un <\/span><b>registre <\/b><span style=\"font-weight: 400;\">dels minuts diaris que feu d\u2019activitat f\u00edsica. Aix\u00ed, vosaltres mateixos podreu graduar la durada de les activitats per intentar arribar als 60 minuts diaris, sempre que sigui possible.<\/span><\/li>\n<li><b>Podeu aprofitar per fer les activitats en fam\u00edlia! \u00c0nims a tothom! No deixeu de fer activitat f\u00edsica!<\/b><\/li>\n<\/ul>\n<p>&nbsp;<\/p>\n<p><b>MINI REPTES D\u2019SCRATCH CHALLENGE<\/b><\/p>\n<p><span style=\"font-weight: 400;\">Us deixo el link dels Mini Reptes d\u2019Scratch emmarcats dins la proposta did\u00e0ctica. Ens proposen mini reptes perqu\u00e8 els alumnes puguin avan\u00e7ar i aprofundir en l\u2019aprenentatge del llenguatge. <\/span><a href=\"https:\/\/projectes.xtec.cat\/programacioirobotica\/minireptes-scratch\/\"><span style=\"font-weight: 400;\">\u00a0<\/span><span style=\"font-weight: 400;\">https:\/\/projectes.xtec.cat\/programacioirobotica\/minireptes-scratch\/<\/span><\/a><\/p>\n<p><span style=\"font-weight: 400;\">Trobarem dos nivells de reptes:<\/span><\/p>\n<ul>\n<li style=\"font-weight: 400;\"><b>Inicial <\/b><span style=\"font-weight: 400;\">que proposen seq\u00fc\u00e8ncies de passes amb les pistes corresponents i acompanyats de blocs recomanats.<\/span><\/li>\n<li style=\"font-weight: 400;\"><b>Avan\u00e7ats <\/b><span style=\"font-weight: 400;\">que exposen una descripci\u00f3 del repte sense pistes concretes, per\u00f2 amb una recomanaci\u00f3 de blocs.\u00a0<\/span><\/li>\n<\/ul>\n<p><span style=\"font-weight: 400;\">Recordeu d\u2019entrar a l\u2019Scratch amb el vostre usuari i password i quan acabeu compartiu el repte.\u00a0<\/span><\/p>\n<p>&nbsp;<\/p>\n<p><strong>ACTIVITATS MULTIDISCIPLINARS :<\/strong><\/p>\n<ul>\n<li style=\"font-weight: 400;\"><span style=\"font-weight: 400;\">Fer un <strong>trivial<\/strong>. Cada alumne ha de crear un m\u00ednim de 5 fitxes. Cada fitxa ha de tenir una pregunta de geografia, una d\u2019entreteniment (TV, personatges famosos, pel\u00b7l\u00edcules,&#8230;), una d\u2019hist\u00f2ria, una d\u2019art i literatura, una de ci\u00e8ncies i una d\u2019esports. Aquestes fitxes serviran per crear un joc quan tornem a l\u2019escola i per repassar els continguts treballats.<\/span><\/li>\n<li style=\"font-weight: 400;\"><span style=\"font-weight: 400;\">Visita la p\u00e0gina <\/span><a href=\"http:\/\/www.edu365.com\"><span style=\"font-weight: 400;\">www.edu365.com<\/span><\/a><span style=\"font-weight: 400;\"> . Aqu\u00ed trobar\u00e0s moltes activitats per fer i repassar\u00e0s continguts que hem fet al llarg del curs.<\/span><\/li>\n<li style=\"font-weight: 400;\"><span style=\"font-weight: 400;\">Visita <\/span><a href=\"http:\/\/www.ceip-diputacio.com\/portadaCM-CS.htm\"><span style=\"font-weight: 400;\">http:\/\/www.ceip-diputacio.com\/portadaCM-CS.htm<\/span><\/a><span style=\"font-weight: 400;\">. Aqu\u00ed trobar\u00e0s moltes activitats per fer\u00a0 de Medi, Catal\u00e0, Matem\u00e0tiques&#8230;<\/span><\/li>\n<li style=\"font-weight: 400;\"><span style=\"font-weight: 400;\">Mira els videos de <strong>happy learning<\/strong>\u00a0 <\/span><a href=\"https:\/\/www.youtube.com\/channel\/UCGkVdu_EVrqqxQ7OnLFK8RQ\"><span style=\"font-weight: 400;\">https:\/\/www.youtube.com\/channel\/UCGkVdu_EVrqqxQ7OnLFK8RQ<\/span><\/a><\/li>\n<li style=\"font-weight: 400;\"><span style=\"font-weight: 400;\">Visitar <strong>museus<\/strong> online <\/span><a href=\"https:\/\/viajes.nationalgeographic.com.es\/a\/visita-virtual-a-mejores-museos-mundo_13248\/5\"><span style=\"font-weight: 400;\">https:\/\/viajes.nationalgeographic.com.es\/a\/visita-virtual-a-mejores-museos-mundo_13248\/5<\/span><\/a><span style=\"font-weight: 400;\"> o <\/span><a href=\"https:\/\/sincopyright.com\/museos-virtuales\/\"><span style=\"font-weight: 400;\">https:\/\/sincopyright.com\/museos-virtuales\/<\/span><\/a><\/li>\n<li><span style=\"font-weight: 400;\">Mirar la web de Nati Bergada (50 curtmetratges per treballar els <strong>valors<\/strong>)\u00a0 <\/span><a href=\"https:\/\/natibergada.cat\/curts-per-treballar-valors\"><span style=\"font-weight: 400;\">https:\/\/natibergada.cat\/curts-per-treballar-valors<\/span><\/a><\/li>\n<\/ul>\n<p>&nbsp;<\/p>\n<p><b>COL\u00b7LABORAR EN LES TASQUES DE LA LLAR<\/b><\/p>\n<ul>\n<li style=\"font-weight: 400;\"><span style=\"font-weight: 400;\">Ajudar en la preparaci\u00f3 del menjar: pelar fruita, preparar amanides, preparar el berenar\u2026\u00a0<\/span><\/li>\n<li style=\"font-weight: 400;\"><span style=\"font-weight: 400;\">Endre\u00e7ar l&#8217;habitaci\u00f3 i fer-te el llit.\u00a0<\/span><\/li>\n<li style=\"font-weight: 400;\"><span style=\"font-weight: 400;\">Parar taula i recollir-la. Ajudar a posar i\/o treure el rentaplats.<\/span><\/li>\n<li style=\"font-weight: 400;\"><span style=\"font-weight: 400;\">Plegar i classificar la roba. Guardar-la als armaris corresponents.<\/span><\/li>\n<li style=\"font-weight: 400;\"><span style=\"font-weight: 400;\">Donar de menjar i cuidar de la mascota, si se&#8217;n t\u00e9.<\/span><\/li>\n<li style=\"font-weight: 400;\"><span style=\"font-weight: 400;\">Ajudar a tenir cura de les plantes o del jard\u00ed, si se&#8217;n t\u00e9.<\/span><\/li>\n<\/ul>\n","protected":false},"excerpt":{"rendered":"<p>Hola a tots i a totes! Com van aquests dies? Segur que ja teniu moltes ganes de tornar a l\u2019escola!;)\u00a0 Per anar repassant aquests dies i no perdre el ritme del curs us passem un seguit d\u2019activitats. Aquestes les anirem ampliant, depenent dels dies que haguem d\u2019estar a casa. S\u00f3n recomanacions, no s\u00f3n activitats obligat\u00f2ries, [&hellip;]<\/p>\n","protected":false},"author":1,"featured_media":0,"parent":0,"menu_order":0,"comment_status":"open","ping_status":"closed","template":"","meta":{"_bbp_topic_count":0,"_bbp_reply_count":0,"_bbp_total_topic_count":0,"_bbp_total_reply_count":0,"_bbp_voice_count":0,"_bbp_anonymous_reply_count":0,"_bbp_topic_count_hidden":0,"_bbp_reply_count_hidden":0,"_bbp_forum_subforum_count":0,"site-sidebar-layout":"default","site-content-layout":"","ast-site-content-layout":"","site-content-style":"default","site-sidebar-style":"default","ast-global-header-display":"","ast-banner-title-visibility":"","ast-main-header-display":"","ast-hfb-above-header-display":"","ast-hfb-below-header-display":"","ast-hfb-mobile-header-display":"","site-post-title":"","ast-breadcrumbs-content":"","ast-featured-img":"","footer-sml-layout":"","theme-transparent-header-meta":"","adv-header-id-meta":"","stick-header-meta":"","header-above-stick-meta":"","header-main-stick-meta":"","header-below-stick-meta":"","astra-migrate-meta-layouts":"default","ast-page-background-enabled":"default","ast-page-background-meta":{"desktop":{"background-color":"var(--ast-global-color-4)","background-image":"","background-repeat":"repeat","background-position":"center center","background-size":"auto","background-attachment":"scroll","background-type":"","background-media":"","overlay-type":"","overlay-color":"","overlay-opacity":"","overlay-gradient":""},"tablet":{"background-color":"","background-image":"","background-repeat":"repeat","background-position":"center center","background-size":"auto","background-attachment":"scroll","background-type":"","background-media":"","overlay-type":"","overlay-color":"","overlay-opacity":"","overlay-gradient":""},"mobile":{"background-color":"","background-image":"","background-repeat":"repeat","background-position":"center center","background-size":"auto","background-attachment":"scroll","background-type":"","background-media":"","overlay-type":"","overlay-color":"","overlay-opacity":"","overlay-gradient":""}},"ast-content-background-meta":{"desktop":{"background-color":"var(--ast-global-color-5)","background-image":"","background-repeat":"repeat","background-position":"center center","background-size":"auto","background-attachment":"scroll","background-type":"","background-media":"","overlay-type":"","overlay-color":"","overlay-opacity":"","overlay-gradient":""},"tablet":{"background-color":"var(--ast-global-color-5)","background-image":"","background-repeat":"repeat","background-position":"center center","background-size":"auto","background-attachment":"scroll","background-type":"","background-media":"","overlay-type":"","overlay-color":"","overlay-opacity":"","overlay-gradient":""},"mobile":{"background-color":"var(--ast-global-color-5)","background-image":"","background-repeat":"repeat","background-position":"center center","background-size":"auto","background-attachment":"scroll","background-type":"","background-media":"","overlay-type":"","overlay-color":"","overlay-opacity":"","overlay-gradient":""}},"footnotes":""},"class_list":["post-2942","page","type-page","status-publish","hentry"],"post_mailing_queue_ids":[],"_links":{"self":[{"href":"https:\/\/agora.xtec.cat\/escola-santacaterina-vinyols\/wp-json\/wp\/v2\/pages\/2942","targetHints":{"allow":["GET"]}}],"collection":[{"href":"https:\/\/agora.xtec.cat\/escola-santacaterina-vinyols\/wp-json\/wp\/v2\/pages"}],"about":[{"href":"https:\/\/agora.xtec.cat\/escola-santacaterina-vinyols\/wp-json\/wp\/v2\/types\/page"}],"author":[{"embeddable":true,"href":"https:\/\/agora.xtec.cat\/escola-santacaterina-vinyols\/wp-json\/wp\/v2\/users\/1"}],"replies":[{"embeddable":true,"href":"https:\/\/agora.xtec.cat\/escola-santacaterina-vinyols\/wp-json\/wp\/v2\/comments?post=2942"}],"version-history":[{"count":2,"href":"https:\/\/agora.xtec.cat\/escola-santacaterina-vinyols\/wp-json\/wp\/v2\/pages\/2942\/revisions"}],"predecessor-version":[{"id":2947,"href":"https:\/\/agora.xtec.cat\/escola-santacaterina-vinyols\/wp-json\/wp\/v2\/pages\/2942\/revisions\/2947"}],"wp:attachment":[{"href":"https:\/\/agora.xtec.cat\/escola-santacaterina-vinyols\/wp-json\/wp\/v2\/media?parent=2942"}],"curies":[{"name":"wp","href":"https:\/\/api.w.org\/{rel}","templated":true}]}}