{"id":2877,"date":"2020-02-23T14:24:14","date_gmt":"2020-02-23T13:24:14","guid":{"rendered":"http:\/\/agora.xtec.cat\/escola-santacaterina-vinyols\/?page_id=2877"},"modified":"2025-09-30T10:00:01","modified_gmt":"2025-09-30T08:00:01","slug":"cap-nen-sense-saber-nedar","status":"publish","type":"page","link":"https:\/\/agora.xtec.cat\/escola-santacaterina-vinyols\/com-treballem\/cap-nen-sense-saber-nedar\/","title":{"rendered":"Cap nen sense saber nedar"},"content":{"rendered":"<p>Des del curs 2016-2017 l\u2019escola participa en el programa \u00a0\u2018Cap nen sense saber nedar\u2019- Una part d\u2019aquest programa \u00e9s subvencionada per l\u2019Ajuntament de Vinyols i Comaigua.<\/p>\n<p>Durant un trimestre, els grups de <strong>3r, 4t i 5\u00e8<\/strong> fan 10 sessions a la <strong>piscina de\u00a0Cambrils<\/strong>:<\/p>\n<ul>\n<li>Grup de 5\u00e8: 1r trimestre<\/li>\n<li>Grup de 4t: 2n trimestre<\/li>\n<li>Grup de 3r: 3r trimestre<\/li>\n<\/ul>\n<p>Objectius i beneficis:<\/p>\n<ul>\n<li><strong>Garantir la igualtat d\u2019oportunitats<\/strong> en l\u2019acc\u00e9s a l\u2019aprenentatge de la nataci\u00f3.<\/li>\n<li><strong>Assegurar que tot l\u2019alumnat assoleixi la compet\u00e8ncia aqu\u00e0tica b\u00e0sica<\/strong>, com a part de la seva formaci\u00f3 integral.<\/li>\n<li><strong>Promoure h\u00e0bits de vida saludables<\/strong> mitjan\u00e7ant l\u2019activitat f\u00edsica.<\/li>\n<li><strong>Afavorir la seguretat a l\u2019entorn aqu\u00e0tic<\/strong>, prevenint ofegaments i accidents.<\/li>\n<li><strong>Fomentar el coneixement i respecte pel medi aqu\u00e0tic.<\/strong><\/li>\n<li><strong>Treballar valors com la const\u00e0ncia, la superaci\u00f3 i la cooperaci\u00f3<\/strong>, propis de la pr\u00e0ctica esportiva.<\/li>\n<\/ul>\n<p><img loading=\"lazy\" decoding=\"async\" class=\"wp-image-4864 alignleft\" src=\"https:\/\/agora.xtec.cat\/escola-santacaterina-vinyols\/wp-content\/uploads\/usu964\/2025\/09\/IMG_20240404_093701-1024x578.jpg\" alt=\"\" width=\"553\" height=\"312\" srcset=\"https:\/\/agora.xtec.cat\/escola-santacaterina-vinyols\/wp-content\/uploads\/usu964\/2025\/09\/IMG_20240404_093701-1024x578.jpg 1024w, https:\/\/agora.xtec.cat\/escola-santacaterina-vinyols\/wp-content\/uploads\/usu964\/2025\/09\/IMG_20240404_093701-300x169.jpg 300w, https:\/\/agora.xtec.cat\/escola-santacaterina-vinyols\/wp-content\/uploads\/usu964\/2025\/09\/IMG_20240404_093701-768x433.jpg 768w, https:\/\/agora.xtec.cat\/escola-santacaterina-vinyols\/wp-content\/uploads\/usu964\/2025\/09\/IMG_20240404_093701-1536x866.jpg 1536w, https:\/\/agora.xtec.cat\/escola-santacaterina-vinyols\/wp-content\/uploads\/usu964\/2025\/09\/IMG_20240404_093701-2048x1155.jpg 2048w\" sizes=\"auto, (max-width: 553px) 100vw, 553px\" \/> <img loading=\"lazy\" decoding=\"async\" class=\"wp-image-4865 alignright\" src=\"https:\/\/agora.xtec.cat\/escola-santacaterina-vinyols\/wp-content\/uploads\/usu964\/2025\/09\/IMG20250328094341-768x1024.jpg\" alt=\"\" width=\"327\" height=\"436\" srcset=\"https:\/\/agora.xtec.cat\/escola-santacaterina-vinyols\/wp-content\/uploads\/usu964\/2025\/09\/IMG20250328094341-768x1024.jpg 768w, https:\/\/agora.xtec.cat\/escola-santacaterina-vinyols\/wp-content\/uploads\/usu964\/2025\/09\/IMG20250328094341-225x300.jpg 225w, https:\/\/agora.xtec.cat\/escola-santacaterina-vinyols\/wp-content\/uploads\/usu964\/2025\/09\/IMG20250328094341-1152x1536.jpg 1152w, https:\/\/agora.xtec.cat\/escola-santacaterina-vinyols\/wp-content\/uploads\/usu964\/2025\/09\/IMG20250328094341-1536x2048.jpg 1536w, https:\/\/agora.xtec.cat\/escola-santacaterina-vinyols\/wp-content\/uploads\/usu964\/2025\/09\/IMG20250328094341-scaled.jpg 1920w\" sizes=\"auto, (max-width: 327px) 100vw, 327px\" \/><\/p>\n<p>&nbsp;<\/p>\n","protected":false},"excerpt":{"rendered":"<p>Des del curs 2016-2017 l\u2019escola participa en el programa \u00a0\u2018Cap nen sense saber nedar\u2019- Una part d\u2019aquest programa \u00e9s subvencionada per l\u2019Ajuntament de Vinyols i Comaigua. Durant un trimestre, els grups de 3r, 4t i 5\u00e8 fan 10 sessions a la piscina de\u00a0Cambrils: Grup de 5\u00e8: 1r trimestre Grup de 4t: 2n trimestre Grup de [&hellip;]<\/p>\n","protected":false},"author":1,"featured_media":0,"parent":2680,"menu_order":4,"comment_status":"closed","ping_status":"closed","template":"","meta":{"_bbp_topic_count":0,"_bbp_reply_count":0,"_bbp_total_topic_count":0,"_bbp_total_reply_count":0,"_bbp_voice_count":0,"_bbp_anonymous_reply_count":0,"_bbp_topic_count_hidden":0,"_bbp_reply_count_hidden":0,"_bbp_forum_subforum_count":0,"site-sidebar-layout":"default","site-content-layout":"","ast-site-content-layout":"","site-content-style":"default","site-sidebar-style":"default","ast-global-header-display":"","ast-banner-title-visibility":"","ast-main-header-display":"","ast-hfb-above-header-display":"","ast-hfb-below-header-display":"","ast-hfb-mobile-header-display":"","site-post-title":"","ast-breadcrumbs-content":"","ast-featured-img":"","footer-sml-layout":"","theme-transparent-header-meta":"","adv-header-id-meta":"","stick-header-meta":"","header-above-stick-meta":"","header-main-stick-meta":"","header-below-stick-meta":"","astra-migrate-meta-layouts":"default","ast-page-background-enabled":"default","ast-page-background-meta":{"desktop":{"background-color":"var(--ast-global-color-4)","background-image":"","background-repeat":"repeat","background-position":"center center","background-size":"auto","background-attachment":"scroll","background-type":"","background-media":"","overlay-type":"","overlay-color":"","overlay-opacity":"","overlay-gradient":""},"tablet":{"background-color":"","background-image":"","background-repeat":"repeat","background-position":"center center","background-size":"auto","background-attachment":"scroll","background-type":"","background-media":"","overlay-type":"","overlay-color":"","overlay-opacity":"","overlay-gradient":""},"mobile":{"background-color":"","background-image":"","background-repeat":"repeat","background-position":"center center","background-size":"auto","background-attachment":"scroll","background-type":"","background-media":"","overlay-type":"","overlay-color":"","overlay-opacity":"","overlay-gradient":""}},"ast-content-background-meta":{"desktop":{"background-color":"var(--ast-global-color-5)","background-image":"","background-repeat":"repeat","background-position":"center center","background-size":"auto","background-attachment":"scroll","background-type":"","background-media":"","overlay-type":"","overlay-color":"","overlay-opacity":"","overlay-gradient":""},"tablet":{"background-color":"var(--ast-global-color-5)","background-image":"","background-repeat":"repeat","background-position":"center center","background-size":"auto","background-attachment":"scroll","background-type":"","background-media":"","overlay-type":"","overlay-color":"","overlay-opacity":"","overlay-gradient":""},"mobile":{"background-color":"var(--ast-global-color-5)","background-image":"","background-repeat":"repeat","background-position":"center center","background-size":"auto","background-attachment":"scroll","background-type":"","background-media":"","overlay-type":"","overlay-color":"","overlay-opacity":"","overlay-gradient":""}},"footnotes":""},"class_list":["post-2877","page","type-page","status-publish","hentry"],"post_mailing_queue_ids":[],"_links":{"self":[{"href":"https:\/\/agora.xtec.cat\/escola-santacaterina-vinyols\/wp-json\/wp\/v2\/pages\/2877","targetHints":{"allow":["GET"]}}],"collection":[{"href":"https:\/\/agora.xtec.cat\/escola-santacaterina-vinyols\/wp-json\/wp\/v2\/pages"}],"about":[{"href":"https:\/\/agora.xtec.cat\/escola-santacaterina-vinyols\/wp-json\/wp\/v2\/types\/page"}],"author":[{"embeddable":true,"href":"https:\/\/agora.xtec.cat\/escola-santacaterina-vinyols\/wp-json\/wp\/v2\/users\/1"}],"replies":[{"embeddable":true,"href":"https:\/\/agora.xtec.cat\/escola-santacaterina-vinyols\/wp-json\/wp\/v2\/comments?post=2877"}],"version-history":[{"count":4,"href":"https:\/\/agora.xtec.cat\/escola-santacaterina-vinyols\/wp-json\/wp\/v2\/pages\/2877\/revisions"}],"predecessor-version":[{"id":4866,"href":"https:\/\/agora.xtec.cat\/escola-santacaterina-vinyols\/wp-json\/wp\/v2\/pages\/2877\/revisions\/4866"}],"up":[{"embeddable":true,"href":"https:\/\/agora.xtec.cat\/escola-santacaterina-vinyols\/wp-json\/wp\/v2\/pages\/2680"}],"wp:attachment":[{"href":"https:\/\/agora.xtec.cat\/escola-santacaterina-vinyols\/wp-json\/wp\/v2\/media?parent=2877"}],"curies":[{"name":"wp","href":"https:\/\/api.w.org\/{rel}","templated":true}]}}

<p>Des del curs 2016-2017 l’escola participa en el programa  ‘Cap nen sense saber nedar’- Una part d’aquest programa és subvencionada per l’Ajuntament de Vinyols i Comaigua.</p>
<p>Durant un trimestre, els grups de <strong>3r, 4t i 5è</strong> fan 10 sessions a la <strong>piscina de Cambrils</strong>:</p>
<ul>
<li>Grup de 5è: 1r trimestre</li>
<li>Grup de 4t: 2n trimestre</li>
<li>Grup de 3r: 3r trimestre</li>
</ul>
<p>Objectius i beneficis:</p>
<ul>
<li><strong>Garantir la igualtat d’oportunitats</strong> en l’accés a l’aprenentatge de la natació.</li>
<li><strong>Assegurar que tot l’alumnat assoleixi la competència aquàtica bàsica</strong>, com a part de la seva formació integral.</li>
<li><strong>Promoure hàbits de vida saludables</strong> mitjançant l’activitat física.</li>
<li><strong>Afavorir la seguretat a l’entorn aquàtic</strong>, prevenint ofegaments i accidents.</li>
<li><strong>Fomentar el coneixement i respecte pel medi aquàtic.</strong></li>
<li><strong>Treballar valors com la constància, la superació i la cooperació</strong>, propis de la pràctica esportiva.</li>
</ul>
<p><img loading="lazy" decoding="async" class="wp-image-4864 alignleft" src="https://agora.xtec.cat/escola-santacaterina-vinyols/wp-content/uploads/usu964/2025/09/IMG_20240404_093701-1024x578.jpg" alt="" width="553" height="312" srcset="https://agora.xtec.cat/escola-santacaterina-vinyols/wp-content/uploads/usu964/2025/09/IMG_20240404_093701-1024x578.jpg 1024w, https://agora.xtec.cat/escola-santacaterina-vinyols/wp-content/uploads/usu964/2025/09/IMG_20240404_093701-300x169.jpg 300w, https://agora.xtec.cat/escola-santacaterina-vinyols/wp-content/uploads/usu964/2025/09/IMG_20240404_093701-768x433.jpg 768w, https://agora.xtec.cat/escola-santacaterina-vinyols/wp-content/uploads/usu964/2025/09/IMG_20240404_093701-1536x866.jpg 1536w, https://agora.xtec.cat/escola-santacaterina-vinyols/wp-content/uploads/usu964/2025/09/IMG_20240404_093701-2048x1155.jpg 2048w" sizes="auto, (max-width: 553px) 100vw, 553px" /> <img loading="lazy" decoding="async" class="wp-image-4865 alignright" src="https://agora.xtec.cat/escola-santacaterina-vinyols/wp-content/uploads/usu964/2025/09/IMG20250328094341-768x1024.jpg" alt="" width="327" height="436" srcset="https://agora.xtec.cat/escola-santacaterina-vinyols/wp-content/uploads/usu964/2025/09/IMG20250328094341-768x1024.jpg 768w, https://agora.xtec.cat/escola-santacaterina-vinyols/wp-content/uploads/usu964/2025/09/IMG20250328094341-225x300.jpg 225w, https://agora.xtec.cat/escola-santacaterina-vinyols/wp-content/uploads/usu964/2025/09/IMG20250328094341-1152x1536.jpg 1152w, https://agora.xtec.cat/escola-santacaterina-vinyols/wp-content/uploads/usu964/2025/09/IMG20250328094341-1536x2048.jpg 1536w, https://agora.xtec.cat/escola-santacaterina-vinyols/wp-content/uploads/usu964/2025/09/IMG20250328094341-scaled.jpg 1920w" sizes="auto, (max-width: 327px) 100vw, 327px" /></p>
<p>&nbsp;</p>

<p>Des del curs 2016-2017 l’escola participa en el programa  ‘Cap nen sense saber nedar’- Una part d’aquest programa és subvencionada per l’Ajuntament de Vinyols i Comaigua. Durant un trimestre, els grups de 3r, 4t i 5è fan 10 sessions a la piscina de Cambrils: Grup de 5è: 1r trimestre Grup de 4t: 2n trimestre Grup de [&hellip;]</p>
