{"id":2867,"date":"2020-02-23T13:47:52","date_gmt":"2020-02-23T12:47:52","guid":{"rendered":"http:\/\/agora.xtec.cat\/escola-santacaterina-vinyols\/?page_id=2867"},"modified":"2025-09-29T12:41:36","modified_gmt":"2025-09-29T10:41:36","slug":"lectura-diaria","status":"publish","type":"page","link":"https:\/\/agora.xtec.cat\/escola-santacaterina-vinyols\/com-treballem\/lectura-diaria\/","title":{"rendered":"Lectura di\u00e0ria"},"content":{"rendered":"<p>La implementaci\u00f3 de <strong>30 minuts diaris de lectura<\/strong> t\u00e9 com a objectiu principal <strong>fomentar el plaer de llegir<\/strong>. Quan l\u2019alumnat gaudeix de la lectura, tendeix a practicar-la amb m\u00e9s freq\u00fc\u00e8ncia i, progressivament, consolida l\u2019h\u00e0bit lector. Aquest h\u00e0bit contribueix significativament a la millora de diversos \u00e0mbits:<\/p>\n<ul>\n<li>La comprensi\u00f3 i la compet\u00e8ncia lectora<\/li>\n<li>L\u2019expressi\u00f3 escrita i l\u2019enriquiment del vocabulari<\/li>\n<li>El rendiment acad\u00e8mic global<\/li>\n<li>L\u2019ampliaci\u00f3 dels coneixements generals<\/li>\n<li>La comprensi\u00f3 i el respecte envers altres cultures<\/li>\n<li>El desenvolupament de l\u2019empatia<\/li>\n<li>La comprensi\u00f3 de la naturalesa humana<\/li>\n<li>La capacitat de reflexi\u00f3 i presa de decisions<\/li>\n<li>La creativitat<\/li>\n<\/ul>\n<p><img loading=\"lazy\" decoding=\"async\" class=\"aligncenter wp-image-4852\" src=\"https:\/\/agora.xtec.cat\/escola-santacaterina-vinyols\/wp-content\/uploads\/usu964\/2025\/09\/IMG_6602-1024x768.jpg\" alt=\"\" width=\"422\" height=\"316\" srcset=\"https:\/\/agora.xtec.cat\/escola-santacaterina-vinyols\/wp-content\/uploads\/usu964\/2025\/09\/IMG_6602-1024x768.jpg 1024w, https:\/\/agora.xtec.cat\/escola-santacaterina-vinyols\/wp-content\/uploads\/usu964\/2025\/09\/IMG_6602-300x225.jpg 300w, https:\/\/agora.xtec.cat\/escola-santacaterina-vinyols\/wp-content\/uploads\/usu964\/2025\/09\/IMG_6602-768x576.jpg 768w, https:\/\/agora.xtec.cat\/escola-santacaterina-vinyols\/wp-content\/uploads\/usu964\/2025\/09\/IMG_6602-1536x1152.jpg 1536w, https:\/\/agora.xtec.cat\/escola-santacaterina-vinyols\/wp-content\/uploads\/usu964\/2025\/09\/IMG_6602-2048x1536.jpg 2048w, https:\/\/agora.xtec.cat\/escola-santacaterina-vinyols\/wp-content\/uploads\/usu964\/2025\/09\/IMG_6602-200x150.jpg 200w\" sizes=\"auto, (max-width: 422px) 100vw, 422px\" \/><\/p>\n<p>Per tal que els infants desenvolupin realment l\u2019h\u00e0bit lector, cal que les estones de lectura tinguin un valor emocional i social positiu. Aix\u00f2 \u00e9s m\u00e9s probable quan:<\/p>\n<ul>\n<li>L\u2019experi\u00e8ncia de lectura \u00e9s agradable i es recorda amb emoci\u00f3 i satisfacci\u00f3.<\/li>\n<li>Es comparteix el moment lector amb persones significatives (pares, mares, mestres, germans grans, companys o amics).<\/li>\n<li>Es dona l\u2019oportunitat de parlar sobre el que s\u2019ha llegit: qu\u00e8 els ha agradat o no, qu\u00e8 han sentit, si els ha fet patir, pensar o riure, qu\u00e8 han apr\u00e8s&#8230;<\/li>\n<\/ul>\n<p>Fomentar aquests espais de lectura significativa i compartida \u00e9s clau per formar lectors competents, cr\u00edtics i motivats.<\/p>\n<p>Cada curs, dins aquesta franja di\u00e0ria de lectura, es realitzen aquestes activitats que es poden agrupar en tres grans blocs:<\/p>\n<ol>\n<li><strong> Temps per llegir<\/strong><\/li>\n<\/ol>\n<ul>\n<li><strong>Lectura en veu alta del mestre<\/strong>, que modela la pros\u00f2dia, el ritme i la interpretaci\u00f3 lectora.<\/li>\n<li><strong>Lectura preparada en veu alta per part dels alumnes<\/strong>, que ajuda a treballar la flu\u00efdesa, l\u2019expressi\u00f3 i la confian\u00e7a.<\/li>\n<li><strong>Padrins de lectura<\/strong>: activitat cooperativa entre alumnes d\u2019I5 i 6\u00e8, on els grans acompanyen els m\u00e9s petits en el descobriment de la lectura.<\/li>\n<li><strong>Lectura aut\u00f2noma<\/strong>, adaptada als interessos i al nivell lector de cada alumne, per afavorir l\u2019autonomia i el plaer lector.<\/li>\n<\/ul>\n<p><img loading=\"lazy\" decoding=\"async\" class=\"aligncenter wp-image-4853\" src=\"https:\/\/agora.xtec.cat\/escola-santacaterina-vinyols\/wp-content\/uploads\/usu964\/2025\/09\/Padrines-i-padrins-19-11_81-1024x768.jpg\" alt=\"\" width=\"438\" height=\"328\" srcset=\"https:\/\/agora.xtec.cat\/escola-santacaterina-vinyols\/wp-content\/uploads\/usu964\/2025\/09\/Padrines-i-padrins-19-11_81-1024x768.jpg 1024w, https:\/\/agora.xtec.cat\/escola-santacaterina-vinyols\/wp-content\/uploads\/usu964\/2025\/09\/Padrines-i-padrins-19-11_81-300x225.jpg 300w, https:\/\/agora.xtec.cat\/escola-santacaterina-vinyols\/wp-content\/uploads\/usu964\/2025\/09\/Padrines-i-padrins-19-11_81-768x576.jpg 768w, https:\/\/agora.xtec.cat\/escola-santacaterina-vinyols\/wp-content\/uploads\/usu964\/2025\/09\/Padrines-i-padrins-19-11_81-1536x1152.jpg 1536w, https:\/\/agora.xtec.cat\/escola-santacaterina-vinyols\/wp-content\/uploads\/usu964\/2025\/09\/Padrines-i-padrins-19-11_81-2048x1536.jpg 2048w, https:\/\/agora.xtec.cat\/escola-santacaterina-vinyols\/wp-content\/uploads\/usu964\/2025\/09\/Padrines-i-padrins-19-11_81-200x150.jpg 200w\" sizes=\"auto, (max-width: 438px) 100vw, 438px\" \/><\/p>\n<ol start=\"2\">\n<li><strong> Temps per parlar de la lectura<\/strong><\/li>\n<\/ol>\n<ul>\n<li><strong>Presentacions i recomanacions de llibres<\/strong> entre iguals, fomentant la capacitat argumentativa i el gust compartit per la lectura.<\/li>\n<li><strong>Tert\u00falies liter\u00e0ries<\/strong>: aquests espais permeten aprofundir en la comprensi\u00f3 lectora, compartir punts de vista i desenvolupar l\u2019empatia i el pensament cr\u00edtic.<\/li>\n<\/ul>\n<p><img loading=\"lazy\" decoding=\"async\" class=\"aligncenter wp-image-4854\" src=\"https:\/\/agora.xtec.cat\/escola-santacaterina-vinyols\/wp-content\/uploads\/usu964\/2025\/09\/IMG_7852-1024x768.jpg\" alt=\"\" width=\"394\" height=\"296\" srcset=\"https:\/\/agora.xtec.cat\/escola-santacaterina-vinyols\/wp-content\/uploads\/usu964\/2025\/09\/IMG_7852-1024x768.jpg 1024w, https:\/\/agora.xtec.cat\/escola-santacaterina-vinyols\/wp-content\/uploads\/usu964\/2025\/09\/IMG_7852-300x225.jpg 300w, https:\/\/agora.xtec.cat\/escola-santacaterina-vinyols\/wp-content\/uploads\/usu964\/2025\/09\/IMG_7852-768x576.jpg 768w, https:\/\/agora.xtec.cat\/escola-santacaterina-vinyols\/wp-content\/uploads\/usu964\/2025\/09\/IMG_7852-1536x1152.jpg 1536w, https:\/\/agora.xtec.cat\/escola-santacaterina-vinyols\/wp-content\/uploads\/usu964\/2025\/09\/IMG_7852-2048x1536.jpg 2048w, https:\/\/agora.xtec.cat\/escola-santacaterina-vinyols\/wp-content\/uploads\/usu964\/2025\/09\/IMG_7852-200x150.jpg 200w\" sizes=\"auto, (max-width: 394px) 100vw, 394px\" \/><\/p>\n<ol start=\"3\">\n<li><strong> Activitats de formaci\u00f3 d\u2019usuaris a la biblioteca escolar<\/strong><\/li>\n<\/ol>\n<p>Sessions orientades a con\u00e8ixer el funcionament de la biblioteca, localitzar recursos i fomentar la responsabilitat en l\u2019\u00fas dels materials.<\/p>\n<p><img loading=\"lazy\" decoding=\"async\" class=\"aligncenter wp-image-4855\" src=\"https:\/\/agora.xtec.cat\/escola-santacaterina-vinyols\/wp-content\/uploads\/usu964\/2025\/09\/IMG_78452-1024x768.jpg\" alt=\"\" width=\"424\" height=\"318\" srcset=\"https:\/\/agora.xtec.cat\/escola-santacaterina-vinyols\/wp-content\/uploads\/usu964\/2025\/09\/IMG_78452-1024x768.jpg 1024w, https:\/\/agora.xtec.cat\/escola-santacaterina-vinyols\/wp-content\/uploads\/usu964\/2025\/09\/IMG_78452-300x225.jpg 300w, https:\/\/agora.xtec.cat\/escola-santacaterina-vinyols\/wp-content\/uploads\/usu964\/2025\/09\/IMG_78452-768x576.jpg 768w, https:\/\/agora.xtec.cat\/escola-santacaterina-vinyols\/wp-content\/uploads\/usu964\/2025\/09\/IMG_78452-1536x1152.jpg 1536w, https:\/\/agora.xtec.cat\/escola-santacaterina-vinyols\/wp-content\/uploads\/usu964\/2025\/09\/IMG_78452-2048x1536.jpg 2048w, https:\/\/agora.xtec.cat\/escola-santacaterina-vinyols\/wp-content\/uploads\/usu964\/2025\/09\/IMG_78452-200x150.jpg 200w\" sizes=\"auto, (max-width: 424px) 100vw, 424px\" \/><\/p>\n<p><strong>Participaci\u00f3 al Certamen de lectura en veu alta<\/strong><\/p>\n<p>L\u2019escola participa anualment al <strong>Certamen de lectura en veu alta<\/strong>, organitzat per Enciclop\u00e8dia Catalana. Com a pas previ, es duu a terme un concurs intern de lectura dins del centre, on s\u2019escullen els representants de <strong>cicle mitj\u00e0<\/strong> i <strong>cicle superior<\/strong>. Aquests alumnes participen a la <strong>fase comarcal<\/strong>, que t\u00e9 lloc al Centre de Lectura de Reus.<\/p>\n<p><img loading=\"lazy\" decoding=\"async\" class=\"aligncenter wp-image-4856\" src=\"https:\/\/agora.xtec.cat\/escola-santacaterina-vinyols\/wp-content\/uploads\/usu964\/2025\/09\/dd2a7f97-bd9c-42dd-af06-c47a46c00222-768x1024.jpg\" alt=\"\" width=\"325\" height=\"434\" srcset=\"https:\/\/agora.xtec.cat\/escola-santacaterina-vinyols\/wp-content\/uploads\/usu964\/2025\/09\/dd2a7f97-bd9c-42dd-af06-c47a46c00222-768x1024.jpg 768w, https:\/\/agora.xtec.cat\/escola-santacaterina-vinyols\/wp-content\/uploads\/usu964\/2025\/09\/dd2a7f97-bd9c-42dd-af06-c47a46c00222-225x300.jpg 225w, https:\/\/agora.xtec.cat\/escola-santacaterina-vinyols\/wp-content\/uploads\/usu964\/2025\/09\/dd2a7f97-bd9c-42dd-af06-c47a46c00222-1152x1536.jpg 1152w, https:\/\/agora.xtec.cat\/escola-santacaterina-vinyols\/wp-content\/uploads\/usu964\/2025\/09\/dd2a7f97-bd9c-42dd-af06-c47a46c00222.jpg 1536w\" sizes=\"auto, (max-width: 325px) 100vw, 325px\" \/><\/p>\n","protected":false},"excerpt":{"rendered":"<p>La implementaci\u00f3 de 30 minuts diaris de lectura t\u00e9 com a objectiu principal fomentar el plaer de llegir. Quan l\u2019alumnat gaudeix de la lectura, tendeix a practicar-la amb m\u00e9s freq\u00fc\u00e8ncia i, progressivament, consolida l\u2019h\u00e0bit lector. Aquest h\u00e0bit contribueix significativament a la millora de diversos \u00e0mbits: La comprensi\u00f3 i la compet\u00e8ncia lectora L\u2019expressi\u00f3 escrita i l\u2019enriquiment [&hellip;]<\/p>\n","protected":false},"author":1,"featured_media":0,"parent":2680,"menu_order":3,"comment_status":"closed","ping_status":"closed","template":"","meta":{"_bbp_topic_count":0,"_bbp_reply_count":0,"_bbp_total_topic_count":0,"_bbp_total_reply_count":0,"_bbp_voice_count":0,"_bbp_anonymous_reply_count":0,"_bbp_topic_count_hidden":0,"_bbp_reply_count_hidden":0,"_bbp_forum_subforum_count":0,"site-sidebar-layout":"default","site-content-layout":"","ast-site-content-layout":"","site-content-style":"default","site-sidebar-style":"default","ast-global-header-display":"","ast-banner-title-visibility":"","ast-main-header-display":"","ast-hfb-above-header-display":"","ast-hfb-below-header-display":"","ast-hfb-mobile-header-display":"","site-post-title":"","ast-breadcrumbs-content":"","ast-featured-img":"","footer-sml-layout":"","theme-transparent-header-meta":"","adv-header-id-meta":"","stick-header-meta":"","header-above-stick-meta":"","header-main-stick-meta":"","header-below-stick-meta":"","astra-migrate-meta-layouts":"default","ast-page-background-enabled":"default","ast-page-background-meta":{"desktop":{"background-color":"var(--ast-global-color-4)","background-image":"","background-repeat":"repeat","background-position":"center center","background-size":"auto","background-attachment":"scroll","background-type":"","background-media":"","overlay-type":"","overlay-color":"","overlay-opacity":"","overlay-gradient":""},"tablet":{"background-color":"","background-image":"","background-repeat":"repeat","background-position":"center center","background-size":"auto","background-attachment":"scroll","background-type":"","background-media":"","overlay-type":"","overlay-color":"","overlay-opacity":"","overlay-gradient":""},"mobile":{"background-color":"","background-image":"","background-repeat":"repeat","background-position":"center center","background-size":"auto","background-attachment":"scroll","background-type":"","background-media":"","overlay-type":"","overlay-color":"","overlay-opacity":"","overlay-gradient":""}},"ast-content-background-meta":{"desktop":{"background-color":"var(--ast-global-color-5)","background-image":"","background-repeat":"repeat","background-position":"center center","background-size":"auto","background-attachment":"scroll","background-type":"","background-media":"","overlay-type":"","overlay-color":"","overlay-opacity":"","overlay-gradient":""},"tablet":{"background-color":"var(--ast-global-color-5)","background-image":"","background-repeat":"repeat","background-position":"center center","background-size":"auto","background-attachment":"scroll","background-type":"","background-media":"","overlay-type":"","overlay-color":"","overlay-opacity":"","overlay-gradient":""},"mobile":{"background-color":"var(--ast-global-color-5)","background-image":"","background-repeat":"repeat","background-position":"center center","background-size":"auto","background-attachment":"scroll","background-type":"","background-media":"","overlay-type":"","overlay-color":"","overlay-opacity":"","overlay-gradient":""}},"footnotes":""},"class_list":["post-2867","page","type-page","status-publish","hentry"],"post_mailing_queue_ids":[],"_links":{"self":[{"href":"https:\/\/agora.xtec.cat\/escola-santacaterina-vinyols\/wp-json\/wp\/v2\/pages\/2867","targetHints":{"allow":["GET"]}}],"collection":[{"href":"https:\/\/agora.xtec.cat\/escola-santacaterina-vinyols\/wp-json\/wp\/v2\/pages"}],"about":[{"href":"https:\/\/agora.xtec.cat\/escola-santacaterina-vinyols\/wp-json\/wp\/v2\/types\/page"}],"author":[{"embeddable":true,"href":"https:\/\/agora.xtec.cat\/escola-santacaterina-vinyols\/wp-json\/wp\/v2\/users\/1"}],"replies":[{"embeddable":true,"href":"https:\/\/agora.xtec.cat\/escola-santacaterina-vinyols\/wp-json\/wp\/v2\/comments?post=2867"}],"version-history":[{"count":5,"href":"https:\/\/agora.xtec.cat\/escola-santacaterina-vinyols\/wp-json\/wp\/v2\/pages\/2867\/revisions"}],"predecessor-version":[{"id":4857,"href":"https:\/\/agora.xtec.cat\/escola-santacaterina-vinyols\/wp-json\/wp\/v2\/pages\/2867\/revisions\/4857"}],"up":[{"embeddable":true,"href":"https:\/\/agora.xtec.cat\/escola-santacaterina-vinyols\/wp-json\/wp\/v2\/pages\/2680"}],"wp:attachment":[{"href":"https:\/\/agora.xtec.cat\/escola-santacaterina-vinyols\/wp-json\/wp\/v2\/media?parent=2867"}],"curies":[{"name":"wp","href":"https:\/\/api.w.org\/{rel}","templated":true}]}}

Lectura diària

<p>La implementació de <strong>30 minuts diaris de lectura</strong> té com a objectiu principal <strong>fomentar el plaer de llegir</strong>. Quan l’alumnat gaudeix de la lectura, tendeix a practicar-la amb més freqüència i, progressivament, consolida l’hàbit lector. Aquest hàbit contribueix significativament a la millora de diversos àmbits:</p>
<ul>
<li>La comprensió i la competència lectora</li>
<li>L’expressió escrita i l’enriquiment del vocabulari</li>
<li>El rendiment acadèmic global</li>
<li>L’ampliació dels coneixements generals</li>
<li>La comprensió i el respecte envers altres cultures</li>
<li>El desenvolupament de l’empatia</li>
<li>La comprensió de la naturalesa humana</li>
<li>La capacitat de reflexió i presa de decisions</li>
<li>La creativitat</li>
</ul>
<p><img loading="lazy" decoding="async" class="aligncenter wp-image-4852" src="https://agora.xtec.cat/escola-santacaterina-vinyols/wp-content/uploads/usu964/2025/09/IMG_6602-1024x768.jpg" alt="" width="422" height="316" srcset="https://agora.xtec.cat/escola-santacaterina-vinyols/wp-content/uploads/usu964/2025/09/IMG_6602-1024x768.jpg 1024w, https://agora.xtec.cat/escola-santacaterina-vinyols/wp-content/uploads/usu964/2025/09/IMG_6602-300x225.jpg 300w, https://agora.xtec.cat/escola-santacaterina-vinyols/wp-content/uploads/usu964/2025/09/IMG_6602-768x576.jpg 768w, https://agora.xtec.cat/escola-santacaterina-vinyols/wp-content/uploads/usu964/2025/09/IMG_6602-1536x1152.jpg 1536w, https://agora.xtec.cat/escola-santacaterina-vinyols/wp-content/uploads/usu964/2025/09/IMG_6602-2048x1536.jpg 2048w, https://agora.xtec.cat/escola-santacaterina-vinyols/wp-content/uploads/usu964/2025/09/IMG_6602-200x150.jpg 200w" sizes="auto, (max-width: 422px) 100vw, 422px" /></p>
<p>Per tal que els infants desenvolupin realment l’hàbit lector, cal que les estones de lectura tinguin un valor emocional i social positiu. Això és més probable quan:</p>
<ul>
<li>L’experiència de lectura és agradable i es recorda amb emoció i satisfacció.</li>
<li>Es comparteix el moment lector amb persones significatives (pares, mares, mestres, germans grans, companys o amics).</li>
<li>Es dona l’oportunitat de parlar sobre el que s’ha llegit: què els ha agradat o no, què han sentit, si els ha fet patir, pensar o riure, què han après&#8230;</li>
</ul>
<p>Fomentar aquests espais de lectura significativa i compartida és clau per formar lectors competents, crítics i motivats.</p>
<p>Cada curs, dins aquesta franja diària de lectura, es realitzen aquestes activitats que es poden agrupar en tres grans blocs:</p>
<ol>
<li><strong> Temps per llegir</strong></li>
</ol>
<ul>
<li><strong>Lectura en veu alta del mestre</strong>, que modela la prosòdia, el ritme i la interpretació lectora.</li>
<li><strong>Lectura preparada en veu alta per part dels alumnes</strong>, que ajuda a treballar la fluïdesa, l’expressió i la confiança.</li>
<li><strong>Padrins de lectura</strong>: activitat cooperativa entre alumnes d’I5 i 6è, on els grans acompanyen els més petits en el descobriment de la lectura.</li>
<li><strong>Lectura autònoma</strong>, adaptada als interessos i al nivell lector de cada alumne, per afavorir l’autonomia i el plaer lector.</li>
</ul>
<p><img loading="lazy" decoding="async" class="aligncenter wp-image-4853" src="https://agora.xtec.cat/escola-santacaterina-vinyols/wp-content/uploads/usu964/2025/09/Padrines-i-padrins-19-11_81-1024x768.jpg" alt="" width="438" height="328" srcset="https://agora.xtec.cat/escola-santacaterina-vinyols/wp-content/uploads/usu964/2025/09/Padrines-i-padrins-19-11_81-1024x768.jpg 1024w, https://agora.xtec.cat/escola-santacaterina-vinyols/wp-content/uploads/usu964/2025/09/Padrines-i-padrins-19-11_81-300x225.jpg 300w, https://agora.xtec.cat/escola-santacaterina-vinyols/wp-content/uploads/usu964/2025/09/Padrines-i-padrins-19-11_81-768x576.jpg 768w, https://agora.xtec.cat/escola-santacaterina-vinyols/wp-content/uploads/usu964/2025/09/Padrines-i-padrins-19-11_81-1536x1152.jpg 1536w, https://agora.xtec.cat/escola-santacaterina-vinyols/wp-content/uploads/usu964/2025/09/Padrines-i-padrins-19-11_81-2048x1536.jpg 2048w, https://agora.xtec.cat/escola-santacaterina-vinyols/wp-content/uploads/usu964/2025/09/Padrines-i-padrins-19-11_81-200x150.jpg 200w" sizes="auto, (max-width: 438px) 100vw, 438px" /></p>
<ol start="2">
<li><strong> Temps per parlar de la lectura</strong></li>
</ol>
<ul>
<li><strong>Presentacions i recomanacions de llibres</strong> entre iguals, fomentant la capacitat argumentativa i el gust compartit per la lectura.</li>
<li><strong>Tertúlies literàries</strong>: aquests espais permeten aprofundir en la comprensió lectora, compartir punts de vista i desenvolupar l’empatia i el pensament crític.</li>
</ul>
<p><img loading="lazy" decoding="async" class="aligncenter wp-image-4854" src="https://agora.xtec.cat/escola-santacaterina-vinyols/wp-content/uploads/usu964/2025/09/IMG_7852-1024x768.jpg" alt="" width="394" height="296" srcset="https://agora.xtec.cat/escola-santacaterina-vinyols/wp-content/uploads/usu964/2025/09/IMG_7852-1024x768.jpg 1024w, https://agora.xtec.cat/escola-santacaterina-vinyols/wp-content/uploads/usu964/2025/09/IMG_7852-300x225.jpg 300w, https://agora.xtec.cat/escola-santacaterina-vinyols/wp-content/uploads/usu964/2025/09/IMG_7852-768x576.jpg 768w, https://agora.xtec.cat/escola-santacaterina-vinyols/wp-content/uploads/usu964/2025/09/IMG_7852-1536x1152.jpg 1536w, https://agora.xtec.cat/escola-santacaterina-vinyols/wp-content/uploads/usu964/2025/09/IMG_7852-2048x1536.jpg 2048w, https://agora.xtec.cat/escola-santacaterina-vinyols/wp-content/uploads/usu964/2025/09/IMG_7852-200x150.jpg 200w" sizes="auto, (max-width: 394px) 100vw, 394px" /></p>
<ol start="3">
<li><strong> Activitats de formació d’usuaris a la biblioteca escolar</strong></li>
</ol>
<p>Sessions orientades a conèixer el funcionament de la biblioteca, localitzar recursos i fomentar la responsabilitat en l’ús dels materials.</p>
<p><img loading="lazy" decoding="async" class="aligncenter wp-image-4855" src="https://agora.xtec.cat/escola-santacaterina-vinyols/wp-content/uploads/usu964/2025/09/IMG_78452-1024x768.jpg" alt="" width="424" height="318" srcset="https://agora.xtec.cat/escola-santacaterina-vinyols/wp-content/uploads/usu964/2025/09/IMG_78452-1024x768.jpg 1024w, https://agora.xtec.cat/escola-santacaterina-vinyols/wp-content/uploads/usu964/2025/09/IMG_78452-300x225.jpg 300w, https://agora.xtec.cat/escola-santacaterina-vinyols/wp-content/uploads/usu964/2025/09/IMG_78452-768x576.jpg 768w, https://agora.xtec.cat/escola-santacaterina-vinyols/wp-content/uploads/usu964/2025/09/IMG_78452-1536x1152.jpg 1536w, https://agora.xtec.cat/escola-santacaterina-vinyols/wp-content/uploads/usu964/2025/09/IMG_78452-2048x1536.jpg 2048w, https://agora.xtec.cat/escola-santacaterina-vinyols/wp-content/uploads/usu964/2025/09/IMG_78452-200x150.jpg 200w" sizes="auto, (max-width: 424px) 100vw, 424px" /></p>
<p><strong>Participació al Certamen de lectura en veu alta</strong></p>
<p>L’escola participa anualment al <strong>Certamen de lectura en veu alta</strong>, organitzat per Enciclopèdia Catalana. Com a pas previ, es duu a terme un concurs intern de lectura dins del centre, on s’escullen els representants de <strong>cicle mitjà</strong> i <strong>cicle superior</strong>. Aquests alumnes participen a la <strong>fase comarcal</strong>, que té lloc al Centre de Lectura de Reus.</p>
<p><img loading="lazy" decoding="async" class="aligncenter wp-image-4856" src="https://agora.xtec.cat/escola-santacaterina-vinyols/wp-content/uploads/usu964/2025/09/dd2a7f97-bd9c-42dd-af06-c47a46c00222-768x1024.jpg" alt="" width="325" height="434" srcset="https://agora.xtec.cat/escola-santacaterina-vinyols/wp-content/uploads/usu964/2025/09/dd2a7f97-bd9c-42dd-af06-c47a46c00222-768x1024.jpg 768w, https://agora.xtec.cat/escola-santacaterina-vinyols/wp-content/uploads/usu964/2025/09/dd2a7f97-bd9c-42dd-af06-c47a46c00222-225x300.jpg 225w, https://agora.xtec.cat/escola-santacaterina-vinyols/wp-content/uploads/usu964/2025/09/dd2a7f97-bd9c-42dd-af06-c47a46c00222-1152x1536.jpg 1152w, https://agora.xtec.cat/escola-santacaterina-vinyols/wp-content/uploads/usu964/2025/09/dd2a7f97-bd9c-42dd-af06-c47a46c00222.jpg 1536w" sizes="auto, (max-width: 325px) 100vw, 325px" /></p>

<p>La implementació de 30 minuts diaris de lectura té com a objectiu principal fomentar el plaer de llegir. Quan l’alumnat gaudeix de la lectura, tendeix a practicar-la amb més freqüència i, progressivament, consolida l’hàbit lector. Aquest hàbit contribueix significativament a la millora de diversos àmbits: La comprensió i la competència lectora L’expressió escrita i l’enriquiment [&hellip;]</p>
