{"id":2601,"date":"2020-02-10T00:51:42","date_gmt":"2020-02-09T23:51:42","guid":{"rendered":"http:\/\/agora.xtec.cat\/escola-santacaterina-vinyols\/?page_id=2601"},"modified":"2026-02-25T13:53:38","modified_gmt":"2026-02-25T12:53:38","slug":"visio-del-centre","status":"publish","type":"page","link":"https:\/\/agora.xtec.cat\/escola-santacaterina-vinyols\/lescola\/visio-del-centre\/","title":{"rendered":"Presentaci\u00f3"},"content":{"rendered":"<p><strong>&#8220;Tots som escola, preparats per viure i transformar el m\u00f3n.&#8221;<\/strong><\/p>\n<p>Som l&#8217;escola p\u00fablica d&#8217;educaci\u00f3 infantil i prim\u00e0ria de Vinyols i els Arcs. Tenim una l\u00ednia, un grup classe per cada curs. Actualment, el curs 2025-2026 som 114 alumnes, i a cada grup hi ha entre 11 i 17 alumnes.<\/p>\n<p><a href=\"https:\/\/www.instagram.com\/p\/DUa_ICPDI2D\/\">Portes obertes 2026<\/a><\/p>\n<p>Us convidem a veure el v\u00eddeo que vam elaborar el novembre de 2018, on es mostra el proc\u00e9s de participaci\u00f3 de tota la comunitat educativa a la creaci\u00f3 de la VISI\u00d3 D&#8217;ESCOLA.<\/p>\n<p>Qu\u00e8 n&#8217;esperem? Com volem treballar? Quins valors s\u00f3n els m\u00e9s importants? Com volem que siguin els nostres infants?<\/p>\n<div class=\"ast-oembed-container \" style=\"height: 100%;\"><iframe loading=\"lazy\" title=\"Visi\u00f3 escola Vinyols i els Arcs\" width=\"500\" height=\"281\" src=\"https:\/\/www.youtube.com\/embed\/RErrw5Tmb70?feature=oembed\" frameborder=\"0\" allow=\"accelerometer; autoplay; clipboard-write; encrypted-media; gyroscope; picture-in-picture; web-share\" referrerpolicy=\"strict-origin-when-cross-origin\" allowfullscreen><\/iframe><\/div>\n","protected":false},"excerpt":{"rendered":"<p>&#8220;Tots som escola, preparats per viure i transformar el m\u00f3n.&#8221; Som l&#8217;escola p\u00fablica d&#8217;educaci\u00f3 infantil i prim\u00e0ria de Vinyols i els Arcs. Tenim una l\u00ednia, un grup classe per cada curs. Actualment, el curs 2025-2026 som 114 alumnes, i a cada grup hi ha entre 11 i 17 alumnes. Portes obertes 2026 Us convidem a [&hellip;]<\/p>\n","protected":false},"author":1,"featured_media":0,"parent":22,"menu_order":2,"comment_status":"closed","ping_status":"closed","template":"","meta":{"_bbp_topic_count":0,"_bbp_reply_count":0,"_bbp_total_topic_count":0,"_bbp_total_reply_count":0,"_bbp_voice_count":0,"_bbp_anonymous_reply_count":0,"_bbp_topic_count_hidden":0,"_bbp_reply_count_hidden":0,"_bbp_forum_subforum_count":0,"site-sidebar-layout":"default","site-content-layout":"","ast-site-content-layout":"default","site-content-style":"default","site-sidebar-style":"default","ast-global-header-display":"","ast-banner-title-visibility":"","ast-main-header-display":"","ast-hfb-above-header-display":"","ast-hfb-below-header-display":"","ast-hfb-mobile-header-display":"","site-post-title":"","ast-breadcrumbs-content":"","ast-featured-img":"","footer-sml-layout":"","theme-transparent-header-meta":"","adv-header-id-meta":"","stick-header-meta":"","header-above-stick-meta":"","header-main-stick-meta":"","header-below-stick-meta":"","astra-migrate-meta-layouts":"set","ast-page-background-enabled":"default","ast-page-background-meta":{"desktop":{"background-color":"var(--ast-global-color-4)","background-image":"","background-repeat":"repeat","background-position":"center center","background-size":"auto","background-attachment":"scroll","background-type":"","background-media":"","overlay-type":"","overlay-color":"","overlay-opacity":"","overlay-gradient":""},"tablet":{"background-color":"","background-image":"","background-repeat":"repeat","background-position":"center center","background-size":"auto","background-attachment":"scroll","background-type":"","background-media":"","overlay-type":"","overlay-color":"","overlay-opacity":"","overlay-gradient":""},"mobile":{"background-color":"","background-image":"","background-repeat":"repeat","background-position":"center center","background-size":"auto","background-attachment":"scroll","background-type":"","background-media":"","overlay-type":"","overlay-color":"","overlay-opacity":"","overlay-gradient":""}},"ast-content-background-meta":{"desktop":{"background-color":"var(--ast-global-color-5)","background-image":"","background-repeat":"repeat","background-position":"center center","background-size":"auto","background-attachment":"scroll","background-type":"","background-media":"","overlay-type":"","overlay-color":"","overlay-opacity":"","overlay-gradient":""},"tablet":{"background-color":"var(--ast-global-color-5)","background-image":"","background-repeat":"repeat","background-position":"center center","background-size":"auto","background-attachment":"scroll","background-type":"","background-media":"","overlay-type":"","overlay-color":"","overlay-opacity":"","overlay-gradient":""},"mobile":{"background-color":"var(--ast-global-color-5)","background-image":"","background-repeat":"repeat","background-position":"center center","background-size":"auto","background-attachment":"scroll","background-type":"","background-media":"","overlay-type":"","overlay-color":"","overlay-opacity":"","overlay-gradient":""}},"footnotes":""},"class_list":["post-2601","page","type-page","status-publish","hentry"],"post_mailing_queue_ids":[],"_links":{"self":[{"href":"https:\/\/agora.xtec.cat\/escola-santacaterina-vinyols\/wp-json\/wp\/v2\/pages\/2601","targetHints":{"allow":["GET"]}}],"collection":[{"href":"https:\/\/agora.xtec.cat\/escola-santacaterina-vinyols\/wp-json\/wp\/v2\/pages"}],"about":[{"href":"https:\/\/agora.xtec.cat\/escola-santacaterina-vinyols\/wp-json\/wp\/v2\/types\/page"}],"author":[{"embeddable":true,"href":"https:\/\/agora.xtec.cat\/escola-santacaterina-vinyols\/wp-json\/wp\/v2\/users\/1"}],"replies":[{"embeddable":true,"href":"https:\/\/agora.xtec.cat\/escola-santacaterina-vinyols\/wp-json\/wp\/v2\/comments?post=2601"}],"version-history":[{"count":6,"href":"https:\/\/agora.xtec.cat\/escola-santacaterina-vinyols\/wp-json\/wp\/v2\/pages\/2601\/revisions"}],"predecessor-version":[{"id":5025,"href":"https:\/\/agora.xtec.cat\/escola-santacaterina-vinyols\/wp-json\/wp\/v2\/pages\/2601\/revisions\/5025"}],"up":[{"embeddable":true,"href":"https:\/\/agora.xtec.cat\/escola-santacaterina-vinyols\/wp-json\/wp\/v2\/pages\/22"}],"wp:attachment":[{"href":"https:\/\/agora.xtec.cat\/escola-santacaterina-vinyols\/wp-json\/wp\/v2\/media?parent=2601"}],"curies":[{"name":"wp","href":"https:\/\/api.w.org\/{rel}","templated":true}]}}

Presentació

<p><strong>&#8220;Tots som escola, preparats per viure i transformar el món.&#8221;</strong></p>
<p>Som l&#8217;escola pública d&#8217;educació infantil i primària de Vinyols i els Arcs. Tenim una línia, un grup classe per cada curs. Actualment, el curs 2025-2026 som 114 alumnes, i a cada grup hi ha entre 11 i 17 alumnes.</p>
<p><a href="https://www.instagram.com/p/DUa_ICPDI2D/">Portes obertes 2026</a></p>
<p>Us convidem a veure el vídeo que vam elaborar el novembre de 2018, on es mostra el procés de participació de tota la comunitat educativa a la creació de la VISIÓ D&#8217;ESCOLA.</p>
<p>Què n&#8217;esperem? Com volem treballar? Quins valors són els més importants? Com volem que siguin els nostres infants?</p>
<div class="ast-oembed-container " style="height: 100%;"><iframe loading="lazy" title="Visió escola Vinyols i els Arcs" width="500" height="281" src="https://www.youtube.com/embed/RErrw5Tmb70?feature=oembed" frameborder="0" allow="accelerometer; autoplay; clipboard-write; encrypted-media; gyroscope; picture-in-picture; web-share" referrerpolicy="strict-origin-when-cross-origin" allowfullscreen></iframe></div>

<p>&#8220;Tots som escola, preparats per viure i transformar el món.&#8221; Som l&#8217;escola pública d&#8217;educació infantil i primària de Vinyols i els Arcs. Tenim una línia, un grup classe per cada curs. Actualment, el curs 2025-2026 som 114 alumnes, i a cada grup hi ha entre 11 i 17 alumnes. Portes obertes 2026 Us convidem a [&hellip;]</p>
