{"id":2135,"date":"2018-10-02T11:11:18","date_gmt":"2018-10-02T09:11:18","guid":{"rendered":"http:\/\/agora.xtec.cat\/escola-santacaterina-vinyols\/?page_id=2135"},"modified":"2023-09-26T21:03:54","modified_gmt":"2023-09-26T19:03:54","slug":"radio-caterina","status":"publish","type":"page","link":"https:\/\/agora.xtec.cat\/escola-santacaterina-vinyols\/espai-alumnes\/radio-caterina\/","title":{"rendered":"R\u00e0dio Caterina"},"content":{"rendered":"<p><strong><span style=\"color: #993366;\">CURS 2020-2021<\/span><\/strong><\/p>\n<p>&#8220;R\u00e0dio Caterina&#8221;\u00a0 amb un programa de la classe de 6\u00e8 &#8220;LA NASA&#8221;!<\/p>\n<p><a href=\"https:\/\/drive.google.com\/file\/d\/1TfNUZtRsqxIDIM7ljooe6CgZQONsbh77\/view?usp=sharing\" target=\"_blank\" rel=\"noopener noreferrer\">ESCOLTA AQU\u00cd<\/a><\/p>\n<p><strong><span style=\"color: #993366;\">CURS 2019-2020<\/span><\/strong><\/p>\n<p><strong>Primera sessi\u00f3<\/strong> de &#8220;Radio Caterina&#8221; d&#8217;aquest curs!<\/p>\n<p><a href=\"https:\/\/drive.google.com\/file\/d\/1qC2f_mLfzHQXJLu3HzYj8bK_HjlvG3Rz\/view?usp=sharing\">https:\/\/drive.google.com\/file\/d\/1qC2f_mLfzHQXJLu3HzYj8bK_HjlvG3Rz\/view?usp=sharing<\/a><\/p>\n<p>Voleu escoltar la<strong> segona sessi\u00f3<\/strong> de Radio Caterina? Doncs aqu\u00ed la teniu!<\/p>\n<p><a href=\"https:\/\/drive.google.com\/file\/d\/1XV5b0-BVFFarcbiaPhIj_9ymsyyDvBql\/view?usp=sharing\">https:\/\/drive.google.com\/file\/d\/1XV5b0-BVFFarcbiaPhIj_9ymsyyDvBql\/view?usp=sharing<\/a><\/p>\n<p>Despr\u00e9s d&#8217;uns dies d&#8217;aturada per problemes t\u00e8cnica, aqu\u00ed teniu la <strong>tercera sessi\u00f3<\/strong>.<\/p>\n<p><a href=\"https:\/\/drive.google.com\/file\/d\/1ag_LGQoCqHMLgvu8agfinPHyp8OZzzhr\/view?usp=sharing\">https:\/\/drive.google.com\/file\/d\/1ag_LGQoCqHMLgvu8agfinPHyp8OZzzhr\/view?usp=sharing<\/a><\/p>\n","protected":false},"excerpt":{"rendered":"<p>CURS 2020-2021 &#8220;R\u00e0dio Caterina&#8221;\u00a0 amb un programa de la classe de 6\u00e8 &#8220;LA NASA&#8221;! ESCOLTA AQU\u00cd CURS 2019-2020 Primera sessi\u00f3 de &#8220;Radio Caterina&#8221; d&#8217;aquest curs! https:\/\/drive.google.com\/file\/d\/1qC2f_mLfzHQXJLu3HzYj8bK_HjlvG3Rz\/view?usp=sharing Voleu escoltar la segona sessi\u00f3 de Radio Caterina? Doncs aqu\u00ed la teniu! https:\/\/drive.google.com\/file\/d\/1XV5b0-BVFFarcbiaPhIj_9ymsyyDvBql\/view?usp=sharing Despr\u00e9s d&#8217;uns dies d&#8217;aturada per problemes t\u00e8cnica, aqu\u00ed teniu la tercera sessi\u00f3. https:\/\/drive.google.com\/file\/d\/1ag_LGQoCqHMLgvu8agfinPHyp8OZzzhr\/view?usp=sharing<\/p>\n","protected":false},"author":1,"featured_media":0,"parent":2683,"menu_order":6,"comment_status":"closed","ping_status":"closed","template":"","meta":{"_bbp_topic_count":0,"_bbp_reply_count":0,"_bbp_total_topic_count":0,"_bbp_total_reply_count":0,"_bbp_voice_count":0,"_bbp_anonymous_reply_count":0,"_bbp_topic_count_hidden":0,"_bbp_reply_count_hidden":0,"_bbp_forum_subforum_count":0,"site-sidebar-layout":"default","site-content-layout":"","ast-site-content-layout":"","site-content-style":"default","site-sidebar-style":"default","ast-global-header-display":"","ast-banner-title-visibility":"","ast-main-header-display":"","ast-hfb-above-header-display":"","ast-hfb-below-header-display":"","ast-hfb-mobile-header-display":"","site-post-title":"","ast-breadcrumbs-content":"","ast-featured-img":"","footer-sml-layout":"","theme-transparent-header-meta":"","adv-header-id-meta":"","stick-header-meta":"","header-above-stick-meta":"","header-main-stick-meta":"","header-below-stick-meta":"","astra-migrate-meta-layouts":"default","ast-page-background-enabled":"default","ast-page-background-meta":{"desktop":{"background-color":"var(--ast-global-color-4)","background-image":"","background-repeat":"repeat","background-position":"center center","background-size":"auto","background-attachment":"scroll","background-type":"","background-media":"","overlay-type":"","overlay-color":"","overlay-opacity":"","overlay-gradient":""},"tablet":{"background-color":"","background-image":"","background-repeat":"repeat","background-position":"center center","background-size":"auto","background-attachment":"scroll","background-type":"","background-media":"","overlay-type":"","overlay-color":"","overlay-opacity":"","overlay-gradient":""},"mobile":{"background-color":"","background-image":"","background-repeat":"repeat","background-position":"center center","background-size":"auto","background-attachment":"scroll","background-type":"","background-media":"","overlay-type":"","overlay-color":"","overlay-opacity":"","overlay-gradient":""}},"ast-content-background-meta":{"desktop":{"background-color":"var(--ast-global-color-5)","background-image":"","background-repeat":"repeat","background-position":"center center","background-size":"auto","background-attachment":"scroll","background-type":"","background-media":"","overlay-type":"","overlay-color":"","overlay-opacity":"","overlay-gradient":""},"tablet":{"background-color":"var(--ast-global-color-5)","background-image":"","background-repeat":"repeat","background-position":"center center","background-size":"auto","background-attachment":"scroll","background-type":"","background-media":"","overlay-type":"","overlay-color":"","overlay-opacity":"","overlay-gradient":""},"mobile":{"background-color":"var(--ast-global-color-5)","background-image":"","background-repeat":"repeat","background-position":"center center","background-size":"auto","background-attachment":"scroll","background-type":"","background-media":"","overlay-type":"","overlay-color":"","overlay-opacity":"","overlay-gradient":""}},"footnotes":""},"class_list":["post-2135","page","type-page","status-publish","hentry"],"post_mailing_queue_ids":[],"_links":{"self":[{"href":"https:\/\/agora.xtec.cat\/escola-santacaterina-vinyols\/wp-json\/wp\/v2\/pages\/2135","targetHints":{"allow":["GET"]}}],"collection":[{"href":"https:\/\/agora.xtec.cat\/escola-santacaterina-vinyols\/wp-json\/wp\/v2\/pages"}],"about":[{"href":"https:\/\/agora.xtec.cat\/escola-santacaterina-vinyols\/wp-json\/wp\/v2\/types\/page"}],"author":[{"embeddable":true,"href":"https:\/\/agora.xtec.cat\/escola-santacaterina-vinyols\/wp-json\/wp\/v2\/users\/1"}],"replies":[{"embeddable":true,"href":"https:\/\/agora.xtec.cat\/escola-santacaterina-vinyols\/wp-json\/wp\/v2\/comments?post=2135"}],"version-history":[{"count":4,"href":"https:\/\/agora.xtec.cat\/escola-santacaterina-vinyols\/wp-json\/wp\/v2\/pages\/2135\/revisions"}],"predecessor-version":[{"id":4239,"href":"https:\/\/agora.xtec.cat\/escola-santacaterina-vinyols\/wp-json\/wp\/v2\/pages\/2135\/revisions\/4239"}],"up":[{"embeddable":true,"href":"https:\/\/agora.xtec.cat\/escola-santacaterina-vinyols\/wp-json\/wp\/v2\/pages\/2683"}],"wp:attachment":[{"href":"https:\/\/agora.xtec.cat\/escola-santacaterina-vinyols\/wp-json\/wp\/v2\/media?parent=2135"}],"curies":[{"name":"wp","href":"https:\/\/api.w.org\/{rel}","templated":true}]}}

Ràdio Caterina

<p><strong><span style="color: #993366;">CURS 2020-2021</span></strong></p>
<p>&#8220;Ràdio Caterina&#8221;  amb un programa de la classe de 6è &#8220;LA NASA&#8221;!</p>
<p><a href="https://drive.google.com/file/d/1TfNUZtRsqxIDIM7ljooe6CgZQONsbh77/view?usp=sharing" target="_blank" rel="noopener noreferrer">ESCOLTA AQUÍ</a></p>
<p><strong><span style="color: #993366;">CURS 2019-2020</span></strong></p>
<p><strong>Primera sessió</strong> de &#8220;Radio Caterina&#8221; d&#8217;aquest curs!</p>
<p><a href="https://drive.google.com/file/d/1qC2f_mLfzHQXJLu3HzYj8bK_HjlvG3Rz/view?usp=sharing">https://drive.google.com/file/d/1qC2f_mLfzHQXJLu3HzYj8bK_HjlvG3Rz/view?usp=sharing</a></p>
<p>Voleu escoltar la<strong> segona sessió</strong> de Radio Caterina? Doncs aquí la teniu!</p>
<p><a href="https://drive.google.com/file/d/1XV5b0-BVFFarcbiaPhIj_9ymsyyDvBql/view?usp=sharing">https://drive.google.com/file/d/1XV5b0-BVFFarcbiaPhIj_9ymsyyDvBql/view?usp=sharing</a></p>
<p>Després d&#8217;uns dies d&#8217;aturada per problemes tècnica, aquí teniu la <strong>tercera sessió</strong>.</p>
<p><a href="https://drive.google.com/file/d/1ag_LGQoCqHMLgvu8agfinPHyp8OZzzhr/view?usp=sharing">https://drive.google.com/file/d/1ag_LGQoCqHMLgvu8agfinPHyp8OZzzhr/view?usp=sharing</a></p>

<p>CURS 2020-2021 &#8220;Ràdio Caterina&#8221;  amb un programa de la classe de 6è &#8220;LA NASA&#8221;! ESCOLTA AQUÍ CURS 2019-2020 Primera sessió de &#8220;Radio Caterina&#8221; d&#8217;aquest curs! https://drive.google.com/file/d/1qC2f_mLfzHQXJLu3HzYj8bK_HjlvG3Rz/view?usp=sharing Voleu escoltar la segona sessió de Radio Caterina? Doncs aquí la teniu! https://drive.google.com/file/d/1XV5b0-BVFFarcbiaPhIj_9ymsyyDvBql/view?usp=sharing Després d&#8217;uns dies d&#8217;aturada per problemes tècnica, aquí teniu la tercera sessió. https://drive.google.com/file/d/1ag_LGQoCqHMLgvu8agfinPHyp8OZzzhr/view?usp=sharing</p>
