{"id":1483,"date":"2012-10-05T11:52:25","date_gmt":"2012-10-05T09:52:25","guid":{"rendered":"http:\/\/blocs.xtec.cat\/escolasantacaterina\/?page_id=122"},"modified":"2025-09-11T20:21:15","modified_gmt":"2025-09-11T18:21:15","slug":"direccio","status":"publish","type":"page","link":"https:\/\/agora.xtec.cat\/escola-santacaterina-vinyols\/lescola\/direccio\/","title":{"rendered":"INFORMACI\u00d3 FAM\u00cdLIES curs 25-26"},"content":{"rendered":"<p><strong><span style=\"color: #ff0000;\">Horari<\/span><\/strong><\/p>\n<p>Les entrades seran a les 9.00h i a les 15.00h. Les sortides seran a les 12.30h i a les 16.30h.<\/p>\n<p><strong><span style=\"color: #ff0000;\">Calendari escolar<\/span><\/strong><\/p>\n<p><img loading=\"lazy\" decoding=\"async\" class=\"aligncenter size-full wp-image-4821\" src=\"https:\/\/agora.xtec.cat\/escola-santacaterina-vinyols\/wp-content\/uploads\/usu964\/2025\/09\/calendari.png\" alt=\"\" width=\"781\" height=\"553\" srcset=\"https:\/\/agora.xtec.cat\/escola-santacaterina-vinyols\/wp-content\/uploads\/usu964\/2025\/09\/calendari.png 781w, https:\/\/agora.xtec.cat\/escola-santacaterina-vinyols\/wp-content\/uploads\/usu964\/2025\/09\/calendari-300x212.png 300w, https:\/\/agora.xtec.cat\/escola-santacaterina-vinyols\/wp-content\/uploads\/usu964\/2025\/09\/calendari-768x544.png 768w\" sizes=\"auto, (max-width: 781px) 100vw, 781px\" \/><\/p>\n<p><strong><span style=\"color: #ff0000;\">Equip docent<\/span><\/strong><\/p>\n<p><img loading=\"lazy\" decoding=\"async\" class=\"aligncenter size-full wp-image-4822\" src=\"https:\/\/agora.xtec.cat\/escola-santacaterina-vinyols\/wp-content\/uploads\/usu964\/2025\/09\/Equip.png\" alt=\"\" width=\"871\" height=\"660\" srcset=\"https:\/\/agora.xtec.cat\/escola-santacaterina-vinyols\/wp-content\/uploads\/usu964\/2025\/09\/Equip.png 871w, https:\/\/agora.xtec.cat\/escola-santacaterina-vinyols\/wp-content\/uploads\/usu964\/2025\/09\/Equip-300x227.png 300w, https:\/\/agora.xtec.cat\/escola-santacaterina-vinyols\/wp-content\/uploads\/usu964\/2025\/09\/Equip-768x582.png 768w\" sizes=\"auto, (max-width: 871px) 100vw, 871px\" \/><\/p>\n<p><img loading=\"lazy\" decoding=\"async\" class=\"aligncenter size-full wp-image-4823\" src=\"https:\/\/agora.xtec.cat\/escola-santacaterina-vinyols\/wp-content\/uploads\/usu964\/2025\/09\/Equip-1.png\" alt=\"\" width=\"859\" height=\"621\" srcset=\"https:\/\/agora.xtec.cat\/escola-santacaterina-vinyols\/wp-content\/uploads\/usu964\/2025\/09\/Equip-1.png 859w, https:\/\/agora.xtec.cat\/escola-santacaterina-vinyols\/wp-content\/uploads\/usu964\/2025\/09\/Equip-1-300x217.png 300w, https:\/\/agora.xtec.cat\/escola-santacaterina-vinyols\/wp-content\/uploads\/usu964\/2025\/09\/Equip-1-768x555.png 768w\" sizes=\"auto, (max-width: 859px) 100vw, 859px\" \/><\/p>\n<p><img loading=\"lazy\" decoding=\"async\" class=\"aligncenter size-full wp-image-4824\" src=\"https:\/\/agora.xtec.cat\/escola-santacaterina-vinyols\/wp-content\/uploads\/usu964\/2025\/09\/Equip-3.png\" alt=\"\" width=\"843\" height=\"643\" srcset=\"https:\/\/agora.xtec.cat\/escola-santacaterina-vinyols\/wp-content\/uploads\/usu964\/2025\/09\/Equip-3.png 843w, https:\/\/agora.xtec.cat\/escola-santacaterina-vinyols\/wp-content\/uploads\/usu964\/2025\/09\/Equip-3-300x229.png 300w, https:\/\/agora.xtec.cat\/escola-santacaterina-vinyols\/wp-content\/uploads\/usu964\/2025\/09\/Equip-3-768x586.png 768w\" sizes=\"auto, (max-width: 843px) 100vw, 843px\" \/><\/p>\n<p>&nbsp;<\/p>\n<hr \/>\n<p>&nbsp;<\/p>\n<p>Us recomanem la <strong>lectura<\/strong> dels dossiers per cicles per con\u00e8ixer m\u00e9s detalls de les caracter\u00edstiques de l&#8217;edat i el desenvolupament de l&#8217;alumnat.<iframe loading=\"lazy\" src=\"\/\/www.slideshare.net\/slideshow\/embed_code\/key\/4jMgW9HipBqrbQ\" width=\"668\" height=\"714\" frameborder=\"0\"> <\/iframe><\/p>\n<div style=\"margin-bottom: 5px;\"><strong> <a title=\"Circular Cicle Inicial\" href=\"\/\/www.slideshare.net\/escsantacaterina\/circular-cicle-inicial\" target=\"_blank\" rel=\"noopener noreferrer\">Circular Cicle Inicial<\/a> <\/strong> from <strong><a href=\"\/\/www.slideshare.net\/escsantacaterina\" target=\"_blank\" rel=\"noopener noreferrer\">escsantacaterina<\/a><\/strong><\/div>\n<p><iframe loading=\"lazy\" src=\"\/\/www.slideshare.net\/slideshow\/embed_code\/key\/km2bgeeq6qx5k7\" width=\"668\" height=\"714\" frameborder=\"0\"> <\/iframe><\/p>\n<div style=\"margin-bottom: 5px;\"><strong> <a title=\"Circular Cicle Mitj\u00e0\" href=\"\/\/www.slideshare.net\/escsantacaterina\/circular-cicle-mitj\" target=\"_blank\" rel=\"noopener noreferrer\">Circular Cicle Mitj\u00e0<\/a> <\/strong> from <strong><a href=\"\/\/www.slideshare.net\/escsantacaterina\" target=\"_blank\" rel=\"noopener noreferrer\">escsantacaterina<\/a><\/strong><\/div>\n<p><iframe loading=\"lazy\" src=\"\/\/www.slideshare.net\/slideshow\/embed_code\/key\/skh92xZb3CqsTE\" width=\"668\" height=\"714\" frameborder=\"0\"> <\/iframe><\/p>\n<div style=\"margin-bottom: 5px;\"><strong> <a title=\"Circular Cicle Superior\" href=\"\/\/www.slideshare.net\/escsantacaterina\/circular-cicle-superior\" target=\"_blank\" rel=\"noopener noreferrer\">Circular Cicle Superior<\/a> <\/strong> from <strong><a href=\"\/\/www.slideshare.net\/escsantacaterina\" target=\"_blank\" rel=\"noopener noreferrer\">escsantacaterina<\/a><\/strong><\/div>\n","protected":false},"excerpt":{"rendered":"<p>Horari Les entrades seran a les 9.00h i a les 15.00h. Les sortides seran a les 12.30h i a les 16.30h. Calendari escolar Equip docent &nbsp; &nbsp; Us recomanem la lectura dels dossiers per cicles per con\u00e8ixer m\u00e9s detalls de les caracter\u00edstiques de l&#8217;edat i el desenvolupament de l&#8217;alumnat. Circular Cicle Inicial from escsantacaterina Circular [&hellip;]<\/p>\n","protected":false},"author":1,"featured_media":0,"parent":22,"menu_order":3,"comment_status":"closed","ping_status":"closed","template":"","meta":{"_bbp_topic_count":0,"_bbp_reply_count":0,"_bbp_total_topic_count":0,"_bbp_total_reply_count":0,"_bbp_voice_count":0,"_bbp_anonymous_reply_count":0,"_bbp_topic_count_hidden":0,"_bbp_reply_count_hidden":0,"_bbp_forum_subforum_count":0,"site-sidebar-layout":"default","site-content-layout":"","ast-site-content-layout":"","site-content-style":"default","site-sidebar-style":"default","ast-global-header-display":"","ast-banner-title-visibility":"","ast-main-header-display":"","ast-hfb-above-header-display":"","ast-hfb-below-header-display":"","ast-hfb-mobile-header-display":"","site-post-title":"","ast-breadcrumbs-content":"","ast-featured-img":"","footer-sml-layout":"","theme-transparent-header-meta":"","adv-header-id-meta":"","stick-header-meta":"","header-above-stick-meta":"","header-main-stick-meta":"","header-below-stick-meta":"","astra-migrate-meta-layouts":"default","ast-page-background-enabled":"default","ast-page-background-meta":{"desktop":{"background-color":"var(--ast-global-color-4)","background-image":"","background-repeat":"repeat","background-position":"center center","background-size":"auto","background-attachment":"scroll","background-type":"","background-media":"","overlay-type":"","overlay-color":"","overlay-opacity":"","overlay-gradient":""},"tablet":{"background-color":"","background-image":"","background-repeat":"repeat","background-position":"center center","background-size":"auto","background-attachment":"scroll","background-type":"","background-media":"","overlay-type":"","overlay-color":"","overlay-opacity":"","overlay-gradient":""},"mobile":{"background-color":"","background-image":"","background-repeat":"repeat","background-position":"center center","background-size":"auto","background-attachment":"scroll","background-type":"","background-media":"","overlay-type":"","overlay-color":"","overlay-opacity":"","overlay-gradient":""}},"ast-content-background-meta":{"desktop":{"background-color":"var(--ast-global-color-5)","background-image":"","background-repeat":"repeat","background-position":"center center","background-size":"auto","background-attachment":"scroll","background-type":"","background-media":"","overlay-type":"","overlay-color":"","overlay-opacity":"","overlay-gradient":""},"tablet":{"background-color":"var(--ast-global-color-5)","background-image":"","background-repeat":"repeat","background-position":"center center","background-size":"auto","background-attachment":"scroll","background-type":"","background-media":"","overlay-type":"","overlay-color":"","overlay-opacity":"","overlay-gradient":""},"mobile":{"background-color":"var(--ast-global-color-5)","background-image":"","background-repeat":"repeat","background-position":"center center","background-size":"auto","background-attachment":"scroll","background-type":"","background-media":"","overlay-type":"","overlay-color":"","overlay-opacity":"","overlay-gradient":""}},"footnotes":""},"class_list":["post-1483","page","type-page","status-publish","hentry"],"post_mailing_queue_ids":[],"_links":{"self":[{"href":"https:\/\/agora.xtec.cat\/escola-santacaterina-vinyols\/wp-json\/wp\/v2\/pages\/1483","targetHints":{"allow":["GET"]}}],"collection":[{"href":"https:\/\/agora.xtec.cat\/escola-santacaterina-vinyols\/wp-json\/wp\/v2\/pages"}],"about":[{"href":"https:\/\/agora.xtec.cat\/escola-santacaterina-vinyols\/wp-json\/wp\/v2\/types\/page"}],"author":[{"embeddable":true,"href":"https:\/\/agora.xtec.cat\/escola-santacaterina-vinyols\/wp-json\/wp\/v2\/users\/1"}],"replies":[{"embeddable":true,"href":"https:\/\/agora.xtec.cat\/escola-santacaterina-vinyols\/wp-json\/wp\/v2\/comments?post=1483"}],"version-history":[{"count":6,"href":"https:\/\/agora.xtec.cat\/escola-santacaterina-vinyols\/wp-json\/wp\/v2\/pages\/1483\/revisions"}],"predecessor-version":[{"id":4825,"href":"https:\/\/agora.xtec.cat\/escola-santacaterina-vinyols\/wp-json\/wp\/v2\/pages\/1483\/revisions\/4825"}],"up":[{"embeddable":true,"href":"https:\/\/agora.xtec.cat\/escola-santacaterina-vinyols\/wp-json\/wp\/v2\/pages\/22"}],"wp:attachment":[{"href":"https:\/\/agora.xtec.cat\/escola-santacaterina-vinyols\/wp-json\/wp\/v2\/media?parent=1483"}],"curies":[{"name":"wp","href":"https:\/\/api.w.org\/{rel}","templated":true}]}}

INFORMACIÓ FAMÍLIES curs 25-26

<p><strong><span style="color: #ff0000;">Horari</span></strong></p>
<p>Les entrades seran a les 9.00h i a les 15.00h. Les sortides seran a les 12.30h i a les 16.30h.</p>
<p><strong><span style="color: #ff0000;">Calendari escolar</span></strong></p>
<p><img loading="lazy" decoding="async" class="aligncenter size-full wp-image-4821" src="https://agora.xtec.cat/escola-santacaterina-vinyols/wp-content/uploads/usu964/2025/09/calendari.png" alt="" width="781" height="553" srcset="https://agora.xtec.cat/escola-santacaterina-vinyols/wp-content/uploads/usu964/2025/09/calendari.png 781w, https://agora.xtec.cat/escola-santacaterina-vinyols/wp-content/uploads/usu964/2025/09/calendari-300x212.png 300w, https://agora.xtec.cat/escola-santacaterina-vinyols/wp-content/uploads/usu964/2025/09/calendari-768x544.png 768w" sizes="auto, (max-width: 781px) 100vw, 781px" /></p>
<p><strong><span style="color: #ff0000;">Equip docent</span></strong></p>
<p><img loading="lazy" decoding="async" class="aligncenter size-full wp-image-4822" src="https://agora.xtec.cat/escola-santacaterina-vinyols/wp-content/uploads/usu964/2025/09/Equip.png" alt="" width="871" height="660" srcset="https://agora.xtec.cat/escola-santacaterina-vinyols/wp-content/uploads/usu964/2025/09/Equip.png 871w, https://agora.xtec.cat/escola-santacaterina-vinyols/wp-content/uploads/usu964/2025/09/Equip-300x227.png 300w, https://agora.xtec.cat/escola-santacaterina-vinyols/wp-content/uploads/usu964/2025/09/Equip-768x582.png 768w" sizes="auto, (max-width: 871px) 100vw, 871px" /></p>
<p><img loading="lazy" decoding="async" class="aligncenter size-full wp-image-4823" src="https://agora.xtec.cat/escola-santacaterina-vinyols/wp-content/uploads/usu964/2025/09/Equip-1.png" alt="" width="859" height="621" srcset="https://agora.xtec.cat/escola-santacaterina-vinyols/wp-content/uploads/usu964/2025/09/Equip-1.png 859w, https://agora.xtec.cat/escola-santacaterina-vinyols/wp-content/uploads/usu964/2025/09/Equip-1-300x217.png 300w, https://agora.xtec.cat/escola-santacaterina-vinyols/wp-content/uploads/usu964/2025/09/Equip-1-768x555.png 768w" sizes="auto, (max-width: 859px) 100vw, 859px" /></p>
<p><img loading="lazy" decoding="async" class="aligncenter size-full wp-image-4824" src="https://agora.xtec.cat/escola-santacaterina-vinyols/wp-content/uploads/usu964/2025/09/Equip-3.png" alt="" width="843" height="643" srcset="https://agora.xtec.cat/escola-santacaterina-vinyols/wp-content/uploads/usu964/2025/09/Equip-3.png 843w, https://agora.xtec.cat/escola-santacaterina-vinyols/wp-content/uploads/usu964/2025/09/Equip-3-300x229.png 300w, https://agora.xtec.cat/escola-santacaterina-vinyols/wp-content/uploads/usu964/2025/09/Equip-3-768x586.png 768w" sizes="auto, (max-width: 843px) 100vw, 843px" /></p>
<p>&nbsp;</p>
<hr />
<p>&nbsp;</p>
<p>Us recomanem la <strong>lectura</strong> dels dossiers per cicles per conèixer més detalls de les característiques de l&#8217;edat i el desenvolupament de l&#8217;alumnat.<iframe loading="lazy" src="//www.slideshare.net/slideshow/embed_code/key/4jMgW9HipBqrbQ" width="668" height="714" frameborder="0"> </iframe></p>
<div style="margin-bottom: 5px;"><strong> <a title="Circular Cicle Inicial" href="//www.slideshare.net/escsantacaterina/circular-cicle-inicial" target="_blank" rel="noopener noreferrer">Circular Cicle Inicial</a> </strong> from <strong><a href="//www.slideshare.net/escsantacaterina" target="_blank" rel="noopener noreferrer">escsantacaterina</a></strong></div>
<p><iframe loading="lazy" src="//www.slideshare.net/slideshow/embed_code/key/km2bgeeq6qx5k7" width="668" height="714" frameborder="0"> </iframe></p>
<div style="margin-bottom: 5px;"><strong> <a title="Circular Cicle Mitjà" href="//www.slideshare.net/escsantacaterina/circular-cicle-mitj" target="_blank" rel="noopener noreferrer">Circular Cicle Mitjà</a> </strong> from <strong><a href="//www.slideshare.net/escsantacaterina" target="_blank" rel="noopener noreferrer">escsantacaterina</a></strong></div>
<p><iframe loading="lazy" src="//www.slideshare.net/slideshow/embed_code/key/skh92xZb3CqsTE" width="668" height="714" frameborder="0"> </iframe></p>
<div style="margin-bottom: 5px;"><strong> <a title="Circular Cicle Superior" href="//www.slideshare.net/escsantacaterina/circular-cicle-superior" target="_blank" rel="noopener noreferrer">Circular Cicle Superior</a> </strong> from <strong><a href="//www.slideshare.net/escsantacaterina" target="_blank" rel="noopener noreferrer">escsantacaterina</a></strong></div>

<p>Horari Les entrades seran a les 9.00h i a les 15.00h. Les sortides seran a les 12.30h i a les 16.30h. Calendari escolar Equip docent &nbsp; &nbsp; Us recomanem la lectura dels dossiers per cicles per conèixer més detalls de les característiques de l&#8217;edat i el desenvolupament de l&#8217;alumnat. Circular Cicle Inicial from escsantacaterina Circular [&hellip;]</p>
