{"id":1481,"date":"2012-02-16T10:57:05","date_gmt":"2012-02-16T08:57:05","guid":{"rendered":"http:\/\/blocs.xtec.cat\/escolasantacaterina\/?page_id=23"},"modified":"2023-09-26T21:10:19","modified_gmt":"2023-09-26T19:10:19","slug":"adreces-dinteres","status":"publish","type":"page","link":"https:\/\/agora.xtec.cat\/escola-santacaterina-vinyols\/espai-alumnes\/adreces-dinteres\/","title":{"rendered":"Adreces d&#8217;inter\u00e8s"},"content":{"rendered":"<p><a href=\"https:\/\/www.ccma.cat\/tv3\/sx3\/una-ma-de-contes\/\">Una m\u00e0 de contes<\/a><\/p>\n<p><a href=\"https:\/\/www.ccma.cat\/tv3\/sx3\/infok\/\">InfoK<\/a><\/p>\n<p><a href=\"https:\/\/www.edu365.cat\/\">Edu365<\/a><\/p>\n<p><a href=\"https:\/\/artsandculture.google.com\/?hl=es%20(A%206%C3%A8%20%20%20l%E2%80%99altra%20que%20tinc%20al%20correu)\">Art i cultura<\/a><\/p>\n<p><a href=\"https:\/\/xtec.gencat.cat\/ca\/recursos\/museus\/\">Museus<\/a><\/p>\n<p><a href=\"https:\/\/musiclab.chromeexperiments.com\/\">M\u00fasica<\/a><\/p>\n<p><a href=\"https:\/\/learnenglishkids.britishcouncil.org\/\">Angl\u00e8s<\/a><\/p>\n<p><a href=\"http:\/\/www.xtec.cat\/~mmontene\/web\/0EMindex.htm\">Eduquem les emocions<\/a><\/p>\n","protected":false},"excerpt":{"rendered":"<p>Una m\u00e0 de contes InfoK Edu365 Art i cultura Museus M\u00fasica Angl\u00e8s Eduquem les emocions<\/p>\n","protected":false},"author":1,"featured_media":0,"parent":2683,"menu_order":2,"comment_status":"closed","ping_status":"closed","template":"","meta":{"_bbp_topic_count":0,"_bbp_reply_count":0,"_bbp_total_topic_count":0,"_bbp_total_reply_count":0,"_bbp_voice_count":0,"_bbp_anonymous_reply_count":0,"_bbp_topic_count_hidden":0,"_bbp_reply_count_hidden":0,"_bbp_forum_subforum_count":0,"site-sidebar-layout":"default","site-content-layout":"","ast-site-content-layout":"","site-content-style":"default","site-sidebar-style":"default","ast-global-header-display":"","ast-banner-title-visibility":"","ast-main-header-display":"","ast-hfb-above-header-display":"","ast-hfb-below-header-display":"","ast-hfb-mobile-header-display":"","site-post-title":"","ast-breadcrumbs-content":"","ast-featured-img":"","footer-sml-layout":"","theme-transparent-header-meta":"","adv-header-id-meta":"","stick-header-meta":"","header-above-stick-meta":"","header-main-stick-meta":"","header-below-stick-meta":"","astra-migrate-meta-layouts":"default","ast-page-background-enabled":"default","ast-page-background-meta":{"desktop":{"background-color":"var(--ast-global-color-4)","background-image":"","background-repeat":"repeat","background-position":"center center","background-size":"auto","background-attachment":"scroll","background-type":"","background-media":"","overlay-type":"","overlay-color":"","overlay-opacity":"","overlay-gradient":""},"tablet":{"background-color":"","background-image":"","background-repeat":"repeat","background-position":"center center","background-size":"auto","background-attachment":"scroll","background-type":"","background-media":"","overlay-type":"","overlay-color":"","overlay-opacity":"","overlay-gradient":""},"mobile":{"background-color":"","background-image":"","background-repeat":"repeat","background-position":"center center","background-size":"auto","background-attachment":"scroll","background-type":"","background-media":"","overlay-type":"","overlay-color":"","overlay-opacity":"","overlay-gradient":""}},"ast-content-background-meta":{"desktop":{"background-color":"var(--ast-global-color-5)","background-image":"","background-repeat":"repeat","background-position":"center center","background-size":"auto","background-attachment":"scroll","background-type":"","background-media":"","overlay-type":"","overlay-color":"","overlay-opacity":"","overlay-gradient":""},"tablet":{"background-color":"var(--ast-global-color-5)","background-image":"","background-repeat":"repeat","background-position":"center center","background-size":"auto","background-attachment":"scroll","background-type":"","background-media":"","overlay-type":"","overlay-color":"","overlay-opacity":"","overlay-gradient":""},"mobile":{"background-color":"var(--ast-global-color-5)","background-image":"","background-repeat":"repeat","background-position":"center center","background-size":"auto","background-attachment":"scroll","background-type":"","background-media":"","overlay-type":"","overlay-color":"","overlay-opacity":"","overlay-gradient":""}},"footnotes":""},"class_list":["post-1481","page","type-page","status-publish","hentry"],"post_mailing_queue_ids":[],"_links":{"self":[{"href":"https:\/\/agora.xtec.cat\/escola-santacaterina-vinyols\/wp-json\/wp\/v2\/pages\/1481","targetHints":{"allow":["GET"]}}],"collection":[{"href":"https:\/\/agora.xtec.cat\/escola-santacaterina-vinyols\/wp-json\/wp\/v2\/pages"}],"about":[{"href":"https:\/\/agora.xtec.cat\/escola-santacaterina-vinyols\/wp-json\/wp\/v2\/types\/page"}],"author":[{"embeddable":true,"href":"https:\/\/agora.xtec.cat\/escola-santacaterina-vinyols\/wp-json\/wp\/v2\/users\/1"}],"replies":[{"embeddable":true,"href":"https:\/\/agora.xtec.cat\/escola-santacaterina-vinyols\/wp-json\/wp\/v2\/comments?post=1481"}],"version-history":[{"count":3,"href":"https:\/\/agora.xtec.cat\/escola-santacaterina-vinyols\/wp-json\/wp\/v2\/pages\/1481\/revisions"}],"predecessor-version":[{"id":4242,"href":"https:\/\/agora.xtec.cat\/escola-santacaterina-vinyols\/wp-json\/wp\/v2\/pages\/1481\/revisions\/4242"}],"up":[{"embeddable":true,"href":"https:\/\/agora.xtec.cat\/escola-santacaterina-vinyols\/wp-json\/wp\/v2\/pages\/2683"}],"wp:attachment":[{"href":"https:\/\/agora.xtec.cat\/escola-santacaterina-vinyols\/wp-json\/wp\/v2\/media?parent=1481"}],"curies":[{"name":"wp","href":"https:\/\/api.w.org\/{rel}","templated":true}]}}