{"id":1480,"date":"2011-01-24T00:40:35","date_gmt":"2011-01-23T22:40:35","guid":{"rendered":"http:\/\/blocs.xtec.cat\/escolasantacaterina\/?page_id=7"},"modified":"2025-09-30T09:54:31","modified_gmt":"2025-09-30T07:54:31","slug":"lhort","status":"publish","type":"page","link":"https:\/\/agora.xtec.cat\/escola-santacaterina-vinyols\/com-treballem\/lhort\/","title":{"rendered":"L&#8217;hort i el galliner"},"content":{"rendered":"<p>L\u2019escola disposa d\u2019un <strong>hort ecol\u00f2gic<\/strong>, aquest espai esdev\u00e9 un entorn d\u2019aprenentatge viu, on l\u2019alumnat participa activament en totes les etapes del proc\u00e9s agr\u00edcola.<\/p>\n<ul>\n<li><strong>L\u2019alumnat de cicle mitj\u00e0<\/strong> s\u2019encarrega de la <strong>preparaci\u00f3 del terreny<\/strong> i del seguiment de l\u2019hort durant el curs.<\/li>\n<li><strong>Tots els infants<\/strong>, des d\u2019infantil fins a cicle superior, participen en les <strong>tasques de sembra i manteniment<\/strong>.<\/li>\n<li>El moment de la <strong>collita<\/strong> \u00e9s especialment esperat. Quan els cultius ho permeten, es preparen <strong>plats saludables amb productes de Km0<\/strong>.<\/li>\n<li>En ocasions, la collita no \u00e9s tan exitosa, i aix\u00f2 tamb\u00e9 esdev\u00e9 una <strong>oportunitat d\u2019aprenentatge<\/strong> sobre el valor del treball al camp, la incertesa de la natura i la import\u00e0ncia de la pagesia.<\/li>\n<\/ul>\n<p><img loading=\"lazy\" decoding=\"async\" class=\"wp-image-4858 alignleft\" src=\"https:\/\/agora.xtec.cat\/escola-santacaterina-vinyols\/wp-content\/uploads\/usu964\/2025\/09\/16129176-7a75-4a3b-83ae-1aecce0a5c83-768x1024.jpg\" alt=\"\" width=\"359\" height=\"479\" srcset=\"https:\/\/agora.xtec.cat\/escola-santacaterina-vinyols\/wp-content\/uploads\/usu964\/2025\/09\/16129176-7a75-4a3b-83ae-1aecce0a5c83-768x1024.jpg 768w, https:\/\/agora.xtec.cat\/escola-santacaterina-vinyols\/wp-content\/uploads\/usu964\/2025\/09\/16129176-7a75-4a3b-83ae-1aecce0a5c83-225x300.jpg 225w, https:\/\/agora.xtec.cat\/escola-santacaterina-vinyols\/wp-content\/uploads\/usu964\/2025\/09\/16129176-7a75-4a3b-83ae-1aecce0a5c83-1152x1536.jpg 1152w, https:\/\/agora.xtec.cat\/escola-santacaterina-vinyols\/wp-content\/uploads\/usu964\/2025\/09\/16129176-7a75-4a3b-83ae-1aecce0a5c83.jpg 1200w\" sizes=\"auto, (max-width: 359px) 100vw, 359px\" \/><\/p>\n<p>&nbsp;<\/p>\n<p><img loading=\"lazy\" decoding=\"async\" class=\"wp-image-4860 alignright\" src=\"https:\/\/agora.xtec.cat\/escola-santacaterina-vinyols\/wp-content\/uploads\/usu964\/2025\/09\/IMG_6526-1024x768.jpg\" alt=\"\" width=\"497\" height=\"373\" srcset=\"https:\/\/agora.xtec.cat\/escola-santacaterina-vinyols\/wp-content\/uploads\/usu964\/2025\/09\/IMG_6526-1024x768.jpg 1024w, https:\/\/agora.xtec.cat\/escola-santacaterina-vinyols\/wp-content\/uploads\/usu964\/2025\/09\/IMG_6526-300x225.jpg 300w, https:\/\/agora.xtec.cat\/escola-santacaterina-vinyols\/wp-content\/uploads\/usu964\/2025\/09\/IMG_6526-768x576.jpg 768w, https:\/\/agora.xtec.cat\/escola-santacaterina-vinyols\/wp-content\/uploads\/usu964\/2025\/09\/IMG_6526-1536x1152.jpg 1536w, https:\/\/agora.xtec.cat\/escola-santacaterina-vinyols\/wp-content\/uploads\/usu964\/2025\/09\/IMG_6526-2048x1536.jpg 2048w, https:\/\/agora.xtec.cat\/escola-santacaterina-vinyols\/wp-content\/uploads\/usu964\/2025\/09\/IMG_6526-200x150.jpg 200w\" sizes=\"auto, (max-width: 497px) 100vw, 497px\" \/><\/p>\n<p>&nbsp;<\/p>\n<p>&nbsp;<\/p>\n<p>&nbsp;<\/p>\n<p>&nbsp;<\/p>\n<p>&nbsp;<\/p>\n<p>&nbsp;<\/p>\n<p>&nbsp;<\/p>\n<p>&nbsp;<\/p>\n<p>&nbsp;<\/p>\n<p>&nbsp;<\/p>\n<p>L\u2019any 2014, amb la col\u00b7laboraci\u00f3 de les fam\u00edlies de la <strong>classe dels pollets<\/strong>, es va construir el <strong>galliner<\/strong>. Des d\u2019aleshores, aquest espai forma part del projecte educatiu del centre:<\/p>\n<ul>\n<li><strong>L\u2019alumnat de cicle inicial<\/strong> treballa peri\u00f2dicament el <strong>projecte d\u2019incubaci\u00f3 d\u2019ous a l\u2019aula<\/strong>, i el <strong>naixement dels pollets<\/strong> \u00e9s viscut com un esdeveniment emocionant i significatiu.<\/li>\n<li>Tots els infants participen tamb\u00e9 en la <strong>cura de les gallines<\/strong> i en la <strong>recollida dels ous<\/strong>, una activitat que desperta gran inter\u00e8s i responsabilitat.<\/li>\n<\/ul>\n<p><img loading=\"lazy\" decoding=\"async\" class=\"wp-image-4859 alignleft\" src=\"https:\/\/agora.xtec.cat\/escola-santacaterina-vinyols\/wp-content\/uploads\/usu964\/2025\/09\/20241028_091731-1024x940.jpg\" alt=\"\" width=\"386\" height=\"354\" srcset=\"https:\/\/agora.xtec.cat\/escola-santacaterina-vinyols\/wp-content\/uploads\/usu964\/2025\/09\/20241028_091731-1024x940.jpg 1024w, https:\/\/agora.xtec.cat\/escola-santacaterina-vinyols\/wp-content\/uploads\/usu964\/2025\/09\/20241028_091731-300x275.jpg 300w, https:\/\/agora.xtec.cat\/escola-santacaterina-vinyols\/wp-content\/uploads\/usu964\/2025\/09\/20241028_091731-768x705.jpg 768w, https:\/\/agora.xtec.cat\/escola-santacaterina-vinyols\/wp-content\/uploads\/usu964\/2025\/09\/20241028_091731-1536x1410.jpg 1536w, https:\/\/agora.xtec.cat\/escola-santacaterina-vinyols\/wp-content\/uploads\/usu964\/2025\/09\/20241028_091731-2048x1880.jpg 2048w\" sizes=\"auto, (max-width: 386px) 100vw, 386px\" \/> <img loading=\"lazy\" decoding=\"async\" class=\"wp-image-4861 alignright\" src=\"https:\/\/agora.xtec.cat\/escola-santacaterina-vinyols\/wp-content\/uploads\/usu964\/2025\/09\/IMG_9570-3-1024x768.jpg\" alt=\"\" width=\"475\" height=\"356\" srcset=\"https:\/\/agora.xtec.cat\/escola-santacaterina-vinyols\/wp-content\/uploads\/usu964\/2025\/09\/IMG_9570-3-1024x768.jpg 1024w, https:\/\/agora.xtec.cat\/escola-santacaterina-vinyols\/wp-content\/uploads\/usu964\/2025\/09\/IMG_9570-3-300x225.jpg 300w, https:\/\/agora.xtec.cat\/escola-santacaterina-vinyols\/wp-content\/uploads\/usu964\/2025\/09\/IMG_9570-3-768x576.jpg 768w, https:\/\/agora.xtec.cat\/escola-santacaterina-vinyols\/wp-content\/uploads\/usu964\/2025\/09\/IMG_9570-3-1536x1152.jpg 1536w, https:\/\/agora.xtec.cat\/escola-santacaterina-vinyols\/wp-content\/uploads\/usu964\/2025\/09\/IMG_9570-3-2048x1536.jpg 2048w, https:\/\/agora.xtec.cat\/escola-santacaterina-vinyols\/wp-content\/uploads\/usu964\/2025\/09\/IMG_9570-3-200x150.jpg 200w\" sizes=\"auto, (max-width: 475px) 100vw, 475px\" \/><\/p>\n<p>&nbsp;<\/p>\n<p>&nbsp;<\/p>\n<p>&nbsp;<\/p>\n<p>&nbsp;<\/p>\n<p>&nbsp;<\/p>\n<p>&nbsp;<\/p>\n<p>&nbsp;<\/p>\n<p>&nbsp;<\/p>\n<p>&nbsp;<\/p>\n<p>A trav\u00e9s del contacte directe amb la terra i els animals, els infants <strong>viuen i observen els processos c\u00edclics i naturals<\/strong> de la vida. Aquest treball els permet desenvolupar un <strong>aprenentatge actiu, cooperatiu i profundament arrelat al respecte per l&#8217;entorn.<\/strong><\/p>\n<p>&nbsp;<\/p>\n","protected":false},"excerpt":{"rendered":"<p>L\u2019escola disposa d\u2019un hort ecol\u00f2gic, aquest espai esdev\u00e9 un entorn d\u2019aprenentatge viu, on l\u2019alumnat participa activament en totes les etapes del proc\u00e9s agr\u00edcola. L\u2019alumnat de cicle mitj\u00e0 s\u2019encarrega de la preparaci\u00f3 del terreny i del seguiment de l\u2019hort durant el curs. Tots els infants, des d\u2019infantil fins a cicle superior, participen en les tasques de [&hellip;]<\/p>\n","protected":false},"author":1,"featured_media":0,"parent":2680,"menu_order":1,"comment_status":"closed","ping_status":"closed","template":"","meta":{"_bbp_topic_count":0,"_bbp_reply_count":0,"_bbp_total_topic_count":0,"_bbp_total_reply_count":0,"_bbp_voice_count":0,"_bbp_anonymous_reply_count":0,"_bbp_topic_count_hidden":0,"_bbp_reply_count_hidden":0,"_bbp_forum_subforum_count":0,"site-sidebar-layout":"default","site-content-layout":"","ast-site-content-layout":"","site-content-style":"default","site-sidebar-style":"default","ast-global-header-display":"","ast-banner-title-visibility":"","ast-main-header-display":"","ast-hfb-above-header-display":"","ast-hfb-below-header-display":"","ast-hfb-mobile-header-display":"","site-post-title":"","ast-breadcrumbs-content":"","ast-featured-img":"","footer-sml-layout":"","theme-transparent-header-meta":"","adv-header-id-meta":"","stick-header-meta":"","header-above-stick-meta":"","header-main-stick-meta":"","header-below-stick-meta":"","astra-migrate-meta-layouts":"default","ast-page-background-enabled":"default","ast-page-background-meta":{"desktop":{"background-color":"var(--ast-global-color-4)","background-image":"","background-repeat":"repeat","background-position":"center center","background-size":"auto","background-attachment":"scroll","background-type":"","background-media":"","overlay-type":"","overlay-color":"","overlay-opacity":"","overlay-gradient":""},"tablet":{"background-color":"","background-image":"","background-repeat":"repeat","background-position":"center center","background-size":"auto","background-attachment":"scroll","background-type":"","background-media":"","overlay-type":"","overlay-color":"","overlay-opacity":"","overlay-gradient":""},"mobile":{"background-color":"","background-image":"","background-repeat":"repeat","background-position":"center center","background-size":"auto","background-attachment":"scroll","background-type":"","background-media":"","overlay-type":"","overlay-color":"","overlay-opacity":"","overlay-gradient":""}},"ast-content-background-meta":{"desktop":{"background-color":"var(--ast-global-color-5)","background-image":"","background-repeat":"repeat","background-position":"center center","background-size":"auto","background-attachment":"scroll","background-type":"","background-media":"","overlay-type":"","overlay-color":"","overlay-opacity":"","overlay-gradient":""},"tablet":{"background-color":"var(--ast-global-color-5)","background-image":"","background-repeat":"repeat","background-position":"center center","background-size":"auto","background-attachment":"scroll","background-type":"","background-media":"","overlay-type":"","overlay-color":"","overlay-opacity":"","overlay-gradient":""},"mobile":{"background-color":"var(--ast-global-color-5)","background-image":"","background-repeat":"repeat","background-position":"center center","background-size":"auto","background-attachment":"scroll","background-type":"","background-media":"","overlay-type":"","overlay-color":"","overlay-opacity":"","overlay-gradient":""}},"footnotes":""},"class_list":["post-1480","page","type-page","status-publish","hentry"],"post_mailing_queue_ids":[],"_links":{"self":[{"href":"https:\/\/agora.xtec.cat\/escola-santacaterina-vinyols\/wp-json\/wp\/v2\/pages\/1480","targetHints":{"allow":["GET"]}}],"collection":[{"href":"https:\/\/agora.xtec.cat\/escola-santacaterina-vinyols\/wp-json\/wp\/v2\/pages"}],"about":[{"href":"https:\/\/agora.xtec.cat\/escola-santacaterina-vinyols\/wp-json\/wp\/v2\/types\/page"}],"author":[{"embeddable":true,"href":"https:\/\/agora.xtec.cat\/escola-santacaterina-vinyols\/wp-json\/wp\/v2\/users\/1"}],"replies":[{"embeddable":true,"href":"https:\/\/agora.xtec.cat\/escola-santacaterina-vinyols\/wp-json\/wp\/v2\/comments?post=1480"}],"version-history":[{"count":5,"href":"https:\/\/agora.xtec.cat\/escola-santacaterina-vinyols\/wp-json\/wp\/v2\/pages\/1480\/revisions"}],"predecessor-version":[{"id":4863,"href":"https:\/\/agora.xtec.cat\/escola-santacaterina-vinyols\/wp-json\/wp\/v2\/pages\/1480\/revisions\/4863"}],"up":[{"embeddable":true,"href":"https:\/\/agora.xtec.cat\/escola-santacaterina-vinyols\/wp-json\/wp\/v2\/pages\/2680"}],"wp:attachment":[{"href":"https:\/\/agora.xtec.cat\/escola-santacaterina-vinyols\/wp-json\/wp\/v2\/media?parent=1480"}],"curies":[{"name":"wp","href":"https:\/\/api.w.org\/{rel}","templated":true}]}}

<p>L’escola disposa d’un <strong>hort ecològic</strong>, aquest espai esdevé un entorn d’aprenentatge viu, on l’alumnat participa activament en totes les etapes del procés agrícola.</p>
<ul>
<li><strong>L’alumnat de cicle mitjà</strong> s’encarrega de la <strong>preparació del terreny</strong> i del seguiment de l’hort durant el curs.</li>
<li><strong>Tots els infants</strong>, des d’infantil fins a cicle superior, participen en les <strong>tasques de sembra i manteniment</strong>.</li>
<li>El moment de la <strong>collita</strong> és especialment esperat. Quan els cultius ho permeten, es preparen <strong>plats saludables amb productes de Km0</strong>.</li>
<li>En ocasions, la collita no és tan exitosa, i això també esdevé una <strong>oportunitat d’aprenentatge</strong> sobre el valor del treball al camp, la incertesa de la natura i la importància de la pagesia.</li>
</ul>
<p><img loading="lazy" decoding="async" class="wp-image-4858 alignleft" src="https://agora.xtec.cat/escola-santacaterina-vinyols/wp-content/uploads/usu964/2025/09/16129176-7a75-4a3b-83ae-1aecce0a5c83-768x1024.jpg" alt="" width="359" height="479" srcset="https://agora.xtec.cat/escola-santacaterina-vinyols/wp-content/uploads/usu964/2025/09/16129176-7a75-4a3b-83ae-1aecce0a5c83-768x1024.jpg 768w, https://agora.xtec.cat/escola-santacaterina-vinyols/wp-content/uploads/usu964/2025/09/16129176-7a75-4a3b-83ae-1aecce0a5c83-225x300.jpg 225w, https://agora.xtec.cat/escola-santacaterina-vinyols/wp-content/uploads/usu964/2025/09/16129176-7a75-4a3b-83ae-1aecce0a5c83-1152x1536.jpg 1152w, https://agora.xtec.cat/escola-santacaterina-vinyols/wp-content/uploads/usu964/2025/09/16129176-7a75-4a3b-83ae-1aecce0a5c83.jpg 1200w" sizes="auto, (max-width: 359px) 100vw, 359px" /></p>
<p>&nbsp;</p>
<p><img loading="lazy" decoding="async" class="wp-image-4860 alignright" src="https://agora.xtec.cat/escola-santacaterina-vinyols/wp-content/uploads/usu964/2025/09/IMG_6526-1024x768.jpg" alt="" width="497" height="373" srcset="https://agora.xtec.cat/escola-santacaterina-vinyols/wp-content/uploads/usu964/2025/09/IMG_6526-1024x768.jpg 1024w, https://agora.xtec.cat/escola-santacaterina-vinyols/wp-content/uploads/usu964/2025/09/IMG_6526-300x225.jpg 300w, https://agora.xtec.cat/escola-santacaterina-vinyols/wp-content/uploads/usu964/2025/09/IMG_6526-768x576.jpg 768w, https://agora.xtec.cat/escola-santacaterina-vinyols/wp-content/uploads/usu964/2025/09/IMG_6526-1536x1152.jpg 1536w, https://agora.xtec.cat/escola-santacaterina-vinyols/wp-content/uploads/usu964/2025/09/IMG_6526-2048x1536.jpg 2048w, https://agora.xtec.cat/escola-santacaterina-vinyols/wp-content/uploads/usu964/2025/09/IMG_6526-200x150.jpg 200w" sizes="auto, (max-width: 497px) 100vw, 497px" /></p>
<p>&nbsp;</p>
<p>&nbsp;</p>
<p>&nbsp;</p>
<p>&nbsp;</p>
<p>&nbsp;</p>
<p>&nbsp;</p>
<p>&nbsp;</p>
<p>&nbsp;</p>
<p>&nbsp;</p>
<p>&nbsp;</p>
<p>L’any 2014, amb la col·laboració de les famílies de la <strong>classe dels pollets</strong>, es va construir el <strong>galliner</strong>. Des d’aleshores, aquest espai forma part del projecte educatiu del centre:</p>
<ul>
<li><strong>L’alumnat de cicle inicial</strong> treballa periòdicament el <strong>projecte d’incubació d’ous a l’aula</strong>, i el <strong>naixement dels pollets</strong> és viscut com un esdeveniment emocionant i significatiu.</li>
<li>Tots els infants participen també en la <strong>cura de les gallines</strong> i en la <strong>recollida dels ous</strong>, una activitat que desperta gran interès i responsabilitat.</li>
</ul>
<p><img loading="lazy" decoding="async" class="wp-image-4859 alignleft" src="https://agora.xtec.cat/escola-santacaterina-vinyols/wp-content/uploads/usu964/2025/09/20241028_091731-1024x940.jpg" alt="" width="386" height="354" srcset="https://agora.xtec.cat/escola-santacaterina-vinyols/wp-content/uploads/usu964/2025/09/20241028_091731-1024x940.jpg 1024w, https://agora.xtec.cat/escola-santacaterina-vinyols/wp-content/uploads/usu964/2025/09/20241028_091731-300x275.jpg 300w, https://agora.xtec.cat/escola-santacaterina-vinyols/wp-content/uploads/usu964/2025/09/20241028_091731-768x705.jpg 768w, https://agora.xtec.cat/escola-santacaterina-vinyols/wp-content/uploads/usu964/2025/09/20241028_091731-1536x1410.jpg 1536w, https://agora.xtec.cat/escola-santacaterina-vinyols/wp-content/uploads/usu964/2025/09/20241028_091731-2048x1880.jpg 2048w" sizes="auto, (max-width: 386px) 100vw, 386px" /> <img loading="lazy" decoding="async" class="wp-image-4861 alignright" src="https://agora.xtec.cat/escola-santacaterina-vinyols/wp-content/uploads/usu964/2025/09/IMG_9570-3-1024x768.jpg" alt="" width="475" height="356" srcset="https://agora.xtec.cat/escola-santacaterina-vinyols/wp-content/uploads/usu964/2025/09/IMG_9570-3-1024x768.jpg 1024w, https://agora.xtec.cat/escola-santacaterina-vinyols/wp-content/uploads/usu964/2025/09/IMG_9570-3-300x225.jpg 300w, https://agora.xtec.cat/escola-santacaterina-vinyols/wp-content/uploads/usu964/2025/09/IMG_9570-3-768x576.jpg 768w, https://agora.xtec.cat/escola-santacaterina-vinyols/wp-content/uploads/usu964/2025/09/IMG_9570-3-1536x1152.jpg 1536w, https://agora.xtec.cat/escola-santacaterina-vinyols/wp-content/uploads/usu964/2025/09/IMG_9570-3-2048x1536.jpg 2048w, https://agora.xtec.cat/escola-santacaterina-vinyols/wp-content/uploads/usu964/2025/09/IMG_9570-3-200x150.jpg 200w" sizes="auto, (max-width: 475px) 100vw, 475px" /></p>
<p>&nbsp;</p>
<p>&nbsp;</p>
<p>&nbsp;</p>
<p>&nbsp;</p>
<p>&nbsp;</p>
<p>&nbsp;</p>
<p>&nbsp;</p>
<p>&nbsp;</p>
<p>&nbsp;</p>
<p>A través del contacte directe amb la terra i els animals, els infants <strong>viuen i observen els processos cíclics i naturals</strong> de la vida. Aquest treball els permet desenvolupar un <strong>aprenentatge actiu, cooperatiu i profundament arrelat al respecte per l&#8217;entorn.</strong></p>
<p>&nbsp;</p>

<p>L’escola disposa d’un hort ecològic, aquest espai esdevé un entorn d’aprenentatge viu, on l’alumnat participa activament en totes les etapes del procés agrícola. L’alumnat de cicle mitjà s’encarrega de la preparació del terreny i del seguiment de l’hort durant el curs. Tots els infants, des d’infantil fins a cicle superior, participen en les tasques de [&hellip;]</p>
