{"id":28,"date":"2014-09-18T12:29:35","date_gmt":"2014-09-18T11:29:35","guid":{"rendered":"http:\/\/agora.xtec.cat\/escola-sant-joan-benavent\/?page_id=28"},"modified":"2026-02-26T10:16:03","modified_gmt":"2026-02-26T09:16:03","slug":"consell-escolar","status":"publish","type":"page","link":"https:\/\/agora.xtec.cat\/escola-sant-joan-benavent\/lescola\/consell-escolar\/","title":{"rendered":"Consell escolar"},"content":{"rendered":"<p><span style=\"font-size: 14pt;\">El Consell Escolar \u00e9s l&#8217;\u00f2rgan de participaci\u00f3 dels diferents sectors de la comunitat educativa en el govern dels centres.<\/span><\/p>\n<p><span style=\"font-size: 14pt;\">Actualment, est\u00e0 format per:<\/span><\/p>\n<ul>\n<li><span style=\"font-size: 14pt;\">l&#8217;Equip Directiu<\/span><\/li>\n<li><span style=\"font-size: 14pt;\">4\u00a0representats del Claustre<\/span><\/li>\n<li><span style=\"font-size: 14pt;\">3 representants de pares i mares<\/span><\/li>\n<li><span style=\"font-size: 14pt;\">1 representant de l\u2019AMPA<\/span><\/li>\n<li><span style=\"font-size: 14pt;\">1 representant del Personal d\u2019Administraci\u00f3 i Serveis<\/span><\/li>\n<li><span style=\"font-size: 14pt;\">1 representant de l\u2019Ajuntament<\/span><\/li>\n<\/ul>\n<p>&nbsp;<\/p>\n<h1>Acords del Consell Escolar<\/h1>\n<ul>\n<li>\n<h3><span style=\"color: #000080;\"><em><strong>CURS 25-26<\/strong><\/em><\/span><\/h3>\n<\/li>\n<\/ul>\n<h3><strong>Consell Escolar (28\/01\/26)<\/strong><\/h3>\n<p>&#8211; Aprovaci\u00f3 actes sessions anterior<\/p>\n<p>&#8211; Aprovaci\u00f3 Pressupost 2026<\/p>\n<p>&#8211; Aprovaci\u00f3 Liquidaci\u00f3 2026<\/p>\n<p>&#8211; Activitats I sortides 2n trimestre<\/p>\n<p>&#8211; Portes obertes<\/p>\n<p>&nbsp;<\/p>\n<h3><strong>Consell Escolar (26\/11\/25)<\/strong><\/h3>\n<p>-Constituci\u00f3 Consell Escolar<\/p>\n<h3><strong>Consell Escolar (17\/09\/25)<\/strong><\/h3>\n<p>&#8211; Aprovaci\u00f3 Pla de Menjador per al curs 25-26<\/p>\n<p>&#8211; Aprovaci\u00f3 de la Mem\u00f2ria del curs 24-25<\/p>\n<p>&#8211; Aprovaci\u00f3 Programaci\u00f3 Anual curs 25-26<\/p>\n<p>&#8211; Aprovaci\u00f3 sortides i activitats programades per al curs 25-26<\/p>\n<p>&#8211; Aprovaci\u00f3 activitats extraescolars per al curs 25-26<\/p>\n<p>&#8211; S\u2019informa que aquest primer trimestre, hi haur\u00e0 eleccions al Consell Escolar<\/p>\n<ul>\n<li>\n<h3><span style=\"color: #000080;\"><em><strong>CURS 24-25<\/strong><\/em><\/span><\/h3>\n<\/li>\n<\/ul>\n<h3><strong>Consell Escolar (18\/02\/25)<\/strong><\/h3>\n<ol>\n<li>Lectura i aprovaci\u00f3, si s\u2019escau, de les actes anteriors<\/li>\n<li>Liquidaci\u00f3 2024<\/li>\n<li>Informacions generals<\/li>\n<li>Torn obert d\u2019intervencions<\/li>\n<\/ol>\n<h3><strong>Consell Escolar (29\/01\/25)<\/strong><\/h3>\n<ol>\n<li>Lectura i aprovaci\u00f3 actes anteriors<\/li>\n<li>Aprovaci\u00f3 modificaci\u00f3 del Pla de Menjador del curs 24-25<\/li>\n<li>Pressupost 2025<\/li>\n<li>Activitats i sortides 2n trimestre<\/li>\n<li>Portes Obertes<\/li>\n<li>Informacions generals<\/li>\n<li>Torn obert d\u2019intervencions<\/li>\n<\/ol>\n<h3><strong>Consell Escolar (18\/09\/24)<\/strong><\/h3>\n<ol>\n<li>Lectura i aprovaci\u00f3 acta n\u00famero 4 del curs 23-24<\/li>\n<li>Aprovaci\u00f3 Pla de Menjador curs 24-25<\/li>\n<li>Aprovaci\u00f3 de la Mem\u00f2ria curs 23-24<\/li>\n<li>Aprovaci\u00f3 de la Programaci\u00f3 Anual curs 24-25<\/li>\n<li>Aprovaci\u00f3 de les sortides i de les activitats programades curs 24-25<\/li>\n<li>Aprovaci\u00f3 de les activitats extraescolars<\/li>\n<li>Modificaci\u00f3 de la Carta de Comprom\u00eds<\/li>\n<li>Quota material EI<\/li>\n<li>Informacions generals<\/li>\n<li>Torn obert d\u2019intervencions<\/li>\n<\/ol>\n<ul>\n<li>\n<h3><span style=\"color: #000080;\"><em><strong>CURS 23-24<\/strong><\/em><\/span><\/h3>\n<\/li>\n<\/ul>\n<h3><strong>Consell Escolar (25\/06\/24)<\/strong><\/h3>\n<p>&#8211; Aprovaci\u00f3 acta sessi\u00f3 3, de 29 de maig de 2024<\/p>\n<p>&#8211; Aprovaci\u00f3 preu del menjador per al curs 24-25<\/p>\n<h3><strong>Consell Escolar (29\/05\/24)<\/strong><\/h3>\n<p>&#8211; Aprovaci\u00f3 acta sessi\u00f3\u00a0 2, de 13 de mar\u00e7 de 2024<\/p>\n<p>&#8211; Presentaci\u00f3 del Projecte de Direcci\u00f3 2024-2028<\/p>\n<p>&#8211; Aprovaci\u00f3 calendari curs 2024-2025<\/p>\n<p>&#8211; Aprovaci\u00f3 llistat de llibres i material<\/p>\n<h3><strong>Consell Escolar (30\/1\/24)<\/strong><\/h3>\n<p>&#8211; Aprovaci\u00f3 acta sessi\u00f3\u00a0 1, de 27 de setembre de 2023<\/p>\n<p>&#8211; Aprovaci\u00f3 actes sessions extraordin\u00e0ries de 29 de novembre,\u00a0 de 19 de desembre de 2023 i de 22 de gener de 2024<\/p>\n<p>&#8211; Liquidaci\u00f3 exercici 2023<\/p>\n<p>&#8211; Pressupost 2024<\/p>\n<p>&#8211; Activitats i sortides 2n Trimestre<\/p>\n<p>&#8211; Portes Obertes el dia 15 de febrer a les 14:30 h<\/p>\n<h3><strong>Consell Escolar extraordinari (29\/11\/23)<\/strong><\/h3>\n<p>&#8211; Constituci\u00f3 nou Consell Escolar<\/p>\n<h3><strong>Consell Escolar extraordinari (29\/11\/23)<\/strong><\/h3>\n<p>-Modificaci\u00f3 dia de lliure disposici\u00f3 del calendari escolar curs 23-24. Es canvia el dia de lliure disposici\u00f3 del dijous 2 de maig de 2024 pel dia de lliure disposici\u00f3, dilluns 6 de maig de 2024.<\/p>\n<h3><strong>Sessi\u00f3 n\u00fam. 5 de Consell Escolar (27\/09\/23)<\/strong><\/h3>\n<p>&#8211; Aprovaci\u00f3 acta sessi\u00f3\u00a0 4, de 14 de juny de 2023<\/p>\n<p>&#8211; Aprovaci\u00f3 actes sessions extraordin\u00e0ries de 26 de juny, de 29 de juny i de 7 de juliol de 2023<\/p>\n<p>&#8211; Aprovaci\u00f3 Pla de Menjador per al curs 23-24<\/p>\n<p>&#8211; Presentaci\u00f3 de la Mem\u00f2ria del curs 22-23<\/p>\n<p>&#8211; Aprovaci\u00f3 Programaci\u00f3 Anual curs 23-24<\/p>\n<p>&#8211; Aprovaci\u00f3 sortides i activitats programades per al curs 23-24<\/p>\n<p>&#8211; Aprovaci\u00f3 activitats extraescolars per al curs 23-24<\/p>\n<p>&#8211; S\u2019informa que aquest primer trimestre, hi haur\u00e0 eleccions al Consell Escolar<\/p>\n<p>&#8211; Quota material escolar: Educaci\u00f3 Infantil (30\u20ac) i Educaci\u00f3 Prim\u00e0ria (40\u20ac).<\/p>\n<p>Es pagar\u00e0 en dues vegades( 15\u20ac i 20\u20ac a l\u2019octubre, i 15\u20ac i 20\u20ac al febrer)<\/p>\n<ul>\n<li>\n<h3><span style=\"color: #000080;\"><em><strong>CURS 22-23<\/strong><\/em><\/span><\/h3>\n<\/li>\n<\/ul>\n<h3><strong>Sessi\u00f3 n\u00fam. 4 de Consell Escolar (14\/06\/23)<\/strong><\/h3>\n<p>&#8211; Aprovaci\u00f3 de l\u2019Acta n\u00famero 3, de 14 de febrer de 2023<\/p>\n<p>&#8211; Aprovaci\u00f3 de l\u2019Estrat\u00e8gia Digital de Centre<\/p>\n<p>&#8211; Aprovaci\u00f3 preu menjador 23-24<\/p>\n<p>&#8211; Aprovaci\u00f3 calendari curs 23-24<\/p>\n<h3><strong>Sessi\u00f3 n\u00fam. 3 de Consell Escolar (14\/02\/23)<\/strong><\/h3>\n<p>&#8211; Aprovaci\u00f3 de l\u2019Acta n\u00famero 2, de 24 de gener de 2023<\/p>\n<p>&#8211; Aprovaci\u00f3 de la liquidaci\u00f3 del pressupost 2022<\/p>\n<h3><strong>Sessi\u00f3 n\u00fam. 2 de Consell Escolar (24\/01\/23)<\/strong><\/h3>\n<p>&#8211; Aprovaci\u00f3 de l\u2019Acta n\u00famero 1, de 7 de setembre de 2022<\/p>\n<p>&#8211; Aprovaci\u00f3 acta extraordin\u00e0ria de 6 d\u2019octubre de 2022<\/p>\n<p>&#8211; Aprovaci\u00f3 acta extraordin\u00e0ria de 14 de desembre de 2022<\/p>\n<p>&#8211; Aprovaci\u00f3 del pressupost 2023<\/p>\n<p>&#8211; Aprovaci\u00f3 noves activitats i sortides programades per al 2n i 3r trimestre<\/p>\n<p>&#8211; Aprovaci\u00f3 activitats extraescolars programades per l\u2019AFA.<\/p>\n<h4><strong>Sessi\u00f3 n\u00fam. 1 de Consell Escolar (07\/09\/22)<\/strong><\/h4>\n<p align=\"left\"><span style=\"color: #000000;\"><span style=\"font-family: Comic Sans MS, serif;\"><span style=\"font-size: medium;\">&#8211; Aprovaci\u00f3 de l\u2019Acta n\u00famero 5, de 30 de juny de 2022<\/span><\/span><\/span><\/p>\n<p align=\"left\"><span style=\"color: #000000;\"><span style=\"font-family: Comic Sans MS, serif;\"><span style=\"font-size: medium;\">&#8211; Aprovaci\u00f3 acta extraordin\u00e0ria de 7 de juliol de 2022<\/span><\/span><\/span><\/p>\n<p align=\"left\"><span style=\"color: #000000;\"><span style=\"font-family: Comic Sans MS, serif;\"><span style=\"font-size: medium;\">&#8211; Aprovaci\u00f3 Pla de Menjador per al curs 22-23<\/span><\/span><\/span><\/p>\n<p align=\"left\"><span style=\"color: #000000;\"><span style=\"font-family: Comic Sans MS, serif;\"><span style=\"font-size: medium;\">&#8211; Presentaci\u00f3 de la Mem\u00f2ria del curs 21-22<\/span><\/span><\/span><\/p>\n<p align=\"left\"><span style=\"color: #000000;\"><span style=\"font-family: Comic Sans MS, serif;\"><span style=\"font-size: medium;\">&#8211; Aprovaci\u00f3 Programaci\u00f3 Anual curs 22-23<\/span><\/span><\/span><\/p>\n<p align=\"left\"><span style=\"color: #000000;\"><span style=\"font-family: Comic Sans MS, serif;\"><span style=\"font-size: medium;\">&#8211; Aprovaci\u00f3 sortides i activitats programades per al curs 22-23<\/span><\/span><\/span><\/p>\n<p align=\"left\"><span style=\"color: #000000;\"><span style=\"font-family: Comic Sans MS, serif;\"><span style=\"font-size: medium;\">&#8211; Informaci\u00f3 constituci\u00f3 Consell Escolar<\/span><\/span><\/span><\/p>\n<ul style=\"list-style-type: circle;\">\n<li>\n<h3><span style=\"color: #000080;\"><em><strong>CURS 21-22<\/strong><\/em><\/span><\/h3>\n<\/li>\n<\/ul>\n<h4><\/h4>\n<h4><strong>Sessi\u00f3 n\u00fam. 6 de Consell Escolar (30\/06\/22)<\/strong><\/h4>\n<p>&#8211; Aprovaci\u00f3 de l\u2019Acta 4, 1 de juny de 2022<\/p>\n<p>&#8211; Aprovaci\u00f3 modificacions Projecte Ling\u00fc\u00edstic<\/p>\n<p>&#8211; Aprovaci\u00f3 llistat de llibres i material escolar curs 2022-2023<\/p>\n<p>&nbsp;<\/p>\n<h4><strong>Sessi\u00f3 n\u00fam. 5 de Consell Escolar (01\/06\/22)<\/strong><\/h4>\n<p>&#8211; Aprovaci\u00f3 de l\u2019Acta 3, 10 de febrer de 2022<\/p>\n<p>&#8211; Informaci\u00f3 de les actuacions del Pla d\u2019Estrat\u00e8gia Digital i composici\u00f3 dels membres de l\u2019Equip Impulsor<\/p>\n<p>&#8211; Aprovaci\u00f3 calendari curs 2022-2023<\/p>\n<p>&#8211; Aprovaci\u00f3 horari escolar curs 2022-2023<\/p>\n<h4><\/h4>\n<h4><strong>Sessi\u00f3 n\u00fam. 4 de Consell Escolar (10\/02\/22)<\/strong><\/h4>\n<p>&#8211; Liquidaci\u00f3 Pressupost 2021<\/p>\n<p>&nbsp;<\/p>\n<h4><strong>Sessi\u00f3 n\u00fam. 3 de Consell Escolar (27\/01\/22)<\/strong><\/h4>\n<p><span style=\"font-family: Arial, sans-serif;\"><span style=\"color: #000000;\"><span style=\"font-size: medium;\">&#8211; Aprovaci\u00f3 de l\u2019acta n\u00famero 1 i de les actes extraordin\u00e0ries dels dies 27 de setembre i 15 de desembre de 2021<\/span><\/span><\/span><\/p>\n<p><span style=\"font-family: Arial, sans-serif;\"><span style=\"color: #000000;\"><span style=\"font-size: medium;\">&#8211; Aprovaci\u00f3 del Pressupost 2022<\/span><\/span><\/span><\/p>\n<p><span style=\"font-family: Arial, sans-serif;\"><span style=\"color: #000000;\"><span style=\"font-size: medium;\">&#8211; Projecte SI (certificat d\u2019innovaci\u00f3)<\/span><\/span><\/span><\/p>\n<p><span style=\"font-family: Arial, sans-serif;\"><span style=\"color: #000000;\"><span style=\"font-size: medium;\">&#8211; Auxiliar de conversa<\/span><\/span><\/span><\/p>\n<p>&nbsp;<\/p>\n<h4><strong>Sessi\u00f3 n\u00fam. 2 de Consell Escolar (15\/12\/21)<\/strong><\/h4>\n<p>-Consituci\u00f3 Consell Escolar<\/p>\n<p>&nbsp;<\/p>\n<h4><strong>Sessi\u00f3 n\u00fam. 1 de Consell Escolar (08\/09\/2021)<\/strong><\/h4>\n<p>&#8211; Aprovaci\u00f3 de l\u2019acta n\u00famero de 28 de juny de 2021.<\/p>\n<p>&#8211; Aprovaci\u00f3 del Pla d\u2019Organitzaci\u00f3 de centre curs 2021-2022.<\/p>\n<p>&#8211; Presentaci\u00f3 de la Mem\u00f2ria curs 2020-2021.<\/p>\n<p>&#8211; Aprovaci\u00f3 Programaci\u00f3 Anual curs 2021-2022.<\/p>\n<p>&#8211; Aprovaci\u00f3 sortides i activitats educatives programades.<\/p>\n<p>&#8211; Aprovaci\u00f3 de les activitats extraescolars programades per l\u2019AMPA.<\/p>\n<p>&#8211; Aprovaci\u00f3 de la modificaci\u00f3 del calendari curs 2021-2022, s\u2019afegeix el 6 de juny com a festiu.<\/p>\n<p>&nbsp;<\/p>\n<ul style=\"list-style-type: circle;\">\n<li>\n<h3><span style=\"color: #000080;\"><em><strong>CURS 20-21<\/strong><\/em><\/span><\/h3>\n<\/li>\n<\/ul>\n<h4><strong>Sessi\u00f3 n\u00fam. 4 de Consell Escolar (28\/06\/2021)<\/strong><\/h4>\n<p>&#8211; Aprovaci\u00f3 de l\u2019acta n\u00fam. 3 de 27 de gener de 2021.<\/p>\n<p>&#8211; Aprovaci\u00f3 <strong>preu de menjador<\/strong>: 6,33\u20ac alumnes fixos i 6,96\u20ac alumnes espor\u00e0dics.<\/p>\n<p>L\u2019acollida matinal (de 8.00 a 9:00h) i de migdia (de 12:30 a 13:30h i\/o de 14:00 a 15:00h) : 22\u20ac mensuals i 2,00\u20ac els espor\u00e0dics.<\/p>\n<p>&#8211; Aprovaci\u00f3 <strong>llistat de llibres i material<\/strong> per al curs 21-22.<\/p>\n<p>La quota de material escolar que pagaran les fam\u00edlies per al curs 21-22 ser\u00e0 de 30\u20ac.<\/p>\n<p>&#8211; Aprovaci\u00f3 del <strong>Calendari Escolar<\/strong> curs 21-22:<\/p>\n<p><strong>L\u2019inici de curs<\/strong> ser\u00e0 el 13 de setembre de 2021 i es <strong>finalitzar\u00e0<\/strong> el 22 de juny de 2022.<\/p>\n<p>La <strong>festa local<\/strong> ser\u00e0 el 31 de gener de 2022.<\/p>\n<p>La <strong>compensaci\u00f3 de festa local<\/strong> l\u201911 d\u2019octubre de 2021.<\/p>\n<p>Els dies de <strong>lliure disposici\u00f3<\/strong> el 7 de desembre de 2021, el 25 de febrer i el 9 de maig de 2022.<\/p>\n<p>Les <strong>vacances de Nadal<\/strong> seran del 23 de desembre de 2021 al 7 de gener de 2022, ambd\u00f3s inclosos.<\/p>\n<p>Les <strong>vacances de Setmana Santa<\/strong> de l\u201911 d\u2019abril al 18 d\u2019abril de 2022, ambd\u00f3s inclosos.<\/p>\n<p><strong>La jornada continuada<\/strong> del 22 de desembre de 2021 i la jornada continuada del 6 de juny al 22 de juny de 2022.<\/p>\n<p>&nbsp;<\/p>\n<h4><strong>Sessi\u00f3 n\u00fam. 3 de Consell Escolar (27\/01\/2021)<\/strong><\/h4>\n<p>&#8211; S\u2019han aprovat les actes de la sessi\u00f3 2 i la sessi\u00f3 extraordin\u00e0ria del 18 de gener de 2021.<\/p>\n<p>&#8211; S\u2019ha aprovat la liquidaci\u00f3 del Pressupost 2020.<\/p>\n<p>&#8211; S\u2019ha aprovat el Pressupost 2021.<\/p>\n<p>&nbsp;<\/p>\n<h4><strong>Sessi\u00f3 n\u00fam. 2 de Consell Escolar (15\/12\/2020)<\/strong><\/h4>\n<p>&#8211; S\u2019han aprovat les actes de la sessi\u00f3 1 i la sessi\u00f3 extraordin\u00e0ria del 29 d\u2019octubre de 2020.<\/p>\n<p>&#8211; S\u2019ha presentat la Mem\u00f2ria del curs 19-20.<\/p>\n<p>&#8211; S\u2019ha presentat la Programaci\u00f3 General Anual per al curs 20-21.<\/p>\n<p>&#8211; S\u2019ha aprovat el Pla de Menjador curs 20-21.<\/p>\n<p>&#8211; S\u2019han aprovat les activitats extraescolars.<\/p>\n<p>&#8211; S\u2019ha presentat i aprovat el projecte de conversa d\u2019angl\u00e8s \u201cTalk2m8s!\u201d.<\/p>\n<p>&#8211; S\u2019han aprovat les modificacions del pressupost 2020.<\/p>\n<p>&#8211; Aquest curs s\u2019ajornen les eleccions al Consell Escolar.<\/p>\n<p>&#8211; Es fa una breu descripci\u00f3 de les sortides i activitats complement\u00e0ries per al curs 20-21.<\/p>\n<p>&#8211; Es fan els agra\u00efments a l\u2019AMPA per la gesti\u00f3 duta a terme.<\/p>\n<p>&#8211; S\u2019accepta la dotaci\u00f3 d\u2019una porteria amb cistella de b\u00e0squet homologada.<\/p>\n<p>&#8211; S\u2019agraeix a l\u2019Ajuntament tota la dotaci\u00f3 de material per la Covid-19 i la neteja i desinfecci\u00f3 de l\u2019escola.<\/p>\n<p>&nbsp;<\/p>\n<h4><strong>Sessi\u00f3 extraordin\u00e0ria de Consell Escolar (29\/10\/2020)<\/strong><\/h4>\n<p>&#8211; S\u2019aprova la modificaci\u00f3 del pressupost 2019.<\/p>\n<p>&nbsp;<\/p>\n<h4><strong>Sessi\u00f3 n\u00fam. 1 de Consell Escolar (07\/09\/2020)<\/strong><\/h4>\n<p>&#8211; S\u2019han aprovat les actes de 30 de juny de 2020 i l\u2019acta de la sessi\u00f3 extraordin\u00e0ria del 14 de juliol de 2020.<\/p>\n","protected":false},"excerpt":{"rendered":"<p>El Consell Escolar \u00e9s l&#8217;\u00f2rgan de participaci\u00f3 dels diferents sectors de la comunitat educativa en el govern dels centres. Actualment, est\u00e0 format per: l&#8217;Equip Directiu 4\u00a0representats del Claustre 3 representants de pares i mares 1 representant de l\u2019AMPA 1 representant del Personal d\u2019Administraci\u00f3 i Serveis 1 representant de l\u2019Ajuntament &nbsp; Acords del Consell Escolar CURS [&hellip;]<\/p>\n","protected":false},"author":1,"featured_media":0,"parent":22,"menu_order":30,"comment_status":"closed","ping_status":"closed","template":"page-templates\/side-menu.php","meta":{"_bbp_topic_count":0,"_bbp_reply_count":0,"_bbp_total_topic_count":0,"_bbp_total_reply_count":0,"_bbp_voice_count":0,"_bbp_anonymous_reply_count":0,"_bbp_topic_count_hidden":0,"_bbp_reply_count_hidden":0,"_bbp_forum_subforum_count":0,"site-sidebar-layout":"default","site-content-layout":"","ast-site-content-layout":"","site-content-style":"default","site-sidebar-style":"default","ast-global-header-display":"","ast-banner-title-visibility":"","ast-main-header-display":"","ast-hfb-above-header-display":"","ast-hfb-below-header-display":"","ast-hfb-mobile-header-display":"","site-post-title":"","ast-breadcrumbs-content":"","ast-featured-img":"","footer-sml-layout":"","theme-transparent-header-meta":"","adv-header-id-meta":"","stick-header-meta":"","header-above-stick-meta":"","header-main-stick-meta":"","header-below-stick-meta":"","astra-migrate-meta-layouts":"default","ast-page-background-enabled":"default","ast-page-background-meta":{"desktop":{"background-color":"var(--ast-global-color-4)","background-image":"","background-repeat":"repeat","background-position":"center center","background-size":"auto","background-attachment":"scroll","background-type":"","background-media":"","overlay-type":"","overlay-color":"","overlay-opacity":"","overlay-gradient":""},"tablet":{"background-color":"","background-image":"","background-repeat":"repeat","background-position":"center center","background-size":"auto","background-attachment":"scroll","background-type":"","background-media":"","overlay-type":"","overlay-color":"","overlay-opacity":"","overlay-gradient":""},"mobile":{"background-color":"","background-image":"","background-repeat":"repeat","background-position":"center center","background-size":"auto","background-attachment":"scroll","background-type":"","background-media":"","overlay-type":"","overlay-color":"","overlay-opacity":"","overlay-gradient":""}},"ast-content-background-meta":{"desktop":{"background-color":"var(--ast-global-color-5)","background-image":"","background-repeat":"repeat","background-position":"center center","background-size":"auto","background-attachment":"scroll","background-type":"","background-media":"","overlay-type":"","overlay-color":"","overlay-opacity":"","overlay-gradient":""},"tablet":{"background-color":"var(--ast-global-color-5)","background-image":"","background-repeat":"repeat","background-position":"center center","background-size":"auto","background-attachment":"scroll","background-type":"","background-media":"","overlay-type":"","overlay-color":"","overlay-opacity":"","overlay-gradient":""},"mobile":{"background-color":"var(--ast-global-color-5)","background-image":"","background-repeat":"repeat","background-position":"center center","background-size":"auto","background-attachment":"scroll","background-type":"","background-media":"","overlay-type":"","overlay-color":"","overlay-opacity":"","overlay-gradient":""}},"footnotes":""},"class_list":["post-28","page","type-page","status-publish","hentry"],"post_mailing_queue_ids":[],"_links":{"self":[{"href":"https:\/\/agora.xtec.cat\/escola-sant-joan-benavent\/wp-json\/wp\/v2\/pages\/28","targetHints":{"allow":["GET"]}}],"collection":[{"href":"https:\/\/agora.xtec.cat\/escola-sant-joan-benavent\/wp-json\/wp\/v2\/pages"}],"about":[{"href":"https:\/\/agora.xtec.cat\/escola-sant-joan-benavent\/wp-json\/wp\/v2\/types\/page"}],"author":[{"embeddable":true,"href":"https:\/\/agora.xtec.cat\/escola-sant-joan-benavent\/wp-json\/wp\/v2\/users\/1"}],"replies":[{"embeddable":true,"href":"https:\/\/agora.xtec.cat\/escola-sant-joan-benavent\/wp-json\/wp\/v2\/comments?post=28"}],"version-history":[{"count":6,"href":"https:\/\/agora.xtec.cat\/escola-sant-joan-benavent\/wp-json\/wp\/v2\/pages\/28\/revisions"}],"predecessor-version":[{"id":7156,"href":"https:\/\/agora.xtec.cat\/escola-sant-joan-benavent\/wp-json\/wp\/v2\/pages\/28\/revisions\/7156"}],"up":[{"embeddable":true,"href":"https:\/\/agora.xtec.cat\/escola-sant-joan-benavent\/wp-json\/wp\/v2\/pages\/22"}],"wp:attachment":[{"href":"https:\/\/agora.xtec.cat\/escola-sant-joan-benavent\/wp-json\/wp\/v2\/media?parent=28"}],"curies":[{"name":"wp","href":"https:\/\/api.w.org\/{rel}","templated":true}]}}