{"id":80,"date":"2014-09-18T14:09:48","date_gmt":"2014-09-18T12:09:48","guid":{"rendered":"http:\/\/agora.xtec.cat\/escola-salou\/?page_id=80"},"modified":"2026-02-25T23:00:48","modified_gmt":"2026-02-25T22:00:48","slug":"personal","status":"publish","type":"page","link":"https:\/\/agora.xtec.cat\/escola-salou\/informacio\/personal\/","title":{"rendered":"Personal"},"content":{"rendered":"\n<p style=\"text-align: justify;\"><strong>\u00a0<\/strong><br \/><strong><br \/><\/strong><\/p>\n<p style=\"text-align: justify;\"><strong>\u00a0<\/strong><\/p>\n<table style=\"height: 688px; width: 52.7377%; border-collapse: collapse; border-color: #1665a1;\">\n<tbody>\n<tr style=\"height: 42px;\">\n<td style=\"width: 100%; height: 25px; background-color: #3070e6;\">\n<h4 style=\"text-align: center;\"><span style=\"color: #000000;\"><strong><em>C<\/em>laustre de mestres<\/strong><\/span><\/h4>\n<\/td>\n<\/tr>\n<tr style=\"height: 156px;\">\n<td style=\"width: 100%; height: 144px;\">\n<ul style=\"list-style-type: square;\">\n<li><strong>Equip Directiu<\/strong><\/li>\n<\/ul>\n<p>Directora <b style=\"font-size: revert; font-family: inherit; color: initial;\">Marian Castillo<\/b><\/p>\n<p>Cap d\u2019Estudis <strong style=\"font-size: revert; font-family: inherit; color: initial;\">Raquel C\u00e1ceres<\/strong><\/p>\n<p>Secret\u00e0ria <strong>Cristina Ferr\u00e9<\/strong><\/p>\n<\/td>\n<\/tr>\n<tr style=\"height: 32px;\">\n<td style=\"width: 100%; height: 10px; background-color: #9bb0e8;\">\u00a0<\/td>\n<\/tr>\n<tr style=\"height: 79px;\">\n<td style=\"width: 100%; height: 79px; text-align: left;\">\n<ul style=\"list-style-type: square;\">\n<li><strong>Educaci\u00f3 Infantil<\/strong><\/li>\n<\/ul>\n<p>I3 <strong style=\"font-size: revert; font-family: inherit; color: initial;\">Nieves Lozano\/ M\u00f2nica Hubet<\/strong><\/p>\n<p>I4<strong style=\"font-size: revert; font-family: inherit; color: initial;\">\u00a0Ivet Ferr\u00e9\/ T\u00e0nia Ben\u00edtez<\/strong><\/p>\n<p>I5 <strong>Nelly Monn\u00e9<\/strong><strong style=\"font-size: revert; font-family: inherit; color: initial;\">\/ Judiht Pascual<\/strong><\/p>\n<\/td>\n<\/tr>\n<tr style=\"height: 32px;\">\n<td style=\"width: 100%; height: 10px; background-color: #59639e;\">\u00a0<\/td>\n<\/tr>\n<tr style=\"height: 126px;\">\n<td style=\"width: 100%; height: 126px;\">\n<ul>\n<li style=\"text-align: left;\"><strong>Educaci\u00f3 Prim\u00e0ria<\/strong><\/li>\n<\/ul>\n<p>1r <strong>Ester Rabas\u00f3\/ Elena Rojas\/ Xavier Lloren\u00e7<\/strong><\/p>\n<p>2n <strong> N\u00faria Tom\u00e0s\/ Sarai Garriga\/ Laura Mondrag\u00f3n<\/strong><\/p>\n<p>3r<strong> Ana Pomares\/ M\u00edriam Ferrer<\/strong><\/p>\n<p>4t <strong>Astrid Vercher\/ Unai Segura\/ Maria Zapata<\/strong><\/p>\n<p>5\u00e8 <strong>Olga Rold\u00e1n\/ Noelia Fern\u00e1ndez<\/strong><\/p>\n<p>6\u00e8 <strong>Ana\u00efs Juncosa \/ Carme Bonet<\/strong><\/p>\n<\/td>\n<\/tr>\n<tr style=\"height: 32px;\">\n<td style=\"width: 100%; height: 10px; background-color: #b2baed;\">\u00a0<\/td>\n<\/tr>\n<tr style=\"height: 32px;\">\n<td style=\"width: 100%; height: 10px;\">\n<ul style=\"list-style-type: square;\">\n<li><strong>Suport <\/strong><\/li>\n<\/ul>\n<p><strong>\u00a0Marian Castillo\/ Cristina Ferr\u00e9\/ Gemma Subirats\/S\u00f2nia L\u00f3pez<\/strong><\/p>\n<\/td>\n<\/tr>\n<tr style=\"height: 32px;\">\n<td style=\"width: 100%; height: 10px; background-color: #637bb8;\">\u00a0<\/td>\n<\/tr>\n<tr style=\"height: 126px;\">\n<td style=\"width: 100%; height: 117px;\">\n<ul style=\"list-style-type: square;\">\n<li><strong>Especialistes<\/strong><\/li>\n<\/ul>\n<p>Educaci\u00f3 F\u00edsica <strong>Sebasti\u00e0 Roig<\/strong><\/p>\n<p>Educaci\u00f3 Musical<strong style=\"font-size: revert; font-family: inherit; color: initial;\"> Pere Pons<\/strong><\/p>\n<p>Angl\u00e8s <strong style=\"font-size: revert; font-family: inherit; color: initial;\">Rosana Alonso\/ Paz Belanche\/ Cristina Bujeda<\/strong><\/p>\n<p>Educaci\u00f3 Especial <strong style=\"font-family: inherit; font-size: 1em;\">Bel\u00e9n Mart\u00edn\/ Raquel C\u00e1ceres\/ Cristina L\u00f3pez\u00a0 \u00a0 <\/strong><\/p>\n<p>Aula d&#8217;acollida <strong style=\"font-family: inherit; font-size: 1em;\">Ana Mart\u00ednez<\/strong><\/p>\n<p>SIEI<strong style=\"font-family: inherit; font-size: 1em;\"> Mariana Navarro\u00a0 \u00a0<\/strong><\/p>\n<p>Religi\u00f3 <strong style=\"font-size: revert; font-family: inherit; color: initial;\">\u00a0Rosa Blad\u00e9<\/strong><\/p>\n<\/td>\n<\/tr>\n<tr style=\"height: 32px;\">\n<td style=\"width: 100%; height: 15px; background-color: #99a4ba;\">\u00a0<\/td>\n<\/tr>\n<tr style=\"height: 79px;\">\n<td style=\"width: 100%; height: 79px;\">\n<ul style=\"list-style-type: square;\">\n<li><strong>Personal de Serveis i Administraci\u00f3<\/strong><\/li>\n<\/ul>\n<p>T\u00e8cnica EI<strong style=\"font-size: revert; font-family: inherit; color: initial;\"> Laura Loran<\/strong><\/p>\n<p>Educadora social <strong>Yolanda Fern\u00e1ndez<\/strong><\/p>\n<p><span style=\"font-family: inherit; font-size: inherit; font-weight: inherit; color: initial;\">Consergeria<strong> Laura<\/strong><\/span><\/p>\n<p><span style=\"font-family: inherit; font-size: inherit; font-weight: inherit; color: initial;\">Administrativa <\/span><strong style=\"font-size: revert; font-family: inherit; color: initial;\">Neus Puente\u00a0\u00a0<\/strong><\/p>\n<\/td>\n<\/tr>\n<tr style=\"height: 32px;\">\n<td style=\"width: 100%; height: 20px; background-color: #9994d1;\">\u00a0<\/td>\n<\/tr>\n<tr style=\"height: 32px;\">\n<td style=\"width: 100%; height: 10px;\">\n<ul style=\"list-style-type: square;\">\n<li><strong>Altres<\/strong><\/li>\n<\/ul>\n<p>Coordinador LIC<strong style=\"font-size: revert; font-family: inherit; color: initial;\"> Albert Salas<\/strong><\/p>\n<p>Psicopedagoga<strong style=\"font-size: revert; font-family: inherit; color: initial;\"> S\u00edlvia Rodes\u00a0<\/strong><\/p>\n<p>Logopeda<strong> Anna Corbalan<\/strong><\/p>\n<p>Fisioterapeuta <strong style=\"font-size: revert; font-family: inherit; color: initial;\">S\u00f2nia Higueras<\/strong><\/p>\n<p>Treballadora Social<strong style=\"font-size: revert; font-family: inherit; color: initial;\"> Neus Trillas\u00a0 \u00a0\u00a0<\/strong><strong style=\"font-family: inherit; font-size: 0.875em;\">\u00a0 \u00a0<\/strong><\/p>\n<p>E.oral <span style=\"font-family: inherit; font-size: 1em;\">\u00a0<\/span><strong style=\"font-family: inherit; font-size: 1em;\">Magda Hern\u00e1ndez<\/strong><\/p>\n<p>Assessora Pl\u00e0stica\u00a0<strong style=\"font-size: revert; font-family: inherit; color: initial;\">Anna Ti\u00f1ena\u00a0 <\/strong><\/p>\n<p>Vetlladores <strong style=\"font-size: revert; font-family: inherit; color: initial;\">M.Jos\u00e9 Mantero \/ Teresa Llaveria\/ Andrea Espinosa \/Daria Rumiantceva\/ Ant\u00f2nia\/ Fina L\u00f3pez<\/strong><\/p>\n<\/td>\n<\/tr>\n<tr style=\"height: 23px;\">\n<td style=\"width: 100%; background-color: #3249c9; height: 23px;\"><strong>\u00a0<\/strong><\/td>\n<\/tr>\n<\/tbody>\n<\/table>\n<p style=\"text-align: justify;\">\u00a0<\/p>\n","protected":false},"excerpt":{"rendered":"<p>\u00a0<br \/>\n\u00a0<\/p>\n<p>Claustre de mestres<\/p>\n<ul style=\"list-style-type: square;\">\n<li>Equip Directiu<\/li>\n<\/ul>\n<p>Directora Marian Castillo<br \/>\nCap d\u2019Estudis Raquel C\u00e1ceres<br \/>\nSecret\u00e0ria Cristina Ferr\u00e9<\/p>\n<p>\u00a0<\/p>\n<ul style=\"list-style-type: square;\">\n<li>Educaci\u00f3 Infantil<\/li>\n<\/ul>\n<p>I3 Nieves Lozano\/ M\u00f2nica Hubet<br \/>\nI4\u00a0Ivet Ferr\u00e9\/ T\u00e0nia Ben\u00edtez<br \/>\nI5 Nelly Monn\u00e9\/ Judiht Pascual<\/p>\n<p>\u00a0<\/p>\n<ul>\n<li style=\"text-align: left;\">Educaci\u00f3 Prim\u00e0ria<\/li>\n<\/ul>\n<p>1r Ester Rabas\u00f3\/ Elena Rojas\/ Xavier Lloren\u00e7<br \/>\n2n  N\u00faria Tom\u00e0s\/ Sarai Garriga\/ Laura Mondrag\u00f3n<br \/>\n3r Ana Pomares\/&hellip;  <a href=\"https:\/\/agora.xtec.cat\/escola-salou\/informacio\/personal\/\" title=\"Read Personal\">Llegeix m\u00e9s\u00bb<\/a><\/p>\n","protected":false},"author":1,"featured_media":0,"parent":516,"menu_order":50,"comment_status":"closed","ping_status":"closed","template":"page-templates\/side-menu.php","meta":{"_bbp_topic_count":0,"_bbp_reply_count":0,"_bbp_total_topic_count":0,"_bbp_total_reply_count":0,"_bbp_voice_count":0,"_bbp_anonymous_reply_count":0,"_bbp_topic_count_hidden":0,"_bbp_reply_count_hidden":0,"_bbp_forum_subforum_count":0,"footnotes":""},"class_list":["post-80","page","type-page","status-publish","hentry"],"post_mailing_queue_ids":[],"_links":{"self":[{"href":"https:\/\/agora.xtec.cat\/escola-salou\/wp-json\/wp\/v2\/pages\/80","targetHints":{"allow":["GET"]}}],"collection":[{"href":"https:\/\/agora.xtec.cat\/escola-salou\/wp-json\/wp\/v2\/pages"}],"about":[{"href":"https:\/\/agora.xtec.cat\/escola-salou\/wp-json\/wp\/v2\/types\/page"}],"author":[{"embeddable":true,"href":"https:\/\/agora.xtec.cat\/escola-salou\/wp-json\/wp\/v2\/users\/1"}],"replies":[{"embeddable":true,"href":"https:\/\/agora.xtec.cat\/escola-salou\/wp-json\/wp\/v2\/comments?post=80"}],"version-history":[{"count":5,"href":"https:\/\/agora.xtec.cat\/escola-salou\/wp-json\/wp\/v2\/pages\/80\/revisions"}],"predecessor-version":[{"id":23802,"href":"https:\/\/agora.xtec.cat\/escola-salou\/wp-json\/wp\/v2\/pages\/80\/revisions\/23802"}],"up":[{"embeddable":true,"href":"https:\/\/agora.xtec.cat\/escola-salou\/wp-json\/wp\/v2\/pages\/516"}],"wp:attachment":[{"href":"https:\/\/agora.xtec.cat\/escola-salou\/wp-json\/wp\/v2\/media?parent=80"}],"curies":[{"name":"wp","href":"https:\/\/api.w.org\/{rel}","templated":true}]}}