{"id":26,"date":"2014-09-18T12:24:32","date_gmt":"2014-09-18T11:24:32","guid":{"rendered":"http:\/\/agora.xtec.cat\/escola-salou\/?page_id=26"},"modified":"2016-09-19T13:13:46","modified_gmt":"2016-09-19T11:13:46","slug":"qui-som","status":"publish","type":"page","link":"https:\/\/agora.xtec.cat\/escola-salou\/lescola\/qui-som\/","title":{"rendered":"Qui som?"},"content":{"rendered":"<h4 class=\"post-title entry-title\"><strong><span style=\"color: #3366ff;\"><u>TRETS D\u2019IDENTITAT:<\/u><\/span><\/strong><\/h4>\n<div id=\"post-body-8715753293561936647\" class=\"post-body entry-content\">\n<div><b>Missi\u00f3\u00a0<\/b><\/div>\n<p>Formar ciutadans competents i preparats per al segle XXI, a trav\u00e9s de l\u2019ensenyament , oferint una educaci\u00f3 de qualitat, incidint en el coneixement de lleng\u00fces estrangeres i noves tecnologies a trav\u00e9s d\u2019una escola inclusiva on conviuen diverses cultures.<\/p>\n<div><\/div>\n<div><b>Visi\u00f3\u00a0<\/b><\/div>\n<p><b>\u00a0<\/b>Ser el referent de totes les escoles d\u2019infantil i prim\u00e0ria de la poblaci\u00f3 amb un comprom\u00eds de qualitat i excel\u00b7l\u00e8ncia.<\/p>\n<div><\/div>\n<div><b>Valors\u00a0<\/b><\/div>\n<p>Aconseguir que l\u2019alumnat del nostre centre estiguin preparats per afrontar la seva vida personal i professional amb garantia d\u2019\u00e8xit, assumint l\u2019esfor\u00e7 i la responsabilitat com a valors indispensables perqu\u00e8 aix\u00f2 sigui possible amb la innovaci\u00f3 i la transformaci\u00f3 com a eix cap a l\u2019equitat i la no exclusi\u00f3.<\/p>\n<\/div>\n","protected":false},"excerpt":{"rendered":"<p>TRETS D\u2019IDENTITAT:<\/p>\n<p>Missi\u00f3\u00a0<br \/>\nFormar ciutadans competents i preparats per al segle XXI, a trav\u00e9s de l\u2019ensenyament , oferint una educaci\u00f3 de qualitat, incidint en el coneixement de lleng\u00fces estrangeres i noves tecnologies a trav\u00e9s d\u2019una escola inclusiva on conviuen diverses cultures.<\/p>\n<p>Visi\u00f3\u00a0<br \/>\n\u00a0Ser el referent de totes les escoles&hellip;  <a href=\"https:\/\/agora.xtec.cat\/escola-salou\/lescola\/qui-som\/\" title=\"Read Qui som?\">Llegeix m\u00e9s\u00bb<\/a><\/p>\n","protected":false},"author":1,"featured_media":0,"parent":22,"menu_order":20,"comment_status":"closed","ping_status":"closed","template":"page-templates\/side-menu.php","meta":{"_bbp_topic_count":0,"_bbp_reply_count":0,"_bbp_total_topic_count":0,"_bbp_total_reply_count":0,"_bbp_voice_count":0,"_bbp_anonymous_reply_count":0,"_bbp_topic_count_hidden":0,"_bbp_reply_count_hidden":0,"_bbp_forum_subforum_count":0,"footnotes":""},"class_list":["post-26","page","type-page","status-publish","hentry"],"post_mailing_queue_ids":[],"_links":{"self":[{"href":"https:\/\/agora.xtec.cat\/escola-salou\/wp-json\/wp\/v2\/pages\/26","targetHints":{"allow":["GET"]}}],"collection":[{"href":"https:\/\/agora.xtec.cat\/escola-salou\/wp-json\/wp\/v2\/pages"}],"about":[{"href":"https:\/\/agora.xtec.cat\/escola-salou\/wp-json\/wp\/v2\/types\/page"}],"author":[{"embeddable":true,"href":"https:\/\/agora.xtec.cat\/escola-salou\/wp-json\/wp\/v2\/users\/1"}],"replies":[{"embeddable":true,"href":"https:\/\/agora.xtec.cat\/escola-salou\/wp-json\/wp\/v2\/comments?post=26"}],"version-history":[{"count":4,"href":"https:\/\/agora.xtec.cat\/escola-salou\/wp-json\/wp\/v2\/pages\/26\/revisions"}],"predecessor-version":[{"id":574,"href":"https:\/\/agora.xtec.cat\/escola-salou\/wp-json\/wp\/v2\/pages\/26\/revisions\/574"}],"up":[{"embeddable":true,"href":"https:\/\/agora.xtec.cat\/escola-salou\/wp-json\/wp\/v2\/pages\/22"}],"wp:attachment":[{"href":"https:\/\/agora.xtec.cat\/escola-salou\/wp-json\/wp\/v2\/media?parent=26"}],"curies":[{"name":"wp","href":"https:\/\/api.w.org\/{rel}","templated":true}]}}