{"id":28,"date":"2014-09-18T12:29:35","date_gmt":"2014-09-18T11:29:35","guid":{"rendered":"http:\/\/agora.xtec.cat\/escola-roureda\/?page_id=28"},"modified":"2025-10-27T12:43:51","modified_gmt":"2025-10-27T11:43:51","slug":"consell-escolar","status":"publish","type":"page","link":"https:\/\/agora.xtec.cat\/escola-roureda\/lescola\/consell-escolar\/","title":{"rendered":"Consell escolar"},"content":{"rendered":"<p>El consell escolar del centre \u00e9s l&#8217;<strong>\u00f2rgan col\u00b7legiat de participaci\u00f3<\/strong>\u00a0de la comunitat escolar en el govern del centre. En el consell escolar hi ha representats tots els col\u00b7lectius que intervenen en la comunitat educativa: director o directora, professorat, alumnes, personal d&#8217;administraci\u00f3 i serveis, etc.<\/p>\n<p>En els centres p\u00fablics, la funci\u00f3 principal del consell escolar \u00e9s participar en la presa de decisions en relaci\u00f3 amb aquells temes importants per al funcionament i l&#8217;organitzaci\u00f3 del centre: el projecte educatiu, la programaci\u00f3 general, la gesti\u00f3 econ\u00f2mica, etc.<\/p>\n<p>Els membres del consell escolar s\u00f3n elegits per un per\u00edode de quatre anys i es renoven per meitats cada dos anys.<\/p>\n<table style=\"width: 41.6528%; height: 462px;\">\n<tbody>\n<tr style=\"height: 33px;\">\n<td style=\"height: 33px;\" width=\"288\">Cap d\u00b4estudis<\/td>\n<td style=\"height: 33px;\" width=\"288\">Cristina Cortell<\/td>\n<\/tr>\n<tr style=\"height: 33px;\">\n<td style=\"height: 33px;\" width=\"288\">Regidor de l\u00b4 Ajuntament<\/td>\n<td style=\"height: 33px;\" width=\"288\">Pere Garc\u00eda<\/td>\n<\/tr>\n<tr style=\"height: 33px;\">\n<td style=\"height: 33px;\" width=\"288\">Representant sector mestres<\/td>\n<td style=\"height: 33px;\" width=\"288\">S\u00edlvia Ferrer<\/td>\n<\/tr>\n<tr style=\"height: 33px;\">\n<td style=\"height: 33px;\" width=\"288\">Representant sector mestres<\/td>\n<td style=\"height: 33px;\" width=\"288\">Eva Molist<\/td>\n<\/tr>\n<tr style=\"height: 33px;\">\n<td style=\"height: 33px;\" width=\"288\">Representant sector mestres<\/td>\n<td style=\"height: 33px;\" width=\"288\">Maria Salas<\/td>\n<\/tr>\n<tr style=\"height: 33px;\">\n<td style=\"height: 33px;\" width=\"288\">Representant sector mestres<\/td>\n<td style=\"height: 33px;\" width=\"288\">Joan Lobato<\/td>\n<\/tr>\n<tr style=\"height: 33px;\">\n<td style=\"height: 33px;\" width=\"288\">Representant sector mestres<\/td>\n<td style=\"height: 33px;\" width=\"288\">Saray Moya<\/td>\n<\/tr>\n<tr style=\"height: 33px;\">\n<td style=\"height: 33px;\" width=\"288\">Representant sector pares<\/td>\n<td style=\"height: 33px;\" width=\"288\">Ruth Mart\u00ednez<\/td>\n<\/tr>\n<tr style=\"height: 33px;\">\n<td style=\"height: 33px;\" width=\"288\">Representant sector pares<\/td>\n<td style=\"height: 33px;\" width=\"288\">Jos\u00e9 Luis Porras<\/td>\n<\/tr>\n<tr style=\"height: 33px;\">\n<td style=\"height: 33px;\" width=\"288\">Representant sector pares<\/td>\n<td style=\"height: 33px;\" width=\"288\">Rafaelina Santiago<\/td>\n<\/tr>\n<tr style=\"height: 33px;\">\n<td style=\"height: 33px;\" width=\"288\">Representant sector pares<\/td>\n<td style=\"height: 33px;\" width=\"288\">\u00a0Ana G\u00f3mez<\/td>\n<\/tr>\n<tr style=\"height: 33px;\">\n<td style=\"height: 33px;\" width=\"288\">Representant AMPA<\/td>\n<td style=\"height: 33px;\" width=\"288\">Susana Verdejo<\/td>\n<\/tr>\n<tr style=\"height: 33px;\">\n<td style=\"height: 33px;\" width=\"288\">Representant sector PAS<\/td>\n<td style=\"height: 33px;\" width=\"288\">Teresa Coll<\/td>\n<\/tr>\n<tr style=\"height: 33px;\">\n<td style=\"height: 33px;\" width=\"288\">Secret\u00e0ria<\/td>\n<td style=\"height: 33px;\" width=\"288\">Marta Ferr\u00e9<\/td>\n<\/tr>\n<\/tbody>\n<\/table>\n","protected":false},"excerpt":{"rendered":"<p>El consell escolar del centre \u00e9s l&#8217;\u00f2rgan col\u00b7legiat de participaci\u00f3\u00a0de la comunitat escolar en el govern del centre. En el consell escolar hi ha representats tots els col\u00b7lectius que intervenen en la comunitat educativa: director o directora, professorat, alumnes, personal d&#8217;administraci\u00f3 i serveis, etc. En els centres p\u00fablics, la funci\u00f3 principal del consell escolar \u00e9s [&hellip;]<\/p>\n","protected":false},"author":1,"featured_media":0,"parent":22,"menu_order":30,"comment_status":"closed","ping_status":"closed","template":"","meta":{"_bbp_topic_count":0,"_bbp_reply_count":0,"_bbp_total_topic_count":0,"_bbp_total_reply_count":0,"_bbp_voice_count":0,"_bbp_anonymous_reply_count":0,"_bbp_topic_count_hidden":0,"_bbp_reply_count_hidden":0,"_bbp_forum_subforum_count":0,"site-sidebar-layout":"default","site-content-layout":"","ast-site-content-layout":"default","site-content-style":"default","site-sidebar-style":"default","ast-global-header-display":"","ast-banner-title-visibility":"","ast-main-header-display":"","ast-hfb-above-header-display":"","ast-hfb-below-header-display":"","ast-hfb-mobile-header-display":"","site-post-title":"","ast-breadcrumbs-content":"","ast-featured-img":"","footer-sml-layout":"","theme-transparent-header-meta":"default","adv-header-id-meta":"","stick-header-meta":"","header-above-stick-meta":"","header-main-stick-meta":"","header-below-stick-meta":"","astra-migrate-meta-layouts":"set","ast-page-background-enabled":"default","ast-page-background-meta":{"desktop":{"background-color":"var(--ast-global-color-4)","background-image":"","background-repeat":"repeat","background-position":"center center","background-size":"auto","background-attachment":"scroll","background-type":"","background-media":"","overlay-type":"","overlay-color":"","overlay-opacity":"","overlay-gradient":""},"tablet":{"background-color":"","background-image":"","background-repeat":"repeat","background-position":"center center","background-size":"auto","background-attachment":"scroll","background-type":"","background-media":"","overlay-type":"","overlay-color":"","overlay-opacity":"","overlay-gradient":""},"mobile":{"background-color":"","background-image":"","background-repeat":"repeat","background-position":"center center","background-size":"auto","background-attachment":"scroll","background-type":"","background-media":"","overlay-type":"","overlay-color":"","overlay-opacity":"","overlay-gradient":""}},"ast-content-background-meta":{"desktop":{"background-color":"var(--ast-global-color-5)","background-image":"","background-repeat":"repeat","background-position":"center center","background-size":"auto","background-attachment":"scroll","background-type":"","background-media":"","overlay-type":"","overlay-color":"","overlay-opacity":"","overlay-gradient":""},"tablet":{"background-color":"var(--ast-global-color-5)","background-image":"","background-repeat":"repeat","background-position":"center center","background-size":"auto","background-attachment":"scroll","background-type":"","background-media":"","overlay-type":"","overlay-color":"","overlay-opacity":"","overlay-gradient":""},"mobile":{"background-color":"var(--ast-global-color-5)","background-image":"","background-repeat":"repeat","background-position":"center center","background-size":"auto","background-attachment":"scroll","background-type":"","background-media":"","overlay-type":"","overlay-color":"","overlay-opacity":"","overlay-gradient":""}},"footnotes":""},"class_list":["post-28","page","type-page","status-publish","hentry"],"post_mailing_queue_ids":[],"_links":{"self":[{"href":"https:\/\/agora.xtec.cat\/escola-roureda\/wp-json\/wp\/v2\/pages\/28","targetHints":{"allow":["GET"]}}],"collection":[{"href":"https:\/\/agora.xtec.cat\/escola-roureda\/wp-json\/wp\/v2\/pages"}],"about":[{"href":"https:\/\/agora.xtec.cat\/escola-roureda\/wp-json\/wp\/v2\/types\/page"}],"author":[{"embeddable":true,"href":"https:\/\/agora.xtec.cat\/escola-roureda\/wp-json\/wp\/v2\/users\/1"}],"replies":[{"embeddable":true,"href":"https:\/\/agora.xtec.cat\/escola-roureda\/wp-json\/wp\/v2\/comments?post=28"}],"version-history":[{"count":6,"href":"https:\/\/agora.xtec.cat\/escola-roureda\/wp-json\/wp\/v2\/pages\/28\/revisions"}],"predecessor-version":[{"id":14247,"href":"https:\/\/agora.xtec.cat\/escola-roureda\/wp-json\/wp\/v2\/pages\/28\/revisions\/14247"}],"up":[{"embeddable":true,"href":"https:\/\/agora.xtec.cat\/escola-roureda\/wp-json\/wp\/v2\/pages\/22"}],"wp:attachment":[{"href":"https:\/\/agora.xtec.cat\/escola-roureda\/wp-json\/wp\/v2\/media?parent=28"}],"curies":[{"name":"wp","href":"https:\/\/api.w.org\/{rel}","templated":true}]}}

<p>El consell escolar del centre és l&#8217;<strong>òrgan col·legiat de participació</strong> de la comunitat escolar en el govern del centre. En el consell escolar hi ha representats tots els col·lectius que intervenen en la comunitat educativa: director o directora, professorat, alumnes, personal d&#8217;administració i serveis, etc.</p>
<p>En els centres públics, la funció principal del consell escolar és participar en la presa de decisions en relació amb aquells temes importants per al funcionament i l&#8217;organització del centre: el projecte educatiu, la programació general, la gestió econòmica, etc.</p>
<p>Els membres del consell escolar són elegits per un període de quatre anys i es renoven per meitats cada dos anys.</p>
<table style="width: 41.6528%; height: 462px;">
<tbody>
<tr style="height: 33px;">
<td style="height: 33px;" width="288">Cap d´estudis</td>
<td style="height: 33px;" width="288">Cristina Cortell</td>
</tr>
<tr style="height: 33px;">
<td style="height: 33px;" width="288">Regidor de l´ Ajuntament</td>
<td style="height: 33px;" width="288">Pere García</td>
</tr>
<tr style="height: 33px;">
<td style="height: 33px;" width="288">Representant sector mestres</td>
<td style="height: 33px;" width="288">Sílvia Ferrer</td>
</tr>
<tr style="height: 33px;">
<td style="height: 33px;" width="288">Representant sector mestres</td>
<td style="height: 33px;" width="288">Eva Molist</td>
</tr>
<tr style="height: 33px;">
<td style="height: 33px;" width="288">Representant sector mestres</td>
<td style="height: 33px;" width="288">Maria Salas</td>
</tr>
<tr style="height: 33px;">
<td style="height: 33px;" width="288">Representant sector mestres</td>
<td style="height: 33px;" width="288">Joan Lobato</td>
</tr>
<tr style="height: 33px;">
<td style="height: 33px;" width="288">Representant sector mestres</td>
<td style="height: 33px;" width="288">Saray Moya</td>
</tr>
<tr style="height: 33px;">
<td style="height: 33px;" width="288">Representant sector pares</td>
<td style="height: 33px;" width="288">Ruth Martínez</td>
</tr>
<tr style="height: 33px;">
<td style="height: 33px;" width="288">Representant sector pares</td>
<td style="height: 33px;" width="288">José Luis Porras</td>
</tr>
<tr style="height: 33px;">
<td style="height: 33px;" width="288">Representant sector pares</td>
<td style="height: 33px;" width="288">Rafaelina Santiago</td>
</tr>
<tr style="height: 33px;">
<td style="height: 33px;" width="288">Representant sector pares</td>
<td style="height: 33px;" width="288"> Ana Gómez</td>
</tr>
<tr style="height: 33px;">
<td style="height: 33px;" width="288">Representant AMPA</td>
<td style="height: 33px;" width="288">Susana Verdejo</td>
</tr>
<tr style="height: 33px;">
<td style="height: 33px;" width="288">Representant sector PAS</td>
<td style="height: 33px;" width="288">Teresa Coll</td>
</tr>
<tr style="height: 33px;">
<td style="height: 33px;" width="288">Secretària</td>
<td style="height: 33px;" width="288">Marta Ferré</td>
</tr>
</tbody>
</table>

<p>El consell escolar del centre és l&#8217;òrgan col·legiat de participació de la comunitat escolar en el govern del centre. En el consell escolar hi ha representats tots els col·lectius que intervenen en la comunitat educativa: director o directora, professorat, alumnes, personal d&#8217;administració i serveis, etc. En els centres públics, la funció principal del consell escolar és [&hellip;]</p>
