{"id":556,"date":"2022-09-30T09:50:10","date_gmt":"2022-09-30T07:50:10","guid":{"rendered":"https:\/\/agora.xtec.cat\/escola-ribagorcana\/?page_id=556"},"modified":"2024-06-27T10:26:00","modified_gmt":"2024-06-27T08:26:00","slug":"estrategia","status":"publish","type":"page","link":"https:\/\/agora.xtec.cat\/escola-ribagorcana\/estrategia\/","title":{"rendered":"ESTRAT\u00c8GIA"},"content":{"rendered":"<p>DIAGNOSI<\/p>\n<p><a href=\"https:\/\/agora.xtec.cat\/escola-ribagorcana\/estrategia\/attachment\/analisi-resultats-diagnosi-e-ribagorcana\/\" rel=\"attachment wp-att-666\">An\u00e0lisi Resultats Diagnosi E. Ribagor\u00e7ana<\/a><\/p>\n<p>OBJECTIUS<\/p>\n<p>1. Promoure la col\u00b7laboraci\u00f3 i difusi\u00f3 de bones pr\u00e0ctiques<br \/>\n2. Potenciar les eines d&#8217;avaluaci\u00f3 digital per a l&#8217;avaluaci\u00f3 formativa i formadora.<br \/>\n3. Desenvolupar el pensament computacional per a millorar la CDA<br \/>\n4. Millorar la participaci\u00f3 de les fam\u00edlies en l&#8217;entorn digital del centre.<br \/>\n5. Impulsar la cultura digital del centre<\/p>\n<p>ACTIVITATS<\/p>\n<ul style=\"list-style-type: circle;\">\n<li>Pr\u00e0ctiques d&#8217;avaluaci\u00f3 a l&#8217;aula amb diferents eines<\/li>\n<li>Adaptaci\u00f3 i definici\u00f3 de la CDA<\/li>\n<li>Jornada digital de l&#8217;Alta Ribagor\u00e7a (English day)<\/li>\n<li>Ambient\/ espai internivell de rob\u00f2tica i PC a tots els nivells<\/li>\n<li>Publicaci\u00f3 de les activitats del centre segons el Pla de Comunici\u00f3<\/li>\n<\/ul>\n<p><a href=\"https:\/\/www.canva.com\/design\/DAGJUHqL8Gc\/2c1eEVgki8iflHgbxjHn5g\/view?utm_content=DAGJUHqL8Gc&amp;utm_campaign=designshare&amp;utm_medium=link&amp;utm_source=editor\">AVALUACI\u00d3<\/a><\/p>\n<p>&nbsp;<\/p>\n","protected":false},"excerpt":{"rendered":"<p>DIAGNOSI An\u00e0lisi Resultats Diagnosi E. Ribagor\u00e7ana OBJECTIUS 1. Promoure la col\u00b7laboraci\u00f3 i difusi\u00f3 de bones pr\u00e0ctiques 2. Potenciar les eines d&#8217;avaluaci\u00f3 digital per a l&#8217;avaluaci\u00f3 formativa i formadora. 3. Desenvolupar el pensament computacional per a millorar la CDA 4. Millorar la participaci\u00f3 de les fam\u00edlies en l&#8217;entorn digital del centre. 5. Impulsar la cultura digital [&hellip;]<\/p>\n","protected":false},"author":1,"featured_media":0,"parent":0,"menu_order":0,"comment_status":"closed","ping_status":"closed","template":"","meta":{"_bbp_topic_count":0,"_bbp_reply_count":0,"_bbp_total_topic_count":0,"_bbp_total_reply_count":0,"_bbp_voice_count":0,"_bbp_anonymous_reply_count":0,"_bbp_topic_count_hidden":0,"_bbp_reply_count_hidden":0,"_bbp_forum_subforum_count":0,"site-sidebar-layout":"default","site-content-layout":"","ast-site-content-layout":"","site-content-style":"default","site-sidebar-style":"default","ast-global-header-display":"","ast-banner-title-visibility":"","ast-main-header-display":"","ast-hfb-above-header-display":"","ast-hfb-below-header-display":"","ast-hfb-mobile-header-display":"","site-post-title":"","ast-breadcrumbs-content":"","ast-featured-img":"","footer-sml-layout":"","theme-transparent-header-meta":"","adv-header-id-meta":"","stick-header-meta":"","header-above-stick-meta":"","header-main-stick-meta":"","header-below-stick-meta":"","astra-migrate-meta-layouts":"default","ast-page-background-enabled":"default","ast-page-background-meta":{"desktop":{"background-color":"var(--ast-global-color-4)","background-image":"","background-repeat":"repeat","background-position":"center center","background-size":"auto","background-attachment":"scroll","background-type":"","background-media":"","overlay-type":"","overlay-color":"","overlay-opacity":"","overlay-gradient":""},"tablet":{"background-color":"","background-image":"","background-repeat":"repeat","background-position":"center center","background-size":"auto","background-attachment":"scroll","background-type":"","background-media":"","overlay-type":"","overlay-color":"","overlay-opacity":"","overlay-gradient":""},"mobile":{"background-color":"","background-image":"","background-repeat":"repeat","background-position":"center center","background-size":"auto","background-attachment":"scroll","background-type":"","background-media":"","overlay-type":"","overlay-color":"","overlay-opacity":"","overlay-gradient":""}},"ast-content-background-meta":{"desktop":{"background-color":"var(--ast-global-color-5)","background-image":"","background-repeat":"repeat","background-position":"center center","background-size":"auto","background-attachment":"scroll","background-type":"","background-media":"","overlay-type":"","overlay-color":"","overlay-opacity":"","overlay-gradient":""},"tablet":{"background-color":"var(--ast-global-color-5)","background-image":"","background-repeat":"repeat","background-position":"center center","background-size":"auto","background-attachment":"scroll","background-type":"","background-media":"","overlay-type":"","overlay-color":"","overlay-opacity":"","overlay-gradient":""},"mobile":{"background-color":"var(--ast-global-color-5)","background-image":"","background-repeat":"repeat","background-position":"center center","background-size":"auto","background-attachment":"scroll","background-type":"","background-media":"","overlay-type":"","overlay-color":"","overlay-opacity":"","overlay-gradient":""}},"footnotes":""},"class_list":["post-556","page","type-page","status-publish","hentry"],"post_mailing_queue_ids":[],"_links":{"self":[{"href":"https:\/\/agora.xtec.cat\/escola-ribagorcana\/wp-json\/wp\/v2\/pages\/556","targetHints":{"allow":["GET"]}}],"collection":[{"href":"https:\/\/agora.xtec.cat\/escola-ribagorcana\/wp-json\/wp\/v2\/pages"}],"about":[{"href":"https:\/\/agora.xtec.cat\/escola-ribagorcana\/wp-json\/wp\/v2\/types\/page"}],"author":[{"embeddable":true,"href":"https:\/\/agora.xtec.cat\/escola-ribagorcana\/wp-json\/wp\/v2\/users\/1"}],"replies":[{"embeddable":true,"href":"https:\/\/agora.xtec.cat\/escola-ribagorcana\/wp-json\/wp\/v2\/comments?post=556"}],"version-history":[{"count":6,"href":"https:\/\/agora.xtec.cat\/escola-ribagorcana\/wp-json\/wp\/v2\/pages\/556\/revisions"}],"predecessor-version":[{"id":669,"href":"https:\/\/agora.xtec.cat\/escola-ribagorcana\/wp-json\/wp\/v2\/pages\/556\/revisions\/669"}],"wp:attachment":[{"href":"https:\/\/agora.xtec.cat\/escola-ribagorcana\/wp-json\/wp\/v2\/media?parent=556"}],"curies":[{"name":"wp","href":"https:\/\/api.w.org\/{rel}","templated":true}]}}