{"id":1050,"date":"2026-02-16T10:51:51","date_gmt":"2026-02-16T09:51:51","guid":{"rendered":"https:\/\/agora.xtec.cat\/escola-ribagorcana\/?page_id=1050"},"modified":"2026-02-18T14:00:17","modified_gmt":"2026-02-18T13:00:17","slug":"atencio-a-la-diversitat","status":"publish","type":"page","link":"https:\/\/agora.xtec.cat\/escola-ribagorcana\/atencio-a-la-diversitat\/","title":{"rendered":"ESCOLA INCLUSIVA"},"content":{"rendered":"<p><a href=\"https:\/\/www.youtube.com\/watch?v=W6lGAYStvPA\" rel=\"attachment wp-att-1074\"><img loading=\"lazy\" decoding=\"async\" class=\"aligncenter  wp-image-1074\" src=\"https:\/\/agora.xtec.cat\/escola-ribagorcana\/wp-content\/uploads\/usu301\/2026\/02\/dep-lin-educacio-inclusiva-1-300x87.png\" alt=\"\" width=\"931\" height=\"270\" srcset=\"https:\/\/agora.xtec.cat\/escola-ribagorcana\/wp-content\/uploads\/usu301\/2026\/02\/dep-lin-educacio-inclusiva-1-300x87.png 300w, https:\/\/agora.xtec.cat\/escola-ribagorcana\/wp-content\/uploads\/usu301\/2026\/02\/dep-lin-educacio-inclusiva-1-1024x296.png 1024w, https:\/\/agora.xtec.cat\/escola-ribagorcana\/wp-content\/uploads\/usu301\/2026\/02\/dep-lin-educacio-inclusiva-1-768x222.png 768w, https:\/\/agora.xtec.cat\/escola-ribagorcana\/wp-content\/uploads\/usu301\/2026\/02\/dep-lin-educacio-inclusiva-1.png 1080w\" sizes=\"auto, (max-width: 931px) 100vw, 931px\" \/><\/a><\/p>\n<p><a href=\"https:\/\/www.youtube.com\/watch?v=W6lGAYStvPA\"><strong>Educaci\u00f3 inclusiva<\/strong><\/a>\u00a0\u00e9s un dels fonaments del sistema educatiu catal\u00e0 que t\u00e9 com a objectiu\u00a0vetllar per les oportunitats d&#8217;aprenentatge de totes les persones, independentment de les seves capacitats, de la condici\u00f3 social o cultural, la religi\u00f3, la diversitat sexual o la d&#8217;identitat de g\u00e8nere.<\/p>\n<p>El respecte de les difer\u00e8ncies individuals i l&#8217;acceptaci\u00f3 de la diversitat com un fet que enriqueix les persones \u00e9s l&#8217;ideari d&#8217;una societat avan\u00e7ada i el principi de l&#8217;educaci\u00f3 inclusiva.<\/p>\n<p>A l&#8217;escola, per atendre tothom com es mereix, apliquem <a href=\"https:\/\/projectes.xtec.cat\/educacioinclusiva\/mesures-i-suports-universals\/\">mesures i suports universals<\/a> sempre que els recursos dels que disposem ho permetin (grups redu\u00efts homogenis o heterogenis, <a href=\"https:\/\/blocs.xtec.cat\/blogeducaespecial\/2024\/03\/04\/la-codocencia-una-eina-per-millorar-latencio-a-la-diversitat\/\">codoc\u00e8ncia<\/a> amb dos mestres a l&#8217;aula, adaptacions de material&#8230;).<\/p>\n<p>Aix\u00ed mateix, comptem amb un equip de professionals que treballen conjuntament entre elles i en col\u00b7laboraci\u00f3 amb la resta del claustre de mestres. Aquest equip m\u00e9s especialitzat est\u00e0 integrat per:<\/p>\n<ul>\n<li>Una mestra <strong>especialista d&#8217;educaci\u00f3 especial<\/strong>\u00a0amb destinaci\u00f3 definitiva, que s&#8217;encarrega de la millora del proc\u00e9s d&#8217;aprenentatge i de desenvolupament dels alumnes amb necessitats educatives especials, a part d&#8217;assessorar al professorat en all\u00f2 que calgui, aix\u00ed com de fer pont amb l&#8217;EAP i altres serveis en cas que algun alumne\/a necessiti ser at\u00e8s\/a per aquests serveis.<\/li>\n<li>Les dues components de l&#8217;aula de <a href=\"https:\/\/xtec.gencat.cat\/ca\/curriculum\/diversitat-i-inclusio\/mesures-i-suports\/intensius\/siei\/\">Suport intensiu d&#8217;escolaritzaci\u00f3 inclusiva (SIEI)<\/a>: una tutora amb\u00a0<strong>l&#8217;especialitat d&#8217;educaci\u00f3 especial<\/strong>, que compta amb unes funcions semblants a l&#8217;altra mestre especialista d&#8217;educaci\u00f3 especial, per\u00f2, en en el seu cas, la tasca est\u00e0 m\u00e9s encarada a atendre l&#8217;alumnat que necessita unes mesures m\u00e9s espec\u00edfiques com a suports de l&#8217;aprenentatge, i una <strong>educadora d&#8217;educaci\u00f3 especial <\/strong>que recolza i complementa el seu treball.<\/li>\n<li>Una <strong>tutora d&#8217;aula d&#8217;acollida<\/strong>, que s&#8217;encarrega d&#8217;atendre l&#8217;alumnat\u00a0nouvinguts per facilitar la seva integraci\u00f3 ling\u00fc\u00edstica, emocional i social. Ofereix una atenci\u00f3 personalitzada, centrant-se en l&#8217;aprenentatge del catal\u00e0 i l&#8217;adaptaci\u00f3 curricular, mantenint l&#8217;alumne integrat al grup classe ordinari.<span class=\"uJ19be notranslate\" data-wiz-uids=\"D0vtm_b,D0vtm_c\" data-processed=\"true\"><span class=\"vKEkVd\" data-animation-atomic=\"\" data-wiz-attrbind=\"class=D0vtm_a\/TKHnVd\" data-processed=\"true\"><span aria-hidden=\"true\" data-processed=\"true\">\u00a0<\/span><\/span><\/span><\/li>\n<li>Una <strong>T\u00e8cnica especialista d&#8217;educaci\u00f3 infantil<\/strong>, per a donar un cop de m\u00e0 en aquesta etapa educativa on l&#8217;atenci\u00f3 personalitzada \u00e9s vital per a poder consolidar b\u00e9 les bases d&#8217;una educaci\u00f3 global.<\/li>\n<\/ul>\n<p>L\u2019organitzaci\u00f3 dels suports s\u2019emmarca en el plantejament global que fa el centre per l\u2019educaci\u00f3 inclusiva de l\u2019alumnat. Correspon a l\u2019equip directiu, amb la col\u00b7laboraci\u00f3 de la comissi\u00f3 d\u2019atenci\u00f3 a la diversitat (CAD), determinar els criteris i la gesti\u00f3 dels recursos d\u2019atenci\u00f3 a la diversitat de l\u2019alumnat, amb la finalitat d\u2019aconseguir el m\u00e0xim nivell de participaci\u00f3 i d\u2019aprenentatge de l\u2019alumnat del grup de refer\u00e8ncia. \u00c9s important la implicaci\u00f3 del claustre i el consell escolar.<\/p>\n<p>Els centres compten amb l\u2019assessorament de <a href=\"https:\/\/xtec.gencat.cat\/ca\/serveis\/sez\/eap\/\">l\u2019equip d\u2019assessorament i orientaci\u00f3 psicopedag\u00f2gica (EAP)<\/a>.<\/p>\n","protected":false},"excerpt":{"rendered":"<p>Educaci\u00f3 inclusiva\u00a0\u00e9s un dels fonaments del sistema educatiu catal\u00e0 que t\u00e9 com a objectiu\u00a0vetllar per les oportunitats d&#8217;aprenentatge de totes les persones, independentment de les seves capacitats, de la condici\u00f3 social o cultural, la religi\u00f3, la diversitat sexual o la d&#8217;identitat de g\u00e8nere. El respecte de les difer\u00e8ncies individuals i l&#8217;acceptaci\u00f3 de la diversitat com [&hellip;]<\/p>\n","protected":false},"author":1,"featured_media":0,"parent":0,"menu_order":0,"comment_status":"closed","ping_status":"closed","template":"","meta":{"_bbp_topic_count":0,"_bbp_reply_count":0,"_bbp_total_topic_count":0,"_bbp_total_reply_count":0,"_bbp_voice_count":0,"_bbp_anonymous_reply_count":0,"_bbp_topic_count_hidden":0,"_bbp_reply_count_hidden":0,"_bbp_forum_subforum_count":0,"site-sidebar-layout":"default","site-content-layout":"","ast-site-content-layout":"default","site-content-style":"default","site-sidebar-style":"default","ast-global-header-display":"","ast-banner-title-visibility":"","ast-main-header-display":"","ast-hfb-above-header-display":"","ast-hfb-below-header-display":"","ast-hfb-mobile-header-display":"","site-post-title":"","ast-breadcrumbs-content":"","ast-featured-img":"","footer-sml-layout":"","theme-transparent-header-meta":"default","adv-header-id-meta":"","stick-header-meta":"","header-above-stick-meta":"","header-main-stick-meta":"","header-below-stick-meta":"","astra-migrate-meta-layouts":"set","ast-page-background-enabled":"default","ast-page-background-meta":{"desktop":{"background-color":"var(--ast-global-color-4)","background-image":"","background-repeat":"repeat","background-position":"center center","background-size":"auto","background-attachment":"scroll","background-type":"","background-media":"","overlay-type":"","overlay-color":"","overlay-opacity":"","overlay-gradient":""},"tablet":{"background-color":"","background-image":"","background-repeat":"repeat","background-position":"center center","background-size":"auto","background-attachment":"scroll","background-type":"","background-media":"","overlay-type":"","overlay-color":"","overlay-opacity":"","overlay-gradient":""},"mobile":{"background-color":"","background-image":"","background-repeat":"repeat","background-position":"center center","background-size":"auto","background-attachment":"scroll","background-type":"","background-media":"","overlay-type":"","overlay-color":"","overlay-opacity":"","overlay-gradient":""}},"ast-content-background-meta":{"desktop":{"background-color":"var(--ast-global-color-5)","background-image":"","background-repeat":"repeat","background-position":"center center","background-size":"auto","background-attachment":"scroll","background-type":"","background-media":"","overlay-type":"","overlay-color":"","overlay-opacity":"","overlay-gradient":""},"tablet":{"background-color":"var(--ast-global-color-5)","background-image":"","background-repeat":"repeat","background-position":"center center","background-size":"auto","background-attachment":"scroll","background-type":"","background-media":"","overlay-type":"","overlay-color":"","overlay-opacity":"","overlay-gradient":""},"mobile":{"background-color":"var(--ast-global-color-5)","background-image":"","background-repeat":"repeat","background-position":"center center","background-size":"auto","background-attachment":"scroll","background-type":"","background-media":"","overlay-type":"","overlay-color":"","overlay-opacity":"","overlay-gradient":""}},"footnotes":""},"class_list":["post-1050","page","type-page","status-publish","hentry"],"post_mailing_queue_ids":[],"_links":{"self":[{"href":"https:\/\/agora.xtec.cat\/escola-ribagorcana\/wp-json\/wp\/v2\/pages\/1050","targetHints":{"allow":["GET"]}}],"collection":[{"href":"https:\/\/agora.xtec.cat\/escola-ribagorcana\/wp-json\/wp\/v2\/pages"}],"about":[{"href":"https:\/\/agora.xtec.cat\/escola-ribagorcana\/wp-json\/wp\/v2\/types\/page"}],"author":[{"embeddable":true,"href":"https:\/\/agora.xtec.cat\/escola-ribagorcana\/wp-json\/wp\/v2\/users\/1"}],"replies":[{"embeddable":true,"href":"https:\/\/agora.xtec.cat\/escola-ribagorcana\/wp-json\/wp\/v2\/comments?post=1050"}],"version-history":[{"count":6,"href":"https:\/\/agora.xtec.cat\/escola-ribagorcana\/wp-json\/wp\/v2\/pages\/1050\/revisions"}],"predecessor-version":[{"id":1075,"href":"https:\/\/agora.xtec.cat\/escola-ribagorcana\/wp-json\/wp\/v2\/pages\/1050\/revisions\/1075"}],"wp:attachment":[{"href":"https:\/\/agora.xtec.cat\/escola-ribagorcana\/wp-json\/wp\/v2\/media?parent=1050"}],"curies":[{"name":"wp","href":"https:\/\/api.w.org\/{rel}","templated":true}]}}