{"id":9493,"date":"2025-03-08T08:57:57","date_gmt":"2025-03-08T07:57:57","guid":{"rendered":"https:\/\/agora.xtec.cat\/escola-ramonmuntaner\/?page_id=9493"},"modified":"2025-03-08T09:04:07","modified_gmt":"2025-03-08T08:04:07","slug":"estudis-a-coneixement-del-medi-natural-i-social","status":"publish","type":"page","link":"https:\/\/agora.xtec.cat\/escola-ramonmuntaner\/estudis-a-coneixement-del-medi-natural-i-social\/","title":{"rendered":"Com treballem el medi a la nostra escola?"},"content":{"rendered":"<h3 data-start=\"90\" data-end=\"138\"><strong data-start=\"94\" data-end=\"136\">Com treballem el medi a la nostra escola?<\/strong><\/h3>\n<p data-start=\"140\" data-end=\"570\">A la nostra escola apostem per un aprenentatge innovador i significatiu, seguint les directrius del <strong data-start=\"240\" data-end=\"274\">Curr\u00edculum d\u2019Educaci\u00f3 Prim\u00e0ria<\/strong> establert pel Departament d\u2019Educaci\u00f3. Aquest curr\u00edculum posa \u00e8mfasi en metodologies que fomentin el <strong data-start=\"375\" data-end=\"397\">treball cooperatiu<\/strong> i l\u2019<strong data-start=\"402\" data-end=\"431\">aprenentatge entre iguals<\/strong>, aix\u00ed com en el desenvolupament d\u2019<strong data-start=\"466\" data-end=\"502\">estrat\u00e8gies i t\u00e8cniques d\u2019estudi<\/strong> que ajudin els alumnes a ser m\u00e9s aut\u00f2noms en el seu aprenentatge.<\/p>\n<p data-start=\"572\" data-end=\"731\">\ud83d\udd17 <strong data-start=\"575\" data-end=\"627\">Consulta el curr\u00edculum d\u2019educaci\u00f3 prim\u00e0ria aqu\u00ed:<\/strong> <a target=\"_new\" rel=\"noopener\" data-start=\"628\" data-end=\"729\">Curr\u00edculum d\u2019Educaci\u00f3 Prim\u00e0ria<\/a><\/p>\n<h3 data-start=\"733\" data-end=\"777\"><strong data-start=\"737\" data-end=\"775\">Com treballem els estudis de medi?<\/strong><\/h3>\n<p data-start=\"779\" data-end=\"1070\">A la nostra escola, els estudis de medi es duen a terme amb una organitzaci\u00f3 diferent i enriquidora: <strong data-start=\"880\" data-end=\"947\">els alumnes de 3r i 4t de prim\u00e0ria es barregen en grups redu\u00efts<\/strong>. Aix\u00f2 ens permet reduir la r\u00e0tio d\u2019alumnes per classe i afavorir una din\u00e0mica d\u2019aula m\u00e9s participativa i personalitzada.<\/p>\n<p data-start=\"1072\" data-end=\"1337\">Aquesta estructura facilita l\u2019<strong data-start=\"1102\" data-end=\"1131\">aprenentatge entre iguals<\/strong>, una metodologia que fomenta que els infants esdevinguin protagonistes del seu propi aprenentatge. Els alumnes m\u00e9s grans poden ajudar els petits i, alhora, reforcen els seus coneixements en explicar-los.<\/p>\n<p data-start=\"1339\" data-end=\"1681\">A m\u00e9s, el <strong data-start=\"1349\" data-end=\"1371\">treball cooperatiu<\/strong> \u00e9s una pe\u00e7a clau en el nostre model educatiu. Els nens i nenes aprenen a <strong data-start=\"1445\" data-end=\"1539\">col\u00b7laborar, comunicar-se, escoltar diferents punts de vista i resoldre problemes en equip<\/strong>. Aquestes habilitats no nom\u00e9s s\u00f3n fonamentals per al seu rendiment acad\u00e8mic, sin\u00f3 que tamb\u00e9 els preparen per afrontar els reptes del futur.<\/p>\n<h3 data-start=\"1683\" data-end=\"1740\"><strong data-start=\"1687\" data-end=\"1738\">T\u00e8cniques d\u2019estudi per a l\u2019aprenentatge aut\u00f2nom<\/strong><\/h3>\n<p data-start=\"1742\" data-end=\"2061\">Un altre aspecte fonamental que treballem en els estudis de medi s\u00f3n les <strong data-start=\"1815\" data-end=\"1837\">t\u00e8cniques d\u2019estudi<\/strong>. \u00c9s important que els infants aprenguin a organitzar la informaci\u00f3, sintetitzar els continguts i utilitzar estrat\u00e8gies que els ajudin a comprendre i retenir millor el que aprenen. A trav\u00e9s d\u2019activitats guiades, aprenen a:<\/p>\n<p data-start=\"2063\" data-end=\"2272\">\u2705 Subratllar i esquematitzar informaci\u00f3.<br data-start=\"2103\" data-end=\"2106\" \/>\u2705 Fer resums per estructurar el coneixement.<br data-start=\"2150\" data-end=\"2153\" \/>\u2705 Utilitzar mapes conceptuals i visuals per connectar idees.<br data-start=\"2213\" data-end=\"2216\" \/>\u2705 Planificar l\u2019estudi i gestionar el temps de treball.<\/p>\n<p data-start=\"2274\" data-end=\"2462\">\ud83d\udca1 Creiem fermament que aquesta manera de treballar beneficia els nostres alumnes i enriqueix la seva experi\u00e8ncia educativa.<\/p>\n","protected":false},"excerpt":{"rendered":"<p>Com treballem el medi a la nostra escola? A la nostra escola apostem per un aprenentatge innovador i significatiu, seguint [&hellip;]<\/p>\n","protected":false},"author":1,"featured_media":0,"parent":0,"menu_order":0,"comment_status":"closed","ping_status":"closed","template":"","meta":{"_bbp_topic_count":0,"_bbp_reply_count":0,"_bbp_total_topic_count":0,"_bbp_total_reply_count":0,"_bbp_voice_count":0,"_bbp_anonymous_reply_count":0,"_bbp_topic_count_hidden":0,"_bbp_reply_count_hidden":0,"_bbp_forum_subforum_count":0,"site-sidebar-layout":"default","site-content-layout":"","ast-site-content-layout":"default","site-content-style":"default","site-sidebar-style":"default","ast-global-header-display":"","ast-banner-title-visibility":"","ast-main-header-display":"","ast-hfb-above-header-display":"","ast-hfb-below-header-display":"","ast-hfb-mobile-header-display":"","site-post-title":"","ast-breadcrumbs-content":"","ast-featured-img":"","footer-sml-layout":"","theme-transparent-header-meta":"default","adv-header-id-meta":"","stick-header-meta":"","header-above-stick-meta":"","header-main-stick-meta":"","header-below-stick-meta":"","astra-migrate-meta-layouts":"set","ast-page-background-enabled":"default","ast-page-background-meta":{"desktop":{"background-color":"var(--ast-global-color-4)","background-image":"","background-repeat":"repeat","background-position":"center center","background-size":"auto","background-attachment":"scroll","background-type":"","background-media":"","overlay-type":"","overlay-color":"","overlay-opacity":"","overlay-gradient":""},"tablet":{"background-color":"","background-image":"","background-repeat":"repeat","background-position":"center center","background-size":"auto","background-attachment":"scroll","background-type":"","background-media":"","overlay-type":"","overlay-color":"","overlay-opacity":"","overlay-gradient":""},"mobile":{"background-color":"","background-image":"","background-repeat":"repeat","background-position":"center center","background-size":"auto","background-attachment":"scroll","background-type":"","background-media":"","overlay-type":"","overlay-color":"","overlay-opacity":"","overlay-gradient":""}},"ast-content-background-meta":{"desktop":{"background-color":"var(--ast-global-color-5)","background-image":"","background-repeat":"repeat","background-position":"center center","background-size":"auto","background-attachment":"scroll","background-type":"","background-media":"","overlay-type":"","overlay-color":"","overlay-opacity":"","overlay-gradient":""},"tablet":{"background-color":"var(--ast-global-color-5)","background-image":"","background-repeat":"repeat","background-position":"center center","background-size":"auto","background-attachment":"scroll","background-type":"","background-media":"","overlay-type":"","overlay-color":"","overlay-opacity":"","overlay-gradient":""},"mobile":{"background-color":"var(--ast-global-color-5)","background-image":"","background-repeat":"repeat","background-position":"center center","background-size":"auto","background-attachment":"scroll","background-type":"","background-media":"","overlay-type":"","overlay-color":"","overlay-opacity":"","overlay-gradient":""}},"footnotes":""},"class_list":["post-9493","page","type-page","status-publish","hentry"],"post_mailing_queue_ids":[],"_links":{"self":[{"href":"https:\/\/agora.xtec.cat\/escola-ramonmuntaner\/wp-json\/wp\/v2\/pages\/9493","targetHints":{"allow":["GET"]}}],"collection":[{"href":"https:\/\/agora.xtec.cat\/escola-ramonmuntaner\/wp-json\/wp\/v2\/pages"}],"about":[{"href":"https:\/\/agora.xtec.cat\/escola-ramonmuntaner\/wp-json\/wp\/v2\/types\/page"}],"author":[{"embeddable":true,"href":"https:\/\/agora.xtec.cat\/escola-ramonmuntaner\/wp-json\/wp\/v2\/users\/1"}],"replies":[{"embeddable":true,"href":"https:\/\/agora.xtec.cat\/escola-ramonmuntaner\/wp-json\/wp\/v2\/comments?post=9493"}],"version-history":[{"count":2,"href":"https:\/\/agora.xtec.cat\/escola-ramonmuntaner\/wp-json\/wp\/v2\/pages\/9493\/revisions"}],"predecessor-version":[{"id":9498,"href":"https:\/\/agora.xtec.cat\/escola-ramonmuntaner\/wp-json\/wp\/v2\/pages\/9493\/revisions\/9498"}],"wp:attachment":[{"href":"https:\/\/agora.xtec.cat\/escola-ramonmuntaner\/wp-json\/wp\/v2\/media?parent=9493"}],"curies":[{"name":"wp","href":"https:\/\/api.w.org\/{rel}","templated":true}]}}