{"id":57,"date":"2014-09-17T17:01:07","date_gmt":"2014-09-17T16:01:07","guid":{"rendered":"http:\/\/agora.xtec.cat\/escola-piaget\/?page_id=57"},"modified":"2015-11-22T12:45:44","modified_gmt":"2015-11-22T11:45:44","slug":"projecte-educatiu","status":"publish","type":"page","link":"https:\/\/agora.xtec.cat\/escola-piaget\/projecte-educatiu\/","title":{"rendered":"Projecte educatiu"},"content":{"rendered":"<p class=\"paragraph_style_6\" style=\"text-align: justify;\">El <strong>Projecte Educatiu de l\u2019Escola Piaget<\/strong>, parteix <span class=\"style_3\">d\u2019un ensenyament personalitzat<\/span> que vol fomentar\u00a0<span class=\"style_3\">la <strong>responsabilitat<\/strong><\/span><strong> personal i comunit\u00e0ria<\/strong> i <span class=\"style_3\">el <strong>respecte <\/strong><\/span><strong>a l\u2019entorn<\/strong>, que vol afavorir\u00a0<span class=\"style_3\">els valors democr\u00e0tics<\/span> de <strong>conviv\u00e8ncia i pluralisme<\/strong> i permetre adquirir <span class=\"style_3\">una consci\u00e8ncia <strong>\u00e8tica i c\u00edvica<\/strong><\/span> que ajudi els\/les alumnes a desenvolupar-se en la societat plural en la qual han de viure.<\/p>\n<p class=\"paragraph_style_6\" style=\"text-align: justify;\">Volem que els\/les infants i joves puguin trobar en el nostre projecte\u00a0educatiu, <strong>des del respecte pels drets de tothom<\/strong>, els signes d\u2019identitat que els permetin <strong>cr\u00e9ixer, integrar-se i desenvolupar-se com a ciutadans<\/strong> <strong>catalans<\/strong>, oberts al m\u00f3n, assolint aquest objectiu\u00a0per mitj\u00e0 del <strong>coneixement de les arrels hist\u00f2riques i culturals pr\u00f2pies del seu pa\u00eds,\u00a0i de l&#8217;\u00fas de la seva llengua<\/strong>.<\/p>\n<p class=\"paragraph_style_6\" style=\"text-align: justify;\">Volem\u00a0fomentar l\u2019<strong>educaci\u00f3 social, cient\u00edfica i tecnol\u00f2gica<\/strong> i els <strong>valors de la cultura human\u00edstica<\/strong>, que permetran als nostres i a les nostres joves estar en condicions de fer front al repte de participar en el desenvolupament econ\u00f2mic, social i cultural del pa\u00eds en el marc de la integraci\u00f3 europea.<\/p>\n<p class=\"paragraph_style_6\" style=\"text-align: justify;\">Per tot aix\u00f2, promovem l\u2019<strong>educaci\u00f3 en l\u2019autoestima, i l\u2019afany de superaci\u00f3<\/strong>, equilibrats en un profund <strong>sentit del treball en equip, de la responsabilitat i de la solidaritat<\/strong>.<\/p>\n<p class=\"paragraph_style_6\" style=\"text-align: justify;\">Entenem com a comunitat educativa el conjunt d\u2019estaments (<strong>pares i mares, alumnes, educadors i educadores, i personal no docent<\/strong>) que defensen uns <strong>mateixos criteris educatius i pedag\u00f2gics<\/strong>, i accepten una <strong>corresponsabilitat en la tasca formativa i de desenvolupament personal<\/strong> que t\u00e9 la nostra escola.<\/p>\n<h4 class=\"paragraph_style_5\" style=\"text-align: justify;\"><span style=\"text-decoration: underline; color: #008000;\"><strong>PRINCIPIS PEDAG\u00d2GICS<\/strong><\/span><\/h4>\n<p class=\"paragraph_style_6\" style=\"text-align: justify;\"><span style=\"color: #000000;\">L\u2019activitat educativa a l\u2019Escola Piaget t\u00e9\u00a0els seg\u00fcents <strong>objectius<\/strong>:<\/span><\/p>\n<ul>\n<li class=\"paragraph_style_6\" style=\"text-align: justify;\">Buscar el <strong>desenvolupament de la personalitat<\/strong> mitjan\u00e7ant una formaci\u00f3 humana integral, que fomenti el respecte als principis democr\u00e0tics, als drets i les llibertats fonamentals, i\u00a0a la conviv\u00e8ncia entre iguals.<\/li>\n<li class=\"paragraph_style_6\" style=\"text-align: justify;\">L\u2019Escola ha de tenir en compte en el proc\u00e9s educatiu\u00a0la potenciaci\u00f3 de la <strong>realitzaci\u00f3 personal<\/strong> dels i de les alumnes en tots els aspectes.\u00a0Afavorir la seva contribuci\u00f3 a la realitzaci\u00f3 d\u2019una societat millor.<\/li>\n<li class=\"paragraph_style_6\" style=\"text-align: justify;\">L\u2019Escola ha de<strong> ser sensible<\/strong> a\u00a0tots els aspectes de la personalitat dels\u00a0i de les\u00a0alumnes.<\/li>\n<li class=\"paragraph_style_6\" style=\"text-align: justify;\">L\u2019Escola ha d\u2019ajudar a <strong>desenvolupar l\u2019esperit cr\u00edtic<\/strong> davant de la realitat plural que ens envolta. Volem fomentar que l\u2019alumnat tingui opini\u00f3 pr\u00f2pia i col.labori en la construcci\u00f3 d\u2019una societat millor.<\/li>\n<li class=\"paragraph_style_6\" style=\"text-align: justify;\">L&#8217;Escola ha de fomentar la <strong>toler\u00e0ncia i el respecte envers la diversitat i les diferents visions del m\u00f3n<\/strong> que ens envolta.<\/li>\n<li class=\"paragraph_style_6\" style=\"text-align: justify;\">Els valors, les actituds i els h\u00e0bits que afavoreixen aquest proc\u00e9s s\u00f3n: <strong>llibertat, responsabilitat, solidaritat, just\u00edcia, disciplina, toler\u00e0ncia, capacitat de comunicaci\u00f3, flexibilitat, compressi\u00f3, espontane\u00eftat, sinceritat, esperit cr\u00edtic, treball, escala de valors, cohesi\u00f3 social, empatia, autoestima, toler\u00e0ncia &#8230;<\/strong><\/li>\n<li class=\"paragraph_style_6\" style=\"text-align: justify;\">Adquirir <strong>h\u00e0bits intel.lectuals i de treball<\/strong> i capacitaci\u00f3 per exercir activitats professionals.<\/li>\n<li class=\"paragraph_style_6\" style=\"text-align: justify;\"><strong>Orientar pedag\u00f2gicament i professionalment<\/strong> els i les\u00a0alumnes al llarg de la seva estada al Centre i, de manera especial, en finalitzar l\u2019escolaritzaci\u00f3 obligat\u00f2ria.<\/li>\n<li class=\"paragraph_style_6\" style=\"text-align: justify;\">L\u2019Escola vol ser un <strong>element dinamitzador de la societat<\/strong> que l\u2019envolta aportant a la comunitat nous elements de promoci\u00f3.<\/li>\n<li class=\"paragraph_style_6\" style=\"text-align: justify;\">L\u2019Escola s&#8217;imposa\u00a0com a obligaci\u00f3 <strong>defensar sempre els drets dels i de les alumnes<\/strong> en totes les seves dimensions: intel.lectual, moral, f\u00edsica, ps\u00edquica, social, cultural, etc.<\/li>\n<li class=\"paragraph_style_6\" style=\"text-align: justify;\">L\u2019Escola es proposa que <strong>tota la comunitat educativa<\/strong> (professorat, pares, mares, personal de serveis i alumnes) <strong>participi<\/strong>\u00a0de les tasques de control i gesti\u00f3 del mateix.<\/li>\n<li class=\"paragraph_style_6\" style=\"text-align: justify;\"><strong>L\u2019Escola ha de potenciar els valors, els h\u00e0bits i les actituds abans esmentades a partir de la pr\u00e0ctica educativa i de la pr\u00f2pia organitzaci\u00f3, utilitzant tots els mitjans personals i materials al seu abast.<\/strong><\/li>\n<\/ul>\n<p>L\u2019Escola, tant en la seva organitzaci\u00f3 com en la seva programaci\u00f3, tindr\u00e0\u00a0en compte els aspectes de:<\/p>\n<ol>\n<li>Educaci\u00f3 per al pensament.<\/li>\n<li>Educaci\u00f3 per a la ciutadania.<\/li>\n<li>Educaci\u00f3 per al respecte<\/li>\n<li>Educaci\u00f3 per\u00a0a\u00a0la solidaritat<\/li>\n<li>Educaci\u00f3 dels sentiments<\/li>\n<li>Educaci\u00f3 per al lleure<\/li>\n<li>Educaci\u00f3 per a la salut<\/li>\n<li>Educaci\u00f3 per al coneixement del propi cos.<\/li>\n<li>Educaci\u00f3 mediambiental<\/li>\n<li>Educaci\u00f3 per al civisme<\/li>\n<li>Educaci\u00f3 per al bon \u00fas de les tecnologies<\/li>\n<li>Educaci\u00f3 per al consum responsable<\/li>\n<li>Educaci\u00f3 moral i per a la pau<\/li>\n<li>Educaci\u00f3 per a la sensibilitat musical i art\u00edstica<\/li>\n<li>Educaci\u00f3 per a la coeducaci\u00f3, la igualtat i la no-discriminaci\u00f3 entre\u00a0sexes<\/li>\n<li>Educaci\u00f3 en valors<\/li>\n<li>Educaci\u00f3 en el compartir<\/li>\n<li>Educaci\u00f3 per al coneixement del medi<\/li>\n<li>Educaci\u00f3 per al respecte i l&#8217;estima a la cultura, costums i tradicions propis<\/li>\n<li>Educaci\u00f3 per al coneixement de les realitats geogr\u00e0fica, hist\u00f2rica, econ\u00f2mica, social&#8230; del territori<\/li>\n<li>Educaci\u00f3 per a assolir l&#8217;\u00e8xit professional<\/li>\n<\/ol>\n","protected":false},"excerpt":{"rendered":"<p>El Projecte Educatiu de l\u2019Escola Piaget, parteix d\u2019un ensenyament personalitzat que vol fomentar\u00a0la responsabilitat personal i comunit\u00e0ria i el respecte a l\u2019entorn, que vol afavorir\u00a0els valors democr\u00e0tics de conviv\u00e8ncia i pluralisme i permetre adquirir una consci\u00e8ncia \u00e8tica i c\u00edvica que ajudi els\/les alumnes a desenvolupar-se&hellip;  <a href=\"https:\/\/agora.xtec.cat\/escola-piaget\/projecte-educatiu\/\" title=\"Read Projecte educatiu\">Llegeix m\u00e9s\u00bb<\/a><\/p>\n","protected":false},"author":1,"featured_media":0,"parent":0,"menu_order":2,"comment_status":"closed","ping_status":"closed","template":"page-templates\/side-menu.php","meta":{"_bbp_topic_count":0,"_bbp_reply_count":0,"_bbp_total_topic_count":0,"_bbp_total_reply_count":0,"_bbp_voice_count":0,"_bbp_anonymous_reply_count":0,"_bbp_topic_count_hidden":0,"_bbp_reply_count_hidden":0,"_bbp_forum_subforum_count":0,"footnotes":""},"class_list":["post-57","page","type-page","status-publish","hentry"],"post_mailing_queue_ids":[],"_links":{"self":[{"href":"https:\/\/agora.xtec.cat\/escola-piaget\/wp-json\/wp\/v2\/pages\/57","targetHints":{"allow":["GET"]}}],"collection":[{"href":"https:\/\/agora.xtec.cat\/escola-piaget\/wp-json\/wp\/v2\/pages"}],"about":[{"href":"https:\/\/agora.xtec.cat\/escola-piaget\/wp-json\/wp\/v2\/types\/page"}],"author":[{"embeddable":true,"href":"https:\/\/agora.xtec.cat\/escola-piaget\/wp-json\/wp\/v2\/users\/1"}],"replies":[{"embeddable":true,"href":"https:\/\/agora.xtec.cat\/escola-piaget\/wp-json\/wp\/v2\/comments?post=57"}],"version-history":[{"count":3,"href":"https:\/\/agora.xtec.cat\/escola-piaget\/wp-json\/wp\/v2\/pages\/57\/revisions"}],"predecessor-version":[{"id":390,"href":"https:\/\/agora.xtec.cat\/escola-piaget\/wp-json\/wp\/v2\/pages\/57\/revisions\/390"}],"wp:attachment":[{"href":"https:\/\/agora.xtec.cat\/escola-piaget\/wp-json\/wp\/v2\/media?parent=57"}],"curies":[{"name":"wp","href":"https:\/\/api.w.org\/{rel}","templated":true}]}}