{"id":84,"date":"2014-09-18T14:11:31","date_gmt":"2014-09-18T13:11:31","guid":{"rendered":"http:\/\/agora.xtec.cat\/escola-norai-montgat\/?page_id=84"},"modified":"2026-01-18T19:44:11","modified_gmt":"2026-01-18T18:44:11","slug":"activitats-extraescolars","status":"publish","type":"page","link":"https:\/\/agora.xtec.cat\/escola-norai-montgat\/pagines-dinici\/serveis\/activitats-extraescolars\/","title":{"rendered":"Acollides i activitats"},"content":{"rendered":"<h3><a href=\"https:\/\/afanorai.com\/\">p\u00e0gina web de l&#8217;associaci\u00f3 de fam\u00edlies d&#8217;alumnes<\/a><\/h3>\n<h6>L&#8217;escola recomana que els infants de 3 anys no duguin a terme activitats extraescolars a L&#8217;escola, fora de l&#8217;acollida de mat\u00ed<\/h6>\n<p>Correu acollides: <a href=\"mailto:acollidanorai@gmail.com\">acollidanorai@gmail.com<\/a><br \/>\nCorreu activitats extraescolars: <a href=\"mailto:extraescolarsnorai@gmail.com\">extraescolarsnorai@gmail.com<\/a><\/p>\n<div><\/div>\n<div><\/div>\n","protected":false},"excerpt":{"rendered":"<p><a href=\"https:\/\/afanorai.com\/\">p\u00e0gina web de l&#8217;associaci\u00f3 de fam\u00edlies d&#8217;alumnes<\/a><br \/>\nL&#8217;escola recomana que els infants de 3 anys no duguin a terme activitats extraescolars a L&#8217;escola, fora de l&#8217;acollida de mat\u00ed<br \/>\nCorreu acollides: <a href=\"mailto:acollidanorai@gmail.com\">acollidanorai@gmail.com<\/a><br \/>\nCorreu activitats extraescolars: <a href=\"mailto:extraescolarsnorai@gmail.com\">extraescolarsnorai@gmail.com<\/a><\/p>\n","protected":false},"author":1,"featured_media":0,"parent":66,"menu_order":53,"comment_status":"closed","ping_status":"closed","template":"page-templates\/side-menu.php","meta":{"_bbp_topic_count":0,"_bbp_reply_count":0,"_bbp_total_topic_count":0,"_bbp_total_reply_count":0,"_bbp_voice_count":0,"_bbp_anonymous_reply_count":0,"_bbp_topic_count_hidden":0,"_bbp_reply_count_hidden":0,"_bbp_forum_subforum_count":0,"footnotes":""},"class_list":["post-84","page","type-page","status-publish","hentry"],"post_mailing_queue_ids":[],"_links":{"self":[{"href":"https:\/\/agora.xtec.cat\/escola-norai-montgat\/wp-json\/wp\/v2\/pages\/84","targetHints":{"allow":["GET"]}}],"collection":[{"href":"https:\/\/agora.xtec.cat\/escola-norai-montgat\/wp-json\/wp\/v2\/pages"}],"about":[{"href":"https:\/\/agora.xtec.cat\/escola-norai-montgat\/wp-json\/wp\/v2\/types\/page"}],"author":[{"embeddable":true,"href":"https:\/\/agora.xtec.cat\/escola-norai-montgat\/wp-json\/wp\/v2\/users\/1"}],"replies":[{"embeddable":true,"href":"https:\/\/agora.xtec.cat\/escola-norai-montgat\/wp-json\/wp\/v2\/comments?post=84"}],"version-history":[{"count":5,"href":"https:\/\/agora.xtec.cat\/escola-norai-montgat\/wp-json\/wp\/v2\/pages\/84\/revisions"}],"predecessor-version":[{"id":3099,"href":"https:\/\/agora.xtec.cat\/escola-norai-montgat\/wp-json\/wp\/v2\/pages\/84\/revisions\/3099"}],"up":[{"embeddable":true,"href":"https:\/\/agora.xtec.cat\/escola-norai-montgat\/wp-json\/wp\/v2\/pages\/66"}],"wp:attachment":[{"href":"https:\/\/agora.xtec.cat\/escola-norai-montgat\/wp-json\/wp\/v2\/media?parent=84"}],"curies":[{"name":"wp","href":"https:\/\/api.w.org\/{rel}","templated":true}]}}